000
CDCA42 TJSJ 250428
CLIISX


CLIMATE REPORT
NATIONAL WEATHER SERVICE SAN JUAN, PR
1226 AM AST FRI JUL 25 2014


...................................

...THE HENRY E. ROHLSEN AIRPORT/USVI CLIMATE SUMMARY FOR JULY 24 2014...

CLIMATE NORMAL PERIOD 1981 TO 2010
CLIMATE RECORD PERIOD 1951 TO 2014


WEATHER ITEM   OBSERVED TIME   RECORD YEAR NORMAL DEPARTURE LAST
                VALUE   (LST)  VALUE       VALUE  FROM      YEAR
                                                  NORMAL
..................................................................
TEMPERATURE (F)
 YESTERDAY
  MAXIMUM         92R   152 PM  92    1989  89      3       89
  MINIMUM         80    558 AM  69    1983  79      1       77
  AVERAGE         86                        84      2       83

PRECIPITATION (IN)
  YESTERDAY        0.00          1.74 1983   0.10  -0.10     0.00
  MONTH TO DATE    0.90                      2.27  -1.37     1.03
  SINCE JUN 1      1.37                      4.58  -3.21     5.93
  SINCE JAN 1     14.53                     16.21  -1.68    16.42

SNOWFALL (IN)
  YESTERDAY        0.0
  MONTH TO DATE    0.0
  SINCE JUN 1      0.0
  SINCE JUL 1      0.0

DEGREE DAYS
 HEATING
  YESTERDAY        0                         0      0        0
  MONTH TO DATE    0                         0      0        0
  SINCE JUN 1      0                         0      0        0
  SINCE JUL 1      0                         0      0        0

 COOLING
  YESTERDAY       21                        19      2       18
  MONTH TO DATE  469                       456     13      449
  SINCE JUN 1   1040                       996     44      878
  SINCE JAN 1   3292                      3149    143     2937
..................................................................


WIND (MPH)
  RESULTANT WIND SPEED  15   RESULTANT WIND DIRECTION   E (80)
  HIGHEST WIND SPEED    29   HIGHEST WIND DIRECTION     E (90)
  HIGHEST GUST SPEED    36   HIGHEST GUST DIRECTION     E (90)
  AVERAGE WIND SPEED    15.4


SKY COVER
  POSSIBLE SUNSHINE  MM
  AVERAGE SKY COVER 0.5


WEATHER CONDITIONS
 THE FOLLOWING WEATHER WAS RECORDED YESTERDAY.
  NO SIGNIFICANT WEATHER WAS OBSERVED.


RELATIVE HUMIDITY (PERCENT)
 HIGHEST    79
 LOWEST     49
 AVERAGE    64

..........................................................


THE HENRY E. ROHLSEN AIRPORT/USVI CLIMATE NORMALS FOR TODAY
                         NORMAL    RECORD    YEAR
 MAXIMUM TEMPERATURE (F)   89        92      1995
 MINIMUM TEMPERATURE (F)   79        72      1999


SUNRISE AND SUNSET
JULY 25 2014..........SUNRISE   556 AM AST   SUNSET   655 PM AST
JULY 26 2014..........SUNRISE   556 AM AST   SUNSET   655 PM AST


-  INDICATES NEGATIVE NUMBERS.
R  INDICATES RECORD WAS SET OR TIED.
MM INDICATES DATA IS MISSING.
T  INDICATES TRACE AMOUNT.




$$
