000
CDHW43 PHFO 230236
CLIITO


CLIMATE REPORT
NATIONAL WEATHER SERVICE HONOLULU HI
435 PM HST MON JAN 22 2018


...................................

...THE HILO HI CLIMATE SUMMARY FOR JANUARY 22 2018...
VALID TODAY AS OF 0400 PM LOCAL TIME.

CLIMATE NORMAL PERIOD 1981 TO 2010
CLIMATE RECORD PERIOD 1946 TO 2018


WEATHER ITEM   OBSERVED TIME   RECORD YEAR NORMAL DEPARTURE LAST
                VALUE   (LST)  VALUE       VALUE  FROM      YEAR
                                                  NORMAL
..................................................................
TEMPERATURE (F)
 TODAY
  MAXIMUM         76    313 PM  86    1998  79     -3       74
  MINIMUM         68    630 AM  58    2013  64      4       68
  AVERAGE         72                        71      1       71

PRECIPITATION (IN)
  TODAY            0.83          3.52 1999   0.33   0.50     0.06
  MONTH TO DATE    3.70                      6.26  -2.56     1.87
  SINCE DEC 1     13.60                     17.83  -4.23    22.27
  SINCE JAN 1      3.70                      6.26  -2.56     1.87

SNOWFALL (IN)
  TODAY            0.0
  MONTH TO DATE    0.0
  SINCE DEC 1      0.0
  SINCE JUL 1      0.0
  SNOW DEPTH      MM

DEGREE DAYS
 HEATING
  TODAY            0                         0      0        0
  MONTH TO DATE    0                         0      0        0
  SINCE DEC 1      0                         0      0        0
  SINCE JUL 1      0                         0      0        0

 COOLING
  TODAY            7                         6      1        6
  MONTH TO DATE  181                       143     38      150
  SINCE DEC 1    381                       368     13      380
  SINCE JAN 1    181                       143     38      150
..................................................................


WIND (MPH)
  HIGHEST WIND SPEED    13   HIGHEST WIND DIRECTION     S (170)
  HIGHEST GUST SPEED    20   HIGHEST GUST DIRECTION    SE (120)
  AVERAGE WIND SPEED    MM


SKY COVER
  POSSIBLE SUNSHINE  MM
  AVERAGE SKY COVER  MM


WEATHER CONDITIONS
 THE FOLLOWING WEATHER WAS RECORDED TODAY.
  FOG
  HAZE


RELATIVE HUMIDITY (PERCENT)
 HIGHEST    MM
 LOWEST     MM
 AVERAGE    MM

..........................................................


THE HILO HI CLIMATE NORMALS FOR TOMORROW
                         NORMAL    RECORD    YEAR
 MAXIMUM TEMPERATURE (F)   79        87      1983
 MINIMUM TEMPERATURE (F)   64        54      1969
                                             1963


SUNRISE AND SUNSET
JANUARY 22 2018.......SUNRISE   657 AM HST   SUNSET   607 PM HST
JANUARY 23 2018.......SUNRISE   657 AM HST   SUNSET   607 PM HST


-  INDICATES NEGATIVE NUMBERS.
R  INDICATES RECORD WAS SET OR TIED.
MM INDICATES DATA IS MISSING.
T  INDICATES TRACE AMOUNT.




$$
