000
CDHW43 PHFO 091245
CLIITO


CLIMATE REPORT
NATIONAL WEATHER SERVICE HONOLULU HI
245 AM HST FRI DEC 9 2016


...................................

...THE HILO HI CLIMATE SUMMARY FOR DECEMBER 8 2016...

CLIMATE NORMAL PERIOD 1981 TO 2010
CLIMATE RECORD PERIOD 1946 TO 2016


WEATHER ITEM   OBSERVED TIME   RECORD YEAR NORMAL DEPARTURE LAST
                VALUE   (LST)  VALUE       VALUE  FROM      YEAR
                                                  NORMAL
..................................................................
TEMPERATURE (F)
 YESTERDAY
  MAXIMUM         80    234 PM  87    1995  80      0       85
  MINIMUM         69   1156 PM  57    1958  66      3       67
  AVERAGE         75                        73      2       76

PRECIPITATION (IN)
  YESTERDAY        0.00          4.97 1954   0.40  -0.40     0.02
  MONTH TO DATE   11.94                      3.24   8.70     0.39
  SINCE DEC 1     11.94                      3.24   8.70     0.39
  SINCE JAN 1    119.94                    118.39   1.55   131.42

SNOWFALL (IN)
  YESTERDAY        0.0
  MONTH TO DATE    0.0
  SINCE DEC 1      0.0
  SINCE JUL 1      0.0
  SNOW DEPTH       0

DEGREE DAYS
 HEATING
  YESTERDAY        0                         0      0        0
  MONTH TO DATE    0                         0      0        0
  SINCE DEC 1      0                         0      0        0
  SINCE JUL 1      0                         0      0        0

 COOLING
  YESTERDAY       10                         8      2       11
  MONTH TO DATE   60                        64     -4       86
  SINCE DEC 1     60                        64     -4       86
  SINCE JAN 1   3821                      3071    750     3756
..................................................................


WIND (MPH)
  HIGHEST WIND SPEED    16   HIGHEST WIND DIRECTION    SE (130)
  HIGHEST GUST SPEED    20   HIGHEST GUST DIRECTION    SE (130)
  AVERAGE WIND SPEED     5.7


SKY COVER
  POSSIBLE SUNSHINE  MM
  AVERAGE SKY COVER 0.6


WEATHER CONDITIONS
 THE FOLLOWING WEATHER WAS RECORDED YESTERDAY.
  NO SIGNIFICANT WEATHER WAS OBSERVED.


RELATIVE HUMIDITY (PERCENT)
 HIGHEST    90           100 AM
 LOWEST     67           100 PM
 AVERAGE    79

..........................................................


THE HILO HI CLIMATE NORMALS FOR TODAY
                         NORMAL    RECORD    YEAR
 MAXIMUM TEMPERATURE (F)   80        88      1977
 MINIMUM TEMPERATURE (F)   66        58      1960


SUNRISE AND SUNSET
DECEMBER  9 2016......SUNRISE   644 AM HST   SUNSET   542 PM HST
DECEMBER 10 2016......SUNRISE   644 AM HST   SUNSET   542 PM HST


-  INDICATES NEGATIVE NUMBERS.
R  INDICATES RECORD WAS SET OR TIED.
MM INDICATES DATA IS MISSING.
T  INDICATES TRACE AMOUNT.




$$
