000
CDHW43 PHFO 231245
CLIITO


CLIMATE REPORT
NATIONAL WEATHER SERVICE HONOLULU HI
245 AM HST WED JUL 23 2014


...................................

...THE HILO HI CLIMATE SUMMARY FOR JULY 22 2014...

CLIMATE NORMAL PERIOD 1981 TO 2010
CLIMATE RECORD PERIOD 1946 TO 2014


WEATHER ITEM   OBSERVED TIME   RECORD YEAR NORMAL DEPARTURE LAST
                VALUE   (LST)  VALUE       VALUE  FROM      YEAR
                                                  NORMAL
..................................................................
TEMPERATURE (F)
 YESTERDAY
  MAXIMUM         84   1012 AM  88    1986  83      1       85
  MINIMUM         72    603 AM  65    2012  70      2       73
                                      1955
  AVERAGE         78                        76      2       79

PRECIPITATION (IN)
  YESTERDAY        0.11          3.11 1989   0.37  -0.26     0.14
  MONTH TO DATE   15.14                      7.46   7.68     3.10
  SINCE JUN 1     21.71                     14.83   6.88     7.61
  SINCE JAN 1     69.45                     66.74   2.71    54.65

SNOWFALL (IN)
  YESTERDAY        0.0
  MONTH TO DATE    0.0
  SINCE JUN 1      0.0
  SINCE JUL 1      0.0
  SNOW DEPTH       0

DEGREE DAYS
 HEATING
  YESTERDAY        0                         0      0        0
  MONTH TO DATE    0                         0      0        0
  SINCE JUN 1      0                         0      0        0
  SINCE JUL 1      0                         0      0        0

 COOLING
  YESTERDAY       13                        11      2       14
  MONTH TO DATE  227                       242    -15      264
  SINCE JUN 1    493                       548    -55      585
  SINCE JAN 1   1749                      1616    133     1738
..................................................................


WIND (MPH)
  HIGHEST WIND SPEED    16   HIGHEST WIND DIRECTION     E (70)
  HIGHEST GUST SPEED    21   HIGHEST GUST DIRECTION     E (70)
  AVERAGE WIND SPEED     6.0


SKY COVER
  POSSIBLE SUNSHINE  MM
  AVERAGE SKY COVER 0.8


WEATHER CONDITIONS
 THE FOLLOWING WEATHER WAS RECORDED YESTERDAY.
  RAIN
  LIGHT RAIN
  FOG


RELATIVE HUMIDITY (PERCENT)
 HIGHEST    94           900 PM
 LOWEST     74          1000 AM
 AVERAGE    84

..........................................................


THE HILO HI CLIMATE NORMALS FOR TODAY
                         NORMAL    RECORD    YEAR
 MAXIMUM TEMPERATURE (F)   83        90      2004
 MINIMUM TEMPERATURE (F)   70        64      1991
                                             1959


SUNRISE AND SUNSET
JULY 23 2014..........SUNRISE   553 AM HST   SUNSET   700 PM HST
JULY 24 2014..........SUNRISE   553 AM HST   SUNSET   700 PM HST


-  INDICATES NEGATIVE NUMBERS.
R  INDICATES RECORD WAS SET OR TIED.
MM INDICATES DATA IS MISSING.
T  INDICATES TRACE AMOUNT.




$$
