000
CDUS43 KGLD 240129
CLIITR

CLIMATE REPORT
NATIONAL WEATHER SERVICE GOODLAND
713 PM MDT WED AUG 23 2017
...................................

...THE BURLINGTON CO CLIMATE SUMMARY FOR AUGUST 23 2017...
VALID TODAY AS OF 0600 PM LOCAL TIME.

CLIMATE NORMAL PERIOD 1981 TO 2010
CLIMATE RECORD PERIOD 1896 TO 2017

WEATHER ITEM   OBSERVED TIME   RECORD YEAR NORMAL DEPARTURE LAST
                VALUE   (LST)  VALUE       VALUE  FROM      YEAR
                                                  NORMAL
..................................................................
TEMPERATURE (F)
 TODAY
  MAXIMUM         87    316 PM 107    1919  85      2       95
  MINIMUM         55    336 AM  47    2015  57     -2       57
  AVERAGE         71                        71      0       76

PRECIPITATION (IN)
  TODAY            0.00                      0.07  -0.07     0.00
  MONTH TO DATE    3.67                      1.81   1.86     0.36
  SINCE JUN 1     11.96                      7.82   4.14     6.52
  SINCE JAN 1     23.30                     13.55   9.75    14.76

..................................................................

THE BURLINGTON CO CLIMATE NORMALS FOR TOMORROW
                         NORMAL    RECORD    YEAR
 MAXIMUM TEMPERATURE (F)   85        99      1943
 MINIMUM TEMPERATURE (F)   57        43      1928

-  INDICATES NEGATIVE NUMBERS.
R  INDICATES RECORD WAS SET OR TIED.
MM INDICATES DATA IS MISSING.
T  INDICATES TRACE AMOUNT.

$$
