000
CDUS43 KGLD 290044 RRA
CLIITR

CLIMATE REPORT
NATIONAL WEATHER SERVICE GOODLAND
642 PM MDT WED JUN 28 2017

...................................

...THE BURLINGTON CO CLIMATE SUMMARY FOR JUNE 28 2017...
VALID TODAY AS OF 0600 PM LOCAL TIME.

CLIMATE NORMAL PERIOD 1981 TO 2010
CLIMATE RECORD PERIOD 1896 TO 2017


WEATHER ITEM   OBSERVED TIME   RECORD YEAR NORMAL DEPARTURE LAST
                VALUE   (LST)  VALUE       VALUE  FROM      YEAR
                                                  NORMAL
..................................................................
TEMPERATURE (F)
 TODAY
  MAXIMUM         91    206 PM 107    1963  86      5       87
  MINIMUM         52    429 AM  48    1945  58     -6       60
  AVERAGE         72                        72      0       74

PRECIPITATION (IN)
  TODAY            0.00                      0.09  -0.09     0.50
  MONTH TO DATE    3.24                      2.70   0.54     2.54
  SINCE JUN 1      3.24                      2.70   0.54     2.54
  SINCE JAN 1     14.58                      8.43   6.15    10.78

..................................................................


THE BURLINGTON CO CLIMATE NORMALS FOR TOMORROW
                         NORMAL    RECORD    YEAR
 MAXIMUM TEMPERATURE (F)   87       105      1963
 MINIMUM TEMPERATURE (F)   58        45      2008
                                             1959



-  INDICATES NEGATIVE NUMBERS.
R  INDICATES RECORD WAS SET OR TIED.
MM INDICATES DATA IS MISSING.
T  INDICATES TRACE AMOUNT.

$$
