000
CDUS44 KJAN 220652
CLIJAN


CLIMATE REPORT
NATIONAL WEATHER SERVICE JACKSON MS
150 AM CDT FRI AUG 22 2014


...................................

...THE JACKSON CLIMATE SUMMARY FOR AUGUST 21 2014...

CLIMATE NORMAL PERIOD 1981 TO 2010
CLIMATE RECORD PERIOD 1896 TO 2014


WEATHER ITEM   OBSERVED TIME   RECORD YEAR NORMAL DEPARTURE LAST
                VALUE   (LST)  VALUE       VALUE  FROM      YEAR
                                                  NORMAL
..................................................................
TEMPERATURE (F)
 YESTERDAY
  MAXIMUM         96    248 PM 103    2000  92      4       89
  MINIMUM         73    605 AM  55    1991  71      2       73
  AVERAGE         85                        81      4       81

PRECIPITATION (IN)
  YESTERDAY        0.25          2.15 2008   0.12   0.13     0.00
  MONTH TO DATE    3.15                      3.09   0.06     1.81
  SINCE JUN 1     11.72                     12.02  -0.30     9.45
  SINCE JAN 1     43.32                     36.13   7.19    42.51

SNOWFALL (IN)
  YESTERDAY        0.0           0.0  2002   0.0    0.0      0.0
                                      2001
  MONTH TO DATE    0.0                       0.0    0.0      0.0
  SINCE JUN 1      0.0                       0.0    0.0      0.0
  SINCE JUL 1      0.0                       0.0    0.0      0.0

DEGREE DAYS
 HEATING
  YESTERDAY        0                         0      0        0
  MONTH TO DATE    0                         0      0        0
  SINCE JUN 1      0                         0      0        0
  SINCE JUL 1      0                         0      0        0

 COOLING
  YESTERDAY       20                        16      4       16
  MONTH TO DATE  342                       351     -9      372
  SINCE JUN 1   1225                      1288    -63     1295
  SINCE JAN 1   1556                      1646    -90     1613
..................................................................


WIND (MPH)
  HIGHEST WIND SPEED    15   HIGHEST WIND DIRECTION     S (160)
  HIGHEST GUST SPEED    21   HIGHEST GUST DIRECTION     S (160)
  AVERAGE WIND SPEED     2.9


SKY COVER
  POSSIBLE SUNSHINE  MM
  AVERAGE SKY COVER 0.4


WEATHER CONDITIONS
 THE FOLLOWING WEATHER WAS RECORDED YESTERDAY.
  THUNDERSTORM
  HEAVY RAIN
  LIGHT RAIN
  FOG


RELATIVE HUMIDITY (PERCENT)
 HIGHEST    94          1000 PM
 LOWEST     43           300 PM
 AVERAGE    69

..........................................................


THE JACKSON CLIMATE NORMALS FOR TODAY
                         NORMAL    RECORD    YEAR
 MAXIMUM TEMPERATURE (F)   92       101      2007
                                             1990
                                             1924
 MINIMUM TEMPERATURE (F)   71        55      1956


SUNRISE AND SUNSET
AUGUST 22 2014........SUNRISE   629 AM CDT   SUNSET   737 PM CDT
AUGUST 23 2014........SUNRISE   630 AM CDT   SUNSET   736 PM CDT


-  INDICATES NEGATIVE NUMBERS.
R  INDICATES RECORD WAS SET OR TIED.
MM INDICATES DATA IS MISSING.
T  INDICATES TRACE AMOUNT.

&&

AT 2 AM:

THE PEARL RIVER STAGE AT JACKSON WAS 4.2 FEET. THE RIVER HAS RISEN 0.4
FEET OVER THE LAST 24 HOURS.

THE MISSISSIPPI RIVER STAGE AT VICKSBURG WAS 12.3 FEET. THE RIVER
HAS RISEN 0.4 FEET OVER THE LAST 24 HOURS.



$$
