000
CDUS44 KJAN 252115
CLIJAN


CLIMATE REPORT
NATIONAL WEATHER SERVICE JACKSON MS
411 PM CDT SAT OCT 25 2014


...................................

...THE JACKSON CLIMATE SUMMARY FOR OCTOBER 25 2014...
VALID TODAY AS OF 0400 PM LOCAL TIME.

CLIMATE NORMAL PERIOD 1981 TO 2010
CLIMATE RECORD PERIOD 1896 TO 2014


WEATHER ITEM   OBSERVED TIME   RECORD YEAR NORMAL DEPARTURE LAST
                VALUE   (LST)  VALUE       VALUE  FROM      YEAR
                                                  NORMAL
..................................................................
TEMPERATURE (F)
 TODAY
  MAXIMUM         82    252 PM  92    1921  75      7       63
  MINIMUM         45    623 AM  31    1982  50     -5       41
                                      1965
                                      1909
  AVERAGE         64                        62      2       52

PRECIPITATION (IN)
  TODAY            0.00          2.75 1981   0.13  -0.13     0.00
  MONTH TO DATE    2.98                      3.15  -0.17     0.51
  SINCE SEP 1      4.70                      6.18  -1.48     7.88
  SINCE JAN 1     48.38                     43.46   4.92    51.54

SNOWFALL (IN)
  TODAY            0.0           0.0  2002   0.0    0.0      0.0
                                      2001
  MONTH TO DATE    0.0                       0.0    0.0      0.0
  SINCE SEP 1      0.0                       0.0    0.0      0.0
  SINCE JUL 1      0.0                       0.0    0.0      0.0

DEGREE DAYS
 HEATING
  TODAY            1                         5     -4       13
  MONTH TO DATE   44                        67    -23       65
  SINCE SEP 1     44                        74    -30       65
  SINCE JUL 1     44                        74    -30       65

 COOLING
  TODAY            0                         2     -2        0
  MONTH TO DATE  136                        94     42      127
  SINCE SEP 1    535                       421    114      550
  SINCE JAN 1   2265                      2220     45     2314
..................................................................


WIND (MPH)
  HIGHEST WIND SPEED    10   HIGHEST WIND DIRECTION     W (290)
  HIGHEST GUST SPEED    14   HIGHEST GUST DIRECTION    NW (320)
  AVERAGE WIND SPEED     1.9


SKY COVER
  POSSIBLE SUNSHINE  MM
  AVERAGE SKY COVER 0.0


WEATHER CONDITIONS
 THE FOLLOWING WEATHER WAS RECORDED TODAY.
  FOG


RELATIVE HUMIDITY (PERCENT)
 HIGHEST    93          1200 AM
 LOWEST     47           200 PM
 AVERAGE    70

..........................................................


THE JACKSON CLIMATE NORMALS FOR TOMORROW
                         NORMAL    RECORD    YEAR
 MAXIMUM TEMPERATURE (F)   74        92      1927
 MINIMUM TEMPERATURE (F)   50        30      1955


SUNRISE AND SUNSET
OCTOBER 25 2014.......SUNRISE   712 AM CDT   SUNSET   617 PM CDT
OCTOBER 26 2014.......SUNRISE   712 AM CDT   SUNSET   616 PM CDT


-  INDICATES NEGATIVE NUMBERS.
R  INDICATES RECORD WAS SET OR TIED.
MM INDICATES DATA IS MISSING.
T  INDICATES TRACE AMOUNT.




$$
AT 4 PM:

THE PEARL RIVER STAGE AT JACKSON WAS 3.7 FEET. THE RIVER STAGE HAS
REMAINED STEADY OVER THE PAST 24 HOURS.

THE MISSISSIPPI RIVER STAGE AT VICKSBURG WAS 27.5 FEET. THE RIVER STAGE
HAS REMAINED STEADY OVER THE PAST 24 HOURS.

THE AIR QUALITY INDEX AT JACKSON WAS MODERATE.
