000
CDUS44 KJAN 280644
CLIJAN


CLIMATE REPORT
NATIONAL WEATHER SERVICE JACKSON MS
1242 AM CST TUE FEB 28 2017


...................................

...THE JACKSON CLIMATE SUMMARY FOR FEBRUARY 27 2017...

CLIMATE NORMAL PERIOD 1981 TO 2010
CLIMATE RECORD PERIOD 1896 TO 2017


WEATHER ITEM   OBSERVED TIME   RECORD YEAR NORMAL DEPARTURE LAST
                VALUE   (LST)  VALUE       VALUE  FROM      YEAR
                                                  NORMAL
..................................................................
TEMPERATURE (F)
 YESTERDAY
  MAXIMUM         64    414 PM  86    1918  64      0       66
  MINIMUM         54    839 AM  21    2014  41     13       30
                                      1934
  AVERAGE         59                        53      6       48

PRECIPITATION (IN)
  YESTERDAY        1.13          2.11 1913   0.17   0.96     0.00
  MONTH TO DATE    2.31                      4.60  -2.29     8.23
  SINCE DEC 1     15.95                     14.72   1.23    17.47
  SINCE JAN 1     10.21                      9.57   0.64    11.60

SNOWFALL (IN)
  YESTERDAY        0.0           T    1984   0.0    0.0      0.0
                                      1942
  MONTH TO DATE    0.0                       0.1   -0.1      0.0
  SINCE DEC 1      0.8                       0.7    0.1       T
  SINCE JUL 1      0.8                       0.7    0.1       T

DEGREE DAYS
 HEATING
  YESTERDAY        6                        13     -7       17
  MONTH TO DATE  190                       425   -235      350
  SINCE DEC 1    914                      1569   -655     1187
  SINCE JUL 1   1118                      1977   -859     1379

 COOLING
  YESTERDAY        0                         0      0        0
  MONTH TO DATE   27                         0     27        9
  SINCE DEC 1     80                        12     68       78
  SINCE JAN 1     50                         4     46        9
..................................................................


WIND (MPH)
  HIGHEST WIND SPEED    22   HIGHEST WIND DIRECTION     N (350)
  HIGHEST GUST SPEED    28   HIGHEST GUST DIRECTION     N (10)
  AVERAGE WIND SPEED     9.2


SKY COVER
  POSSIBLE SUNSHINE  MM
  AVERAGE SKY COVER 0.9


WEATHER CONDITIONS
 THE FOLLOWING WEATHER WAS RECORDED YESTERDAY.
  THUNDERSTORM
  HEAVY RAIN
  RAIN
  LIGHT RAIN
  FOG


RELATIVE HUMIDITY (PERCENT)
 HIGHEST    93           900 AM
 LOWEST     61          1200 AM
 AVERAGE    77

..........................................................


THE JACKSON CLIMATE NORMALS FOR TODAY
                         NORMAL    RECORD    YEAR
 MAXIMUM TEMPERATURE (F)   64        87      1918
 MINIMUM TEMPERATURE (F)   42        18      2002


SUNRISE AND SUNSET
FEBRUARY 28 2017......SUNRISE   629 AM CST   SUNSET   557 PM CST
MARCH  1 2017.........SUNRISE   627 AM CST   SUNSET   558 PM CST


-  INDICATES NEGATIVE NUMBERS.
R  INDICATES RECORD WAS SET OR TIED.
MM INDICATES DATA IS MISSING.
T  INDICATES TRACE AMOUNT.

&&

AT 12 AM:

THE PEARL RIVER STAGE AT JACKSON WAS 10.0 FEET. THE RIVER ROSE 4.5
FEET OVER THE PAST 24 HOURS.

THE MISSISSIPPI RIVER STAGE AT VICKSBURG WAS 19.4 FEET. THE RIVER
FELL 0.5 FEET OVER THE PAST 24 HOURS.


$$
