000
CDUS42 KJAX 170536
CLIJAX


CLIMATE REPORT
NATIONAL WEATHER SERVICE JACKSONVILLE FL
1235 AM EST WED DEC 17 2014


...................................

...THE JACKSONVILLE CLIMATE SUMMARY FOR DECEMBER 16 2014...

CLIMATE NORMAL PERIOD 1981 TO 2010
CLIMATE RECORD PERIOD 1871 TO 2014


WEATHER ITEM   OBSERVED TIME   RECORD YEAR NORMAL DEPARTURE LAST
                VALUE   (LST)  VALUE       VALUE  FROM      YEAR
                                                  NORMAL
..................................................................
TEMPERATURE (F)
 YESTERDAY
  MAXIMUM         76    308 PM  83    1956  66     10       60
  MINIMUM         34    515 AM  26    1968  44    -10       35
  AVERAGE         55                        55      0       48

PRECIPITATION (IN)
  YESTERDAY        0.00          1.86 2007   0.09  -0.09     0.00
  MONTH TO DATE    0.01                      1.40  -1.39     0.68
  SINCE DEC 1      0.01                      1.40  -1.39     0.68
  SINCE JAN 1     51.73                     50.99   0.74    45.04

SNOWFALL (IN)
  YESTERDAY        0.0           T    1901   0.0    0.0      0.0
  MONTH TO DATE    0.0                       0.0    0.0      0.0
  SINCE DEC 1      0.0                       0.0    0.0      0.0
  SINCE JUL 1      0.0                       0.0    0.0      0.0
  SNOW DEPTH       0

DEGREE DAYS
 HEATING
  YESTERDAY       10                        11     -1       17
  MONTH TO DATE  139                       147     -8       78
  SINCE DEC 1    139                       147     -8       78
  SINCE JUL 1    423                       320    103      234

 COOLING
  YESTERDAY        0                         1     -1        0
  MONTH TO DATE    7                        16     -9       29
  SINCE DEC 1      7                        16     -9       29
  SINCE JAN 1   2586                      2660    -74     2628
..................................................................


WIND (MPH)
  HIGHEST WIND SPEED    18   HIGHEST WIND DIRECTION    SW (240)
  HIGHEST GUST SPEED    25   HIGHEST GUST DIRECTION    SW (240)
  AVERAGE WIND SPEED     6.8


SKY COVER
  POSSIBLE SUNSHINE  MM
  AVERAGE SKY COVER 0.2


WEATHER CONDITIONS
 THE FOLLOWING WEATHER WAS RECORDED YESTERDAY.
  FOG


RELATIVE HUMIDITY (PERCENT)
 HIGHEST   100          1200 AM
 LOWEST     41           100 PM
 AVERAGE    71

..........................................................


THE JACKSONVILLE CLIMATE NORMALS FOR TODAY
                         NORMAL    RECORD    YEAR
 MAXIMUM TEMPERATURE (F)   66        81      1961
 MINIMUM TEMPERATURE (F)   44        26      1943


SUNRISE AND SUNSET
DECEMBER 17 2014......SUNRISE   717 AM EST   SUNSET   528 PM EST
DECEMBER 18 2014......SUNRISE   718 AM EST   SUNSET   529 PM EST


-  INDICATES NEGATIVE NUMBERS.
R  INDICATES RECORD WAS SET OR TIED.
MM INDICATES DATA IS MISSING.
T  INDICATES TRACE AMOUNT.




$$
