000
CDUS42 KJAX 260531
CLIJAX


CLIMATE REPORT
NATIONAL WEATHER SERVICE JACKSONVILLE FL
130 AM EDT TUE JUL 26 2016


...................................

...THE JACKSONVILLE CLIMATE SUMMARY FOR JULY 25 2016...

CLIMATE NORMAL PERIOD 1981 TO 2010
CLIMATE RECORD PERIOD 1871 TO 2016


WEATHER ITEM   OBSERVED TIME   RECORD YEAR NORMAL DEPARTURE LAST
                VALUE   (LST)  VALUE       VALUE  FROM      YEAR
                                                  NORMAL
..................................................................
TEMPERATURE (F)
 YESTERDAY
  MAXIMUM         95    142 PM 101    1875  92      3       87
  MINIMUM         70    600 AM  64    1977  73     -3       72
  AVERAGE         83                        83      0       80

PRECIPITATION (IN)
  YESTERDAY        0.00          2.14 1966   0.22  -0.22      T
                                      1957
  MONTH TO DATE    1.64                      5.32  -3.68     3.69
  SINCE JUN 1      4.73                     11.77  -7.04    10.01
  SINCE JAN 1     19.19                     27.33  -8.14    22.45

SNOWFALL (IN)
  YESTERDAY        0.0           0.0  2002   0.0    0.0      0.0
                                      2001
  MONTH TO DATE    0.0                       0.0    0.0      0.0
  SINCE JUN 1      0.0                       0.0    0.0      0.0
  SINCE JUL 1      0.0                       0.0    0.0      0.0
  SNOW DEPTH       0

DEGREE DAYS
 HEATING
  YESTERDAY        0                         0      0        0
  MONTH TO DATE    0                         0      0        0
  SINCE JUN 1      0                         0      0        0
  SINCE JUL 1      0                         0      0        0

 COOLING
  YESTERDAY       18                        18      0       15
  MONTH TO DATE  481                       432     49      452
  SINCE JUN 1    970                       881     89      931
  SINCE JAN 1   1547                      1365    182     1576
..................................................................


WIND (MPH)
  HIGHEST WIND SPEED    18   HIGHEST WIND DIRECTION    SE (120)
  HIGHEST GUST SPEED    24   HIGHEST GUST DIRECTION    SE (140)
  AVERAGE WIND SPEED     6.3


SKY COVER
  POSSIBLE SUNSHINE  MM
  AVERAGE SKY COVER 0.2


WEATHER CONDITIONS
 THE FOLLOWING WEATHER WAS RECORDED YESTERDAY.
  NO SIGNIFICANT WEATHER WAS OBSERVED.


RELATIVE HUMIDITY (PERCENT)
 HIGHEST   100           400 AM
 LOWEST     36          1200 PM
 AVERAGE    68

..........................................................


THE JACKSONVILLE CLIMATE NORMALS FOR TODAY
                         NORMAL    RECORD    YEAR
 MAXIMUM TEMPERATURE (F)   92       102      1872
 MINIMUM TEMPERATURE (F)   73        67      2000


SUNRISE AND SUNSET
JULY 26 2016..........SUNRISE   642 AM EDT   SUNSET   825 PM EDT
JULY 27 2016..........SUNRISE   642 AM EDT   SUNSET   824 PM EDT


-  INDICATES NEGATIVE NUMBERS.
R  INDICATES RECORD WAS SET OR TIED.
MM INDICATES DATA IS MISSING.
T  INDICATES TRACE AMOUNT.




$$
