000
CDUS42 KJAX 270531
CLIJAX


CLIMATE REPORT
NATIONAL WEATHER SERVICE JACKSONVILLE FL
1230 AM EST THU NOV 27 2014


...................................

...THE JACKSONVILLE CLIMATE SUMMARY FOR NOVEMBER 26 2014...

CLIMATE NORMAL PERIOD 1981 TO 2010
CLIMATE RECORD PERIOD 1871 TO 2014


WEATHER ITEM   OBSERVED TIME   RECORD YEAR NORMAL DEPARTURE LAST
                VALUE   (LST)  VALUE       VALUE  FROM      YEAR
                                                  NORMAL
..................................................................
TEMPERATURE (F)
 YESTERDAY
  MAXIMUM         63    302 PM  84    1946  71     -8       76
  MINIMUM         41   1159 PM  27    1950  48     -7       62
  AVERAGE         52                        60     -8       69

PRECIPITATION (IN)
  YESTERDAY        0.21          1.48 1982   0.06   0.15     1.47
  MONTH TO DATE    3.96                      1.80   2.16     2.78
  SINCE SEP 1     15.63                     13.92   1.71     7.94
  SINCE JAN 1     51.72                     49.28   2.44    44.30

SNOWFALL (IN)
  YESTERDAY        0.0           0.0  2001   0.0    0.0      0.0
  MONTH TO DATE    0.0                       0.0    0.0      0.0
  SINCE SEP 1      0.0                       0.0    0.0      0.0
  SINCE JUL 1      0.0                       0.0    0.0      0.0
  SNOW DEPTH       0

DEGREE DAYS
 HEATING
  YESTERDAY       13                         7      6        0
  MONTH TO DATE  207                       117     90       79
  SINCE SEP 1    228                       145     83      100
  SINCE JUL 1    228                       145     83      100

 COOLING
  YESTERDAY        0                         1     -1        4
  MONTH TO DATE   31                        55    -24       61
  SINCE SEP 1    591                       648    -57      670
  SINCE JAN 1   2579                      2638    -59     2599
..................................................................


WIND (MPH)
  HIGHEST WIND SPEED    20   HIGHEST WIND DIRECTION    NW (320)
  HIGHEST GUST SPEED    26   HIGHEST GUST DIRECTION    NW (300)
  AVERAGE WIND SPEED     9.2


SKY COVER
  POSSIBLE SUNSHINE  MM
  AVERAGE SKY COVER 0.3


WEATHER CONDITIONS
 THE FOLLOWING WEATHER WAS RECORDED YESTERDAY.
  HEAVY RAIN
  RAIN
  LIGHT RAIN
  FOG


RELATIVE HUMIDITY (PERCENT)
 HIGHEST   100           700 AM
 LOWEST     42           400 PM
 AVERAGE    71

..........................................................


THE JACKSONVILLE CLIMATE NORMALS FOR TODAY
                         NORMAL    RECORD    YEAR
 MAXIMUM TEMPERATURE (F)   71        83      1973
 MINIMUM TEMPERATURE (F)   48        30      1903


SUNRISE AND SUNSET
NOVEMBER 27 2014......SUNRISE   703 AM EST   SUNSET   526 PM EST
NOVEMBER 28 2014......SUNRISE   704 AM EST   SUNSET   526 PM EST


-  INDICATES NEGATIVE NUMBERS.
R  INDICATES RECORD WAS SET OR TIED.
MM INDICATES DATA IS MISSING.
T  INDICATES TRACE AMOUNT.




$$
