000
CDUS44 KMEG 260742
CLIJBR


CLIMATE REPORT
NATIONAL WEATHER SERVICE MEMPHIS TN
142 AM CST WED NOV 26 2014


...................................

...THE JONESBORO CLIMATE SUMMARY FOR NOVEMBER 25 2014...

CLIMATE NORMAL PERIOD 1981 TO 2010
CLIMATE RECORD PERIOD 1897 TO 2014


WEATHER ITEM   OBSERVED TIME   RECORD YEAR NORMAL DEPARTURE LAST
                VALUE   (LST)  VALUE       VALUE  FROM      YEAR
                                                  NORMAL
..................................................................
TEMPERATURE (F)
 YESTERDAY
  MAXIMUM         48    403 PM  77    1908  55     -7       33
  MINIMUM         30   1159 PM   9    1950  36     -6       31
  AVERAGE         39                        45     -6       32

PRECIPITATION (IN)
  YESTERDAY        0.00          2.35 1973   0.19  -0.19     0.13
  MONTH TO DATE    1.91                      3.97  -2.06     2.36
  SINCE SEP 1      7.70                     11.29  -3.59     8.50
  SINCE JAN 1     41.38                     42.40  -1.02    45.95

SNOWFALL (IN)
  YESTERDAY        0.0           T    2013   0.0    0.0       T
                                      2010
                                      1993
  MONTH TO DATE    0.5                       0.0    0.5       T
  SINCE SEP 1      0.5                       0.0    0.5       T
  SINCE JUL 1      0.5                       0.0    0.5       T
  SNOW DEPTH       0

DEGREE DAYS
 HEATING
  YESTERDAY       26                        20      6       33
  MONTH TO DATE  531                       360    171      424
  SINCE SEP 1    672                       547    125      593
  SINCE JUL 1    672                       547    125      593

 COOLING
  YESTERDAY        0                         0      0        0
  MONTH TO DATE    0                         1     -1        5
  SINCE SEP 1    338                       279     59      444
  SINCE JAN 1   1798                      1825    -27     2044
..................................................................


WIND (MPH)
  HIGHEST WIND SPEED    12   HIGHEST WIND DIRECTION    NW (320)
  HIGHEST GUST SPEED    17   HIGHEST GUST DIRECTION    NW (330)
  AVERAGE WIND SPEED     3.0


SKY COVER
  POSSIBLE SUNSHINE  MM
  AVERAGE SKY COVER 0.0


WEATHER CONDITIONS
 THE FOLLOWING WEATHER WAS RECORDED YESTERDAY.
  NO SIGNIFICANT WEATHER WAS OBSERVED.


RELATIVE HUMIDITY (PERCENT)
 HIGHEST    92          1000 PM
 LOWEST     39           400 PM
 AVERAGE    66

..........................................................


THE JONESBORO CLIMATE NORMALS FOR TODAY
                         NORMAL    RECORD    YEAR
 MAXIMUM TEMPERATURE (F)   54        90      2003
 MINIMUM TEMPERATURE (F)   36        18      1898


SUNRISE AND SUNSET
NOVEMBER 26 2014......SUNRISE   650 AM CST   SUNSET   450 PM CST
NOVEMBER 27 2014......SUNRISE   651 AM CST   SUNSET   450 PM CST


-  INDICATES NEGATIVE NUMBERS.
R  INDICATES RECORD WAS SET OR TIED.
MM INDICATES DATA IS MISSING.
T  INDICATES TRACE AMOUNT.




$$
