000
CDUS44 KMEG 212250
CLIJBR


CLIMATE REPORT
NATIONAL WEATHER SERVICE MEMPHIS TN
450 PM CST SAT JAN 21 2017


...................................

...THE JONESBORO CLIMATE SUMMARY FOR JANUARY 21 2017...
VALID TODAY AS OF 0400 PM LOCAL TIME.

CLIMATE NORMAL PERIOD 1981 TO 2010
CLIMATE RECORD PERIOD 1897 TO 2017


WEATHER ITEM   OBSERVED TIME   RECORD YEAR NORMAL DEPARTURE LAST
                VALUE   (LST)  VALUE       VALUE  FROM      YEAR
                                                  NORMAL
..................................................................
TEMPERATURE (F)
 TODAY
  MAXIMUM         69    210 PM  82    1906  46     23       30
  MINIMUM         50    326 AM  -3    1985  29     21       28
  AVERAGE         60                        37     23       29

PRECIPITATION (IN)
  TODAY            0.00          4.41 1937   0.09  -0.09     0.03
  MONTH TO DATE    3.41                      2.26   1.15     1.64
  SINCE DEC 1      7.87                      7.03   0.84     8.01
  SINCE JAN 1      3.41                      2.26   1.15     1.64

DEGREE DAYS
 HEATING
  TODAY            5                        28    -23       36
  MONTH TO DATE  460                       588   -128      617
  SINCE DEC 1   1195                      1380   -185     1121
  SINCE JUL 1   1544                      2030   -486     1630

 COOLING
  TODAY            0                         0      0        0
  MONTH TO DATE    0                         0      0        0
  SINCE DEC 1      0                         0      0        3
  SINCE JAN 1      0                         0      0        0
..................................................................


WIND (MPH)
  HIGHEST WIND SPEED    22   HIGHEST WIND DIRECTION     S (170)
  HIGHEST GUST SPEED    27   HIGHEST GUST DIRECTION     S (170)
  AVERAGE WIND SPEED     7.7


SKY COVER
  POSSIBLE SUNSHINE  MM
  AVERAGE SKY COVER 0.3


WEATHER CONDITIONS
 THE FOLLOWING WEATHER WAS RECORDED TODAY.
  NO SIGNIFICANT WEATHER WAS OBSERVED.


RELATIVE HUMIDITY (PERCENT)
 HIGHEST    96          1200 AM
 LOWEST     68          1200 PM
 AVERAGE    82

..........................................................


THE JONESBORO CLIMATE NORMALS FOR TOMORROW
                         NORMAL    RECORD    YEAR
 MAXIMUM TEMPERATURE (F)   46        71      1921
 MINIMUM TEMPERATURE (F)   29         0      1930


SUNRISE AND SUNSET
JANUARY 21 2017.......SUNRISE   710 AM CST   SUNSET   519 PM CST
JANUARY 22 2017.......SUNRISE   709 AM CST   SUNSET   520 PM CST


-  INDICATES NEGATIVE NUMBERS.
R  INDICATES RECORD WAS SET OR TIED.
MM INDICATES DATA IS MISSING.
T  INDICATES TRACE AMOUNT.




$$
