000
CDUS44 KMEG 100733
CLIJBR


CLIMATE REPORT
NATIONAL WEATHER SERVICE MEMPHIS TN
132 AM CST WED FEB 10 2016


...................................

...THE JONESBORO CLIMATE SUMMARY FOR FEBRUARY 9 2016...

CLIMATE NORMAL PERIOD 1981 TO 2010
CLIMATE RECORD PERIOD 1897 TO 2016


WEATHER ITEM   OBSERVED TIME   RECORD YEAR NORMAL DEPARTURE LAST
                VALUE   (LST)  VALUE       VALUE  FROM      YEAR
                                                  NORMAL
..................................................................
TEMPERATURE (F)
 YESTERDAY
  MAXIMUM         34    401 PM  75    1954  49    -15       55
  MINIMUM         25    908 PM  -2    1979  31     -6       35
  AVERAGE         30                        40    -10       45

PRECIPITATION (IN)
  YESTERDAY        0.00          3.03 1944   0.13  -0.13     0.00
  MONTH TO DATE    0.14                      1.17  -1.03     0.56
  SINCE DEC 1      8.31                      9.37  -1.06     4.85
  SINCE JAN 1      1.94                      4.60  -2.66     2.06

SNOWFALL (IN)
  YESTERDAY        0.0           4.3  1912   0.0    0.0      0.0
  MONTH TO DATE    0.0                       0.5   -0.5       T
  SINCE DEC 1      0.3                       3.3   -3.0       T
  SINCE JUL 1      0.3                       3.3   -3.0      0.3
  SNOW DEPTH       0

DEGREE DAYS
 HEATING
  YESTERDAY       35                        25     10       20
  MONTH TO DATE  205                       231    -26      227
  SINCE DEC 1   1563                      1877   -314     1792
  SINCE JUL 1   2072                      2527   -455     2551

 COOLING
  YESTERDAY        0                         0      0        0
  MONTH TO DATE    0                         0      0        0
  SINCE DEC 1      3                         0      3        0
  SINCE JAN 1      0                         0      0        0
..................................................................


WIND (MPH)
  HIGHEST WIND SPEED    24   HIGHEST WIND DIRECTION    NW (310)
  HIGHEST GUST SPEED    33   HIGHEST GUST DIRECTION    NW (300)
  AVERAGE WIND SPEED    11.1


SKY COVER
  POSSIBLE SUNSHINE  MM
  AVERAGE SKY COVER 0.5


WEATHER CONDITIONS
 THE FOLLOWING WEATHER WAS RECORDED YESTERDAY.
  NO SIGNIFICANT WEATHER WAS OBSERVED.


RELATIVE HUMIDITY (PERCENT)
 HIGHEST    59          1200 AM
 LOWEST     38           500 PM
 AVERAGE    49

..........................................................


THE JONESBORO CLIMATE NORMALS FOR TODAY
                         NORMAL    RECORD    YEAR
 MAXIMUM TEMPERATURE (F)   50        79      1938
                                             1932
 MINIMUM TEMPERATURE (F)   31         3      1979


SUNRISE AND SUNSET
FEBRUARY 10 2016......SUNRISE   655 AM CST   SUNSET   539 PM CST
FEBRUARY 11 2016......SUNRISE   654 AM CST   SUNSET   540 PM CST


-  INDICATES NEGATIVE NUMBERS.
R  INDICATES RECORD WAS SET OR TIED.
MM INDICATES DATA IS MISSING.
T  INDICATES TRACE AMOUNT.




$$
