000
CDUS44 KMEG 300638
CLIJBR


CLIMATE REPORT
NATIONAL WEATHER SERVICE MEMPHIS TN
137 AM CDT TUE MAY 30 2017


...................................

...THE JONESBORO CLIMATE SUMMARY FOR MAY 29 2017...

CLIMATE NORMAL PERIOD 1981 TO 2010
CLIMATE RECORD PERIOD 1897 TO 2017


WEATHER ITEM   OBSERVED TIME   RECORD YEAR NORMAL DEPARTURE LAST
                VALUE   (LST)  VALUE       VALUE  FROM      YEAR
                                                  NORMAL
..................................................................
TEMPERATURE (F)
 YESTERDAY
  MAXIMUM         89    106 PM 100    1926  84      5       86
  MINIMUM         61    529 AM  44    1997  62     -1       66
                                      1897
  AVERAGE         75                        73      2       76

PRECIPITATION (IN)
  YESTERDAY        0.00          3.63 1924   0.09  -0.09     0.00
  MONTH TO DATE    6.61                      4.43   2.18    10.77
  SINCE MAR 1     21.56                     13.95   7.61    28.45
  SINCE JAN 1     27.17                     21.10   6.07    32.38

DEGREE DAYS
 HEATING
  YESTERDAY        0                         0      0        0
  MONTH TO DATE   37                        35      2       28
  SINCE MAR 1    495                       694   -199      494
  SINCE JUL 1   2628                      3650  -1022     2983

 COOLING
  YESTERDAY       10                         8      2       11
  MONTH TO DATE  139                       147     -8      124
  SINCE MAR 1    209                       194     15      174
  SINCE JAN 1    213                       194     19      174
..................................................................


WIND (MPH)
  HIGHEST WIND SPEED    12   HIGHEST WIND DIRECTION     W (250)
  HIGHEST GUST SPEED    17   HIGHEST GUST DIRECTION    NW (300)
  AVERAGE WIND SPEED     4.1


SKY COVER
  POSSIBLE SUNSHINE  MM
  AVERAGE SKY COVER 0.0


WEATHER CONDITIONS
 THE FOLLOWING WEATHER WAS RECORDED YESTERDAY.
  NO SIGNIFICANT WEATHER WAS OBSERVED.


RELATIVE HUMIDITY (PERCENT)
 HIGHEST    97           500 AM
 LOWEST     29           100 PM
 AVERAGE    63

..........................................................


THE JONESBORO CLIMATE NORMALS FOR TODAY
                         NORMAL    RECORD    YEAR
 MAXIMUM TEMPERATURE (F)   85        99      1911
 MINIMUM TEMPERATURE (F)   62        45      1984


SUNRISE AND SUNSET
MAY 30 2017...........SUNRISE   548 AM CDT   SUNSET   812 PM CDT
MAY 31 2017...........SUNRISE   548 AM CDT   SUNSET   813 PM CDT


-  INDICATES NEGATIVE NUMBERS.
R  INDICATES RECORD WAS SET OR TIED.
MM INDICATES DATA IS MISSING.
T  INDICATES TRACE AMOUNT.




$$
