000
CDUS44 KMEG 252200
CLIJBR


CLIMATE REPORT
NATIONAL WEATHER SERVICE MEMPHIS TN
459 PM CDT THU AUG 25 2016


...................................

...THE JONESBORO CLIMATE SUMMARY FOR AUGUST 25 2016...
VALID TODAY AS OF 0400 PM LOCAL TIME.

CLIMATE NORMAL PERIOD 1981 TO 2010
CLIMATE RECORD PERIOD 1897 TO 2016


WEATHER ITEM   OBSERVED TIME   RECORD YEAR NORMAL DEPARTURE LAST
                VALUE   (LST)  VALUE       VALUE  FROM      YEAR
                                                  NORMAL
..................................................................
TEMPERATURE (F)
 TODAY
  MAXIMUM         93    327 PM 104    1943  89      4       82
  MINIMUM         73    542 AM  55    1917  69      4       58
  AVERAGE         83                        79      4       70

PRECIPITATION (IN)
  TODAY            T             1.25 1910   0.08  -0.08     0.00
  MONTH TO DATE    5.19                      2.03   3.16     5.62
  SINCE JUN 1      8.58                      9.32  -0.74    14.31
  SINCE JAN 1     41.01                     30.60  10.41    40.09

SNOWFALL (IN)
  TODAY            0.0

DEGREE DAYS
 HEATING
  TODAY            0                         0      0        0
  MONTH TO DATE    0                         0      0        0
  SINCE JUN 1      0                         1     -1        0
  SINCE JUL 1      0                         0      0        0

 COOLING
  TODAY           18                        14      4        5
  MONTH TO DATE  393                       382     11      287
  SINCE JUN 1   1446                      1256    190     1249
  SINCE JAN 1   1645                      1469    176     1424
..................................................................


WIND (MPH)
  HIGHEST WIND SPEED    12   HIGHEST WIND DIRECTION    SE (130)
  HIGHEST GUST SPEED    16   HIGHEST GUST DIRECTION     W (270)
  AVERAGE WIND SPEED     3.7


SKY COVER
  POSSIBLE SUNSHINE  MM
  AVERAGE SKY COVER 0.0


WEATHER CONDITIONS
 THE FOLLOWING WEATHER WAS RECORDED TODAY.
  NO SIGNIFICANT WEATHER WAS OBSERVED.


RELATIVE HUMIDITY (PERCENT)
 HIGHEST    94           300 AM
 LOWEST     52           300 PM
 AVERAGE    73

..........................................................


THE JONESBORO CLIMATE NORMALS FOR TOMORROW
                         NORMAL    RECORD    YEAR
 MAXIMUM TEMPERATURE (F)   89       104      1943
                                             1938
 MINIMUM TEMPERATURE (F)   68        49      1917


SUNRISE AND SUNSET
AUGUST 25 2016........SUNRISE   630 AM CDT   SUNSET   739 PM CDT
AUGUST 26 2016........SUNRISE   630 AM CDT   SUNSET   737 PM CDT


-  INDICATES NEGATIVE NUMBERS.
R  INDICATES RECORD WAS SET OR TIED.
MM INDICATES DATA IS MISSING.
T  INDICATES TRACE AMOUNT.




$$
