928
CDUS44 KMEG 290641
CLIJBR


CLIMATE REPORT
NATIONAL WEATHER SERVICE MEMPHIS TN
140 AM CDT FRI APR 29 2016


...................................

...THE JONESBORO CLIMATE SUMMARY FOR APRIL 28 2016...

CLIMATE NORMAL PERIOD 1981 TO 2010
CLIMATE RECORD PERIOD 1897 TO 2016


WEATHER ITEM   OBSERVED TIME   RECORD YEAR NORMAL DEPARTURE LAST
                VALUE   (LST)  VALUE       VALUE  FROM      YEAR
                                                  NORMAL
..................................................................
TEMPERATURE (F)
 YESTERDAY
  MAXIMUM         82    444 PM  94    1901  74      8       61
  MINIMUM         56    533 AM  36    1992  53      3       49
  AVERAGE         69                        64      5       55

PRECIPITATION (IN)
  YESTERDAY        0.00          2.39 2009   0.17  -0.17     0.00
  MONTH TO DATE    1.01                      4.61  -3.60     5.82
  SINCE MAR 1     14.23                      9.11   5.12    13.14
  SINCE JAN 1     18.16                     16.26   1.90    17.97

SNOWFALL (IN)
  YESTERDAY        0.0          MM      MM   0.0    0.0      0.0
  MONTH TO DATE    0.0                       0.0    0.0      0.0
  SINCE MAR 1      0.0                       0.7   -0.7      7.6
  SINCE JUL 1      0.3                       4.8   -4.5      9.4
  SNOW DEPTH       0

DEGREE DAYS
 HEATING
  YESTERDAY        0                         3     -3       10
  MONTH TO DATE  115                       190    -75      144
  SINCE MAR 1    461                       654   -193      709
  SINCE JUL 1   2950                      3610   -660     3957

 COOLING
  YESTERDAY        4                         2      2        0
  MONTH TO DATE   41                        37      4       28
  SINCE MAR 1     45                        43      2       28
  SINCE JAN 1     45                        43      2       28
..................................................................


WIND (MPH)
  HIGHEST WIND SPEED    14   HIGHEST WIND DIRECTION     W (270)
  HIGHEST GUST SPEED    19   HIGHEST GUST DIRECTION     W (280)
  AVERAGE WIND SPEED     4.8


SKY COVER
  POSSIBLE SUNSHINE  MM
  AVERAGE SKY COVER 0.1


WEATHER CONDITIONS
 THE FOLLOWING WEATHER WAS RECORDED YESTERDAY.
  NO SIGNIFICANT WEATHER WAS OBSERVED.


RELATIVE HUMIDITY (PERCENT)
 HIGHEST    93           600 AM
 LOWEST     28           200 PM
 AVERAGE    61

..........................................................


THE JONESBORO CLIMATE NORMALS FOR TODAY
                         NORMAL    RECORD    YEAR
 MAXIMUM TEMPERATURE (F)   75        96      1901
 MINIMUM TEMPERATURE (F)   54        35      2008


SUNRISE AND SUNSET
APRIL 29 2016.........SUNRISE   612 AM CDT   SUNSET   748 PM CDT
APRIL 30 2016.........SUNRISE   611 AM CDT   SUNSET   749 PM CDT


-  INDICATES NEGATIVE NUMBERS.
R  INDICATES RECORD WAS SET OR TIED.
MM INDICATES DATA IS MISSING.
T  INDICATES TRACE AMOUNT.




$$
