000
CDUS44 KMEG 192148
CLIJBR


CLIMATE REPORT
NATIONAL WEATHER SERVICE MEMPHIS TN
448 PM CDT SAT APR 19 2014


...................................

...THE JONESBORO CLIMATE SUMMARY FOR APRIL 19 2014...
VALID TODAY AS OF 0400 PM LOCAL TIME.

CLIMATE NORMAL PERIOD 1981 TO 2010
CLIMATE RECORD PERIOD 1897 TO 2014


WEATHER ITEM   OBSERVED TIME   RECORD YEAR NORMAL DEPARTURE LAST
                VALUE   (LST)  VALUE       VALUE  FROM      YEAR
                                                  NORMAL
..................................................................
TEMPERATURE (F)
 TODAY
  MAXIMUM         76    259 PM  88    1911  71      5       56
  MINIMUM         49    320 AM  30    1983  51     -2       39
  AVERAGE         63                        61      2       48

PRECIPITATION (IN)
  TODAY            0.00          3.65 1966   0.17  -0.17     0.00
  MONTH TO DATE    3.83                      3.01   0.82     3.27
  SINCE MAR 1      8.84                      7.51   1.33     5.36
  SINCE JAN 1     13.55                     14.66  -1.11    15.15

SNOWFALL (IN)
  TODAY            0.0

DEGREE DAYS
 HEATING
  TODAY            2                         6     -4       17
  MONTH TO DATE  168                       153     15      157
  SINCE MAR 1    799                       617    182      772
  SINCE JUL 1   4064                      3573    491     3400

 COOLING
  TODAY            0                         1     -1        0
  MONTH TO DATE   13                        19     -6       46
  SINCE MAR 1     13                        25    -12       46
  SINCE JAN 1     13                        25    -12       46
..................................................................


WIND (MPH)
  HIGHEST WIND SPEED    13   HIGHEST WIND DIRECTION    NE (50)
  HIGHEST GUST SPEED    21   HIGHEST GUST DIRECTION     E (100)
  AVERAGE WIND SPEED     4.7


SKY COVER
  POSSIBLE SUNSHINE  MM
  AVERAGE SKY COVER 0.0


WEATHER CONDITIONS
 THE FOLLOWING WEATHER WAS RECORDED TODAY.
  NO SIGNIFICANT WEATHER WAS OBSERVED.


RELATIVE HUMIDITY (PERCENT)
 HIGHEST    86           300 AM
 LOWEST     31           200 PM
 AVERAGE    59

..........................................................


THE JONESBORO CLIMATE NORMALS FOR TOMORROW
                         NORMAL    RECORD    YEAR
 MAXIMUM TEMPERATURE (F)   72        93      1987
 MINIMUM TEMPERATURE (F)   51        34      1953
                                             1926


SUNRISE AND SUNSET
APRIL 19 2014.........SUNRISE   625 AM CDT   SUNSET   739 PM CDT
APRIL 20 2014.........SUNRISE   623 AM CDT   SUNSET   740 PM CDT


-  INDICATES NEGATIVE NUMBERS.
R  INDICATES RECORD WAS SET OR TIED.
MM INDICATES DATA IS MISSING.
T  INDICATES TRACE AMOUNT.




$$
