000
CDUS44 KMEG 290732
CLIJBR


CLIMATE REPORT
NATIONAL WEATHER SERVICE MEMPHIS TN
131 AM CST MON DEC 29 2014


...................................

...THE JONESBORO CLIMATE SUMMARY FOR DECEMBER 28 2014...

CLIMATE NORMAL PERIOD 1981 TO 2010
CLIMATE RECORD PERIOD 1897 TO 2014


WEATHER ITEM   OBSERVED TIME   RECORD YEAR NORMAL DEPARTURE LAST
                VALUE   (LST)  VALUE       VALUE  FROM      YEAR
                                                  NORMAL
..................................................................
TEMPERATURE (F)
 YESTERDAY
  MAXIMUM         41    101 AM  74    1984  46     -5       46
                                      1946
  MINIMUM         35   1159 PM   2    1894  29      6       27
  AVERAGE         38                        38      0       37

PRECIPITATION (IN)
  YESTERDAY        0.00          2.45 1969   0.13  -0.13      T
  MONTH TO DATE    2.79                      4.40  -1.61     6.44
  SINCE DEC 1      2.79                      4.40  -1.61     6.44
  SINCE JAN 1     44.15                     47.73  -3.58    52.42

SNOWFALL (IN)
  YESTERDAY        0.0           2.0  1988   0.0    0.0      0.0
  MONTH TO DATE    0.0                       0.5   -0.5      1.0
  SINCE DEC 1      0.0                       0.5   -0.5      1.0
  SINCE JUL 1      0.3                       0.5   -0.2      1.0
  SNOW DEPTH       0

DEGREE DAYS
 HEATING
  YESTERDAY       27                        27      0       28
  MONTH TO DATE  591                       708   -117      719
  SINCE DEC 1    591                       708   -117      719
  SINCE JUL 1   1350                      1358     -8     1462

 COOLING
  YESTERDAY        0                         0      0        0
  MONTH TO DATE    0                         0      0        0
  SINCE DEC 1      0                         0      0        0
  SINCE JAN 1   1800                      1827    -27     2044
..................................................................


WIND (MPH)
  HIGHEST WIND SPEED    14   HIGHEST WIND DIRECTION     N (350)
  HIGHEST GUST SPEED    18   HIGHEST GUST DIRECTION     N (360)
  AVERAGE WIND SPEED     5.9


SKY COVER
  POSSIBLE SUNSHINE  MM
  AVERAGE SKY COVER 1.0


WEATHER CONDITIONS
 THE FOLLOWING WEATHER WAS RECORDED YESTERDAY.
  NO SIGNIFICANT WEATHER WAS OBSERVED.


RELATIVE HUMIDITY (PERCENT)
 HIGHEST    93          1200 AM
 LOWEST     82          1000 AM
 AVERAGE    88

..........................................................


THE JONESBORO CLIMATE NORMALS FOR TODAY
                         NORMAL    RECORD    YEAR
 MAXIMUM TEMPERATURE (F)   46        72      1889
 MINIMUM TEMPERATURE (F)   29         5      1983
                                             1917


SUNRISE AND SUNSET
DECEMBER 29 2014......SUNRISE   712 AM CST   SUNSET   457 PM CST
DECEMBER 30 2014......SUNRISE   712 AM CST   SUNSET   458 PM CST


-  INDICATES NEGATIVE NUMBERS.
R  INDICATES RECORD WAS SET OR TIED.
MM INDICATES DATA IS MISSING.
T  INDICATES TRACE AMOUNT.




$$
