000
CDUS44 KMEG 272152
CLIJBR


CLIMATE REPORT
NATIONAL WEATHER SERVICE MEMPHIS TN
452 PM CDT WED AUG 27 2014


...................................

...THE JONESBORO CLIMATE SUMMARY FOR AUGUST 27 2014...
VALID TODAY AS OF 0400 PM LOCAL TIME.

CLIMATE NORMAL PERIOD 1981 TO 2010
CLIMATE RECORD PERIOD 1897 TO 2014


WEATHER ITEM   OBSERVED TIME   RECORD YEAR NORMAL DEPARTURE LAST
                VALUE   (LST)  VALUE       VALUE  FROM      YEAR
                                                  NORMAL
..................................................................
TEMPERATURE (F)
 TODAY
  MAXIMUM         94    247 PM 105    1943  89      5       92
                                      1936
  MINIMUM         72    548 AM  53    1917  68      4       71
  AVERAGE         83                        78      5       82

PRECIPITATION (IN)
  TODAY            0.00          1.76 1900   0.09  -0.09     0.00
  MONTH TO DATE    0.54                      2.20  -1.66     3.72
  SINCE JUN 1     11.37                      9.49   1.88    11.11
  SINCE JAN 1     32.65                     30.77   1.88    37.45

SNOWFALL (IN)
  TODAY            0.0

DEGREE DAYS
 HEATING
  TODAY            0                         0      0        0
  MONTH TO DATE    0                         0      0        0
  SINCE JUN 1      0                         1     -1        0
  SINCE JUL 1      0                         0      0        0

 COOLING
  TODAY           18                        13      5       17
  MONTH TO DATE  431                       409     22      381
  SINCE JUN 1   1152                      1283   -131     1285
  SINCE JAN 1   1399                      1496    -97     1515
..................................................................


WIND (MPH)
  HIGHEST WIND SPEED    10   HIGHEST WIND DIRECTION     E (100)
  HIGHEST GUST SPEED    21   HIGHEST GUST DIRECTION     E (90)
  AVERAGE WIND SPEED     2.9


SKY COVER
  POSSIBLE SUNSHINE  MM
  AVERAGE SKY COVER 0.1


WEATHER CONDITIONS
 THE FOLLOWING WEATHER WAS RECORDED TODAY.
  NO SIGNIFICANT WEATHER WAS OBSERVED.


RELATIVE HUMIDITY (PERCENT)
 HIGHEST    93           400 AM
 LOWEST     46           200 PM
 AVERAGE    70

..........................................................


THE JONESBORO CLIMATE NORMALS FOR TOMORROW
                         NORMAL    RECORD    YEAR
 MAXIMUM TEMPERATURE (F)   89       104      1909
 MINIMUM TEMPERATURE (F)   68        52      1906


SUNRISE AND SUNSET
AUGUST 27 2014........SUNRISE   631 AM CDT   SUNSET   737 PM CDT
AUGUST 28 2014........SUNRISE   631 AM CDT   SUNSET   735 PM CDT


-  INDICATES NEGATIVE NUMBERS.
R  INDICATES RECORD WAS SET OR TIED.
MM INDICATES DATA IS MISSING.
T  INDICATES TRACE AMOUNT.




$$
