000
CDUS44 KMEG 030739
CLIJBR


CLIMATE REPORT
NATIONAL WEATHER SERVICE MEMPHIS TN
138 AM CST TUE MAR 3 2015


...................................

...THE JONESBORO CLIMATE SUMMARY FOR MARCH 2 2015...

CLIMATE NORMAL PERIOD 1981 TO 2010
CLIMATE RECORD PERIOD 1897 TO 2015


WEATHER ITEM   OBSERVED TIME   RECORD YEAR NORMAL DEPARTURE LAST
                VALUE   (LST)  VALUE       VALUE  FROM      YEAR
                                                  NORMAL
..................................................................
TEMPERATURE (F)
 YESTERDAY
  MAXIMUM         36    230 PM  84    1904  56    -20       51
  MINIMUM         30    806 AM  11    1980  36     -6       18
  AVERAGE         33                        46    -13       35

PRECIPITATION (IN)
  YESTERDAY        T             2.90 1948   0.12  -0.12     1.57
  MONTH TO DATE    0.06                      0.26  -0.20     1.57
  SINCE MAR 1      0.06                      0.26  -0.20     1.57
  SINCE JAN 1      4.89                      7.41  -2.52     6.28

SNOWFALL (IN)
  YESTERDAY        0.0           2.2  2014   0.1   -0.1      2.2
  MONTH TO DATE    0.0                       0.1   -0.1      2.2
  SINCE MAR 1      0.0                       0.1   -0.1      2.2
  SINCE JUL 1      1.8                       4.2   -2.4      4.2
  SNOW DEPTH       0

DEGREE DAYS
 HEATING
  YESTERDAY       32                        19     13       30
  MONTH TO DATE   63                        39     24       46
  SINCE MAR 1     63                        39     24       46
  SINCE JUL 1   3311                      2995    316     3311

 COOLING
  YESTERDAY        0                         0      0        0
  MONTH TO DATE    0                         0      0        0
  SINCE MAR 1      0                         0      0        0
  SINCE JAN 1      0                         0      0        0
..................................................................


WIND (MPH)
  HIGHEST WIND SPEED    23   HIGHEST WIND DIRECTION    NE (60)
  HIGHEST GUST SPEED    28   HIGHEST GUST DIRECTION    NE (40)
  AVERAGE WIND SPEED    11.1


SKY COVER
  POSSIBLE SUNSHINE  MM
  AVERAGE SKY COVER 1.0


WEATHER CONDITIONS
 THE FOLLOWING WEATHER WAS RECORDED YESTERDAY.
  LIGHT RAIN


RELATIVE HUMIDITY (PERCENT)
 HIGHEST    92          1200 AM
 LOWEST     64           300 PM
 AVERAGE    78

..........................................................


THE JONESBORO CLIMATE NORMALS FOR TODAY
                         NORMAL    RECORD    YEAR
 MAXIMUM TEMPERATURE (F)   56        83      1910
 MINIMUM TEMPERATURE (F)   36         9      1943


SUNRISE AND SUNSET
MARCH  3 2015.........SUNRISE   630 AM CST   SUNSET   559 PM CST
MARCH  4 2015.........SUNRISE   629 AM CST   SUNSET   600 PM CST


-  INDICATES NEGATIVE NUMBERS.
R  INDICATES RECORD WAS SET OR TIED.
MM INDICATES DATA IS MISSING.
T  INDICATES TRACE AMOUNT.




$$
