000
CDUS45 KGGW 280026
CLIJDN


CLIMATE REPORT
NATIONAL WEATHER SERVICE GLASGOW MT
524 PM MST THU NOV 27 2014


...................................

...THE JORDAN  ASOS MT CLIMATE SUMMARY FOR NOVEMBER 27 2014...
VALID TODAY AS OF 0500 PM LOCAL TIME.

CLIMATE NORMAL PERIOD 1981 TO 2010
CLIMATE RECORD PERIOD 9999 TO 9999


WEATHER ITEM   OBSERVED TIME   RECORD YEAR NORMAL DEPARTURE LAST
                VALUE   (LST)  VALUE       VALUE  FROM      YEAR
                                                  NORMAL
..................................................................
TEMPERATURE (F)
 TODAY
  MAXIMUM         51        MM  MM      MM  38     13       42
  MINIMUM         25   1200 AM  MM      MM  12     13       13
  AVERAGE         38                        25     13       28

PRECIPITATION (IN)
  TODAY            0.01         MM      MM   0.01   0.00     0.00
  MONTH TO DATE    0.72                      0.34   0.38     0.37
  SINCE OCT 1      0.84                      1.23  -0.39     0.89
  SINCE JAN 1     13.37                     12.36   1.01    16.35

SNOWFALL (IN)
  TODAY           MM            MM      MM  MM     MM        0.0
  MONTH TO DATE    0.0                      MM     MM        0.0
  SINCE SEP 1      0.0                      MM     MM        0.0
  SINCE JUL 1      0.0                      MM     MM        0.0
  SNOW DEPTH       0

DEGREE DAYS
 HEATING
  TODAY           27                        40    -13       37
  MONTH TO DATE 1101                       923    178      989
  SINCE SEP 1   1863                      1831     32     1822
  SINCE JUL 1   1912                      1896     16     1835

 COOLING
  TODAY            0                         0      0        0
  MONTH TO DATE    0                         0      0        0
  SINCE SEP 1      9                        28    -19       77
  SINCE JAN 1    460                       421     39      520
..................................................................


WIND (MPH)
  HIGHEST WIND SPEED    14   HIGHEST WIND DIRECTION    SE (140)
  HIGHEST GUST SPEED    MM   HIGHEST GUST DIRECTION    MM
  AVERAGE WIND SPEED     8.9


SKY COVER
  POSSIBLE SUNSHINE  MM
  AVERAGE SKY COVER 0.0


WEATHER CONDITIONS
 THE FOLLOWING WEATHER WAS RECORDED TODAY.
  NO SIGNIFICANT WEATHER WAS OBSERVED.


RELATIVE HUMIDITY (PERCENT)
 HIGHEST    92          1200 AM
 LOWEST     56           300 PM
 AVERAGE    74

..........................................................


THE JORDAN  ASOS MT CLIMATE NORMALS FOR TOMORROW
                         NORMAL    RECORD    YEAR
 MAXIMUM TEMPERATURE (F)   37        MM        MM
 MINIMUM TEMPERATURE (F)   11        MM        MM


SUNRISE AND SUNSET
NOVEMBER 27 2014......SUNRISE   729 AM MST   SUNSET   421 PM MST
NOVEMBER 28 2014......SUNRISE   730 AM MST   SUNSET   420 PM MST


-  INDICATES NEGATIVE NUMBERS.
R  INDICATES RECORD WAS SET OR TIED.
MM INDICATES DATA IS MISSING.
T  INDICATES TRACE AMOUNT.




$$
