678
CDUS45 KBOI 120931
CLIJER


CLIMATE REPORT
NATIONAL WEATHER SERVICE BOISE ID
231 AM MST TUE DEC 12 2017


...................................

...THE JEROME ID CLIMATE SUMMARY FOR DECEMBER 11 2017...

CLIMATE NORMAL PERIOD 1981 TO 2010
CLIMATE RECORD PERIOD 1915 TO 2017


WEATHER ITEM   OBSERVED TIME   RECORD YEAR NORMAL DEPARTURE LAST
                VALUE   (LST)  VALUE       VALUE  FROM      YEAR
                                                  NORMAL
..................................................................
TEMPERATURE (F)
 YESTERDAY
  MAXIMUM         31    222 PM  61    1990  35     -4       38
  MINIMUM         16    701 AM -11    1972  20     -4       26
  AVERAGE         24                        27     -3       32

PRECIPITATION (IN)
  YESTERDAY        0.00          0.85 1948   0.05  -0.05     0.00
  MONTH TO DATE    0.02                      0.55  -0.53     0.88
  SINCE OCT 1      2.39                      2.58  -0.19     3.76
  SINCE JAN 1      9.92                      9.87   0.05    10.77

DEGREE DAYS
 HEATING
  YESTERDAY       41                        38      3       33
  MONTH TO DATE  397                       402     -5      416
  SINCE DEC 1    397                       402     -5      416
  SINCE JUL 1   1853                      1953   -100     1642

 COOLING
  YESTERDAY        0                         0      0        0
  MONTH TO DATE    0                         0      0        0
  SINCE DEC 1      0                         0      0        0
  SINCE JAN 1    929                       510    419      612
..................................................................


WIND (MPH)
  HIGHEST WIND SPEED     9   HIGHEST WIND DIRECTION     W (260)
  HIGHEST GUST SPEED    11   HIGHEST GUST DIRECTION     W (260)
  AVERAGE WIND SPEED     2.4


SKY COVER
  AVERAGE SKY COVER 0.6


WEATHER CONDITIONS
 THE FOLLOWING WEATHER WAS RECORDED YESTERDAY.
  FOG
  FOG W/VISIBILITY <= 1/4 MILE
  HAZE


RELATIVE HUMIDITY (PERCENT)
 HIGHEST   100           800 PM
 LOWEST     68          1100 AM
 AVERAGE    84

..........................................................


THE JEROME ID CLIMATE NORMALS FOR TODAY
                         NORMAL    RECORD    YEAR
 MAXIMUM TEMPERATURE (F)   34        58      2014
 MINIMUM TEMPERATURE (F)   20        -4      1985


SUNRISE AND SUNSET
DECEMBER 12 2017......SUNRISE   759 AM MST   SUNSET   504 PM MST
DECEMBER 13 2017......SUNRISE   800 AM MST   SUNSET   504 PM MST


-  INDICATES NEGATIVE NUMBERS.
R  INDICATES RECORD WAS SET OR TIED.
MM INDICATES DATA IS MISSING.
T  INDICATES TRACE AMOUNT.




$$
