000
CDUS45 KBOI 050932
CLIJER


CLIMATE REPORT
NATIONAL WEATHER SERVICE BOISE ID
331 AM MDT SAT SEP 5 2015


...................................

...THE JEROME ID CLIMATE SUMMARY FOR SEPTEMBER 4 2015...

CLIMATE NORMAL PERIOD 1981 TO 2010
CLIMATE RECORD PERIOD 1919 TO 2015


WEATHER ITEM   OBSERVED TIME   RECORD YEAR NORMAL DEPARTURE LAST
                VALUE   (LST)  VALUE       VALUE  FROM      YEAR
                                                  NORMAL
..................................................................
TEMPERATURE (F)
 YESTERDAY
  MAXIMUM         74    330 PM 100    1924  81     -7       72
  MINIMUM         50    700 AM  34    1921  50      0       38
  AVERAGE         62                        65     -3       55

PRECIPITATION (IN)
  YESTERDAY        0.00          0.11 1995   0.01  -0.01     0.00
  MONTH TO DATE    0.00                      0.03  -0.03     0.00
  SINCE OCT 1      9.63                     10.41  -0.78     9.17
  SINCE JAN 1      6.73                      6.89  -0.16     8.57

DEGREE DAYS
 HEATING
  YESTERDAY        3                         3      0       10
  MONTH TO DATE    6                        11     -5       24
  SINCE SEP 1      6                        11     -5       24
  SINCE JUL 1     21                        44    -23       51

 COOLING
  YESTERDAY        0                         3     -3        0
  MONTH TO DATE   10                        13     -3        0
  SINCE SEP 1     10                        13     -3        0
  SINCE JAN 1    653                       478    175      592
..................................................................


WIND (MPH)
  HIGHEST WIND SPEED    28   HIGHEST WIND DIRECTION     W (250)
  HIGHEST GUST SPEED    35   HIGHEST GUST DIRECTION    SW (240)
  AVERAGE WIND SPEED     8.5


SKY COVER
  AVERAGE SKY COVER 0.1


WEATHER CONDITIONS
 THE FOLLOWING WEATHER WAS RECORDED YESTERDAY.
  HAZE


RELATIVE HUMIDITY (PERCENT)
 HIGHEST    63           700 AM
 LOWEST     33           300 PM
 AVERAGE    48

..........................................................


THE JEROME ID CLIMATE NORMALS FOR TODAY
                         NORMAL    RECORD    YEAR
 MAXIMUM TEMPERATURE (F)   80       102      1955
 MINIMUM TEMPERATURE (F)   50        36      1956


SUNRISE AND SUNSET
SEPTEMBER  5 2015.....SUNRISE   707 AM MDT   SUNSET   806 PM MDT
SEPTEMBER  6 2015.....SUNRISE   708 AM MDT   SUNSET   804 PM MDT


-  INDICATES NEGATIVE NUMBERS.
R  INDICATES RECORD WAS SET OR TIED.
MM INDICATES DATA IS MISSING.
T  INDICATES TRACE AMOUNT.




$$
