000
CDUS45 KBOI 070931
CLIJER


CLIMATE REPORT
NATIONAL WEATHER SERVICE BOISE ID
231 AM MST SUN FEB 7 2016


...................................

...THE JEROME ID CLIMATE SUMMARY FOR FEBRUARY 6 2016...

CLIMATE NORMAL PERIOD 1981 TO 2010
CLIMATE RECORD PERIOD 1919 TO 2016


WEATHER ITEM   OBSERVED TIME   RECORD YEAR NORMAL DEPARTURE LAST
                VALUE   (LST)  VALUE       VALUE  FROM      YEAR
                                                  NORMAL
..................................................................
TEMPERATURE (F)
 YESTERDAY
  MAXIMUM         40    450 PM  63    1963  36      4       60
  MINIMUM         17    612 AM -13    1982  21     -4       42
  AVERAGE         29                        28      1       51

PRECIPITATION (IN)
  YESTERDAY        0.00          0.45 1949   0.03  -0.03     0.00
  MONTH TO DATE    0.01                      0.17  -0.16     0.28
  SINCE OCT 1      5.81                      4.75   1.06     4.37
  SINCE JAN 1      1.22                      1.23  -0.01     1.47

DEGREE DAYS
 HEATING
  YESTERDAY       36                        37     -1       14
  MONTH TO DATE  251                       222     29      130
  SINCE DEC 1   2588                      2596     -8     2168
  SINCE JUL 1   3921                      4147   -226     3504

 COOLING
  YESTERDAY        0                         0      0        0
  MONTH TO DATE    0                         0      0        0
  SINCE DEC 1      0                         0      0        0
  SINCE JAN 1      0                         0      0        0
..................................................................


WIND (MPH)
  HIGHEST WIND SPEED    24   HIGHEST WIND DIRECTION    NE (40)
  HIGHEST GUST SPEED    30   HIGHEST GUST DIRECTION    NE (30)
  AVERAGE WIND SPEED    10.3


SKY COVER
  AVERAGE SKY COVER 0.4


WEATHER CONDITIONS
 THE FOLLOWING WEATHER WAS RECORDED YESTERDAY.
  NO SIGNIFICANT WEATHER WAS OBSERVED.


RELATIVE HUMIDITY (PERCENT)
 HIGHEST    91          1200 AM
 LOWEST     59           200 PM
 AVERAGE    75

..........................................................


THE JEROME ID CLIMATE NORMALS FOR TODAY
                         NORMAL    RECORD    YEAR
 MAXIMUM TEMPERATURE (F)   36        66      1963
 MINIMUM TEMPERATURE (F)   21       -13      1989


SUNRISE AND SUNSET
FEBRUARY  7 2016......SUNRISE   746 AM MST   SUNSET   559 PM MST
FEBRUARY  8 2016......SUNRISE   745 AM MST   SUNSET   600 PM MST


-  INDICATES NEGATIVE NUMBERS.
R  INDICATES RECORD WAS SET OR TIED.
MM INDICATES DATA IS MISSING.
T  INDICATES TRACE AMOUNT.




$$
