570
CDUS45 KBOI 230931
CLIJER


CLIMATE REPORT
NATIONAL WEATHER SERVICE BOISE ID
331 AM MDT TUE MAY 23 2017


...................................

...THE JEROME ID CLIMATE SUMMARY FOR MAY 22 2017...

CLIMATE NORMAL PERIOD 1981 TO 2010
CLIMATE RECORD PERIOD 1915 TO 2017


WEATHER ITEM   OBSERVED TIME   RECORD YEAR NORMAL DEPARTURE LAST
                VALUE   (LST)  VALUE       VALUE  FROM      YEAR
                                                  NORMAL
..................................................................
TEMPERATURE (F)
 YESTERDAY
  MAXIMUM         78    436 PM  93    1980  70      8       59
  MINIMUM         48    525 AM  29    1918  44      4       36
  AVERAGE         63                        57      6       48

PRECIPITATION (IN)
  YESTERDAY        0.00          0.47 1971   0.05  -0.05      T
  MONTH TO DATE    0.78                      0.98  -0.20     1.29
  SINCE OCT 1     10.42                      8.86   1.56     9.84
  SINCE JAN 1      5.90                      5.34   0.56     5.25

DEGREE DAYS
 HEATING
  YESTERDAY        2                         9     -7       17
  MONTH TO DATE  254                       255     -1      195
  SINCE MAR 1   1448                      1571   -123     1256
  SINCE JUL 1   5871                      6458   -587     5795

 COOLING
  YESTERDAY        0                         1     -1        0
  MONTH TO DATE    2                         1      1        3
  SINCE MAR 1      2                         1      1        4
  SINCE JAN 1      2                         1      1        4
..................................................................


WIND (MPH)
  HIGHEST WIND SPEED    18   HIGHEST WIND DIRECTION    SW (240)
  HIGHEST GUST SPEED    21   HIGHEST GUST DIRECTION    SW (240)
  AVERAGE WIND SPEED     7.5


SKY COVER
  AVERAGE SKY COVER 0.0


WEATHER CONDITIONS
 THE FOLLOWING WEATHER WAS RECORDED YESTERDAY.
  NO SIGNIFICANT WEATHER WAS OBSERVED.


RELATIVE HUMIDITY (PERCENT)
 HIGHEST    80           400 AM
 LOWEST     21           400 PM
 AVERAGE    51

..........................................................


THE JEROME ID CLIMATE NORMALS FOR TODAY
                         NORMAL    RECORD    YEAR
 MAXIMUM TEMPERATURE (F)   70        95      1934
 MINIMUM TEMPERATURE (F)   44        28      1966


SUNRISE AND SUNSET
MAY 23 2017...........SUNRISE   608 AM MDT   SUNSET   902 PM MDT
MAY 24 2017...........SUNRISE   607 AM MDT   SUNSET   903 PM MDT


-  INDICATES NEGATIVE NUMBERS.
R  INDICATES RECORD WAS SET OR TIED.
MM INDICATES DATA IS MISSING.
T  INDICATES TRACE AMOUNT.




$$
