000
CDUS45 KBOI 040931
CLIJER


CLIMATE REPORT
NATIONAL WEATHER SERVICE BOISE ID
231 AM MST WED MAR 4 2015


...................................

...THE JEROME ID CLIMATE SUMMARY FOR MARCH 3 2015...

CLIMATE NORMAL PERIOD 1981 TO 2010
CLIMATE RECORD PERIOD 1919 TO 2015


WEATHER ITEM   OBSERVED TIME   RECORD YEAR NORMAL DEPARTURE LAST
                VALUE   (LST)  VALUE       VALUE  FROM      YEAR
                                                  NORMAL
..................................................................
TEMPERATURE (F)
 YESTERDAY
  MAXIMUM         41    429 PM  68    1987  45     -4       49
  MINIMUM         25    828 AM   6    1976  27     -2       39
  AVERAGE         33                        36     -3       44

PRECIPITATION (IN)
  YESTERDAY        0.00          0.53 1972   0.03  -0.03     0.01
  MONTH TO DATE    0.00                      0.08  -0.08     0.16
  SINCE OCT 1      4.41                      5.54  -1.13     3.10
  SINCE JAN 1      1.51                      2.02  -0.51     2.50

DEGREE DAYS
 HEATING
  YESTERDAY       32                        29      3       21
  MONTH TO DATE   91                        88      3       64
  SINCE MAR 1     91                        88      3       64
  SINCE JUL 1   4133                      4975   -842     4732

 COOLING
  YESTERDAY        0                         0      0        0
  MONTH TO DATE    0                         0      0        0
  SINCE MAR 1      0                         0      0        0
  SINCE JAN 1      0                         0      0        0
..................................................................


WIND (MPH)
  HIGHEST WIND SPEED    30   HIGHEST WIND DIRECTION     W (250)
  HIGHEST GUST SPEED    38   HIGHEST GUST DIRECTION    SW (240)
  AVERAGE WIND SPEED    16.8


SKY COVER
  AVERAGE SKY COVER 0.6


WEATHER CONDITIONS
 THE FOLLOWING WEATHER WAS RECORDED YESTERDAY.
  NO SIGNIFICANT WEATHER WAS OBSERVED.


RELATIVE HUMIDITY (PERCENT)
 HIGHEST    75           400 AM
 LOWEST     33           500 PM
 AVERAGE    54

..........................................................


THE JEROME ID CLIMATE NORMALS FOR TODAY
                         NORMAL    RECORD    YEAR
 MAXIMUM TEMPERATURE (F)   46        70      1987
 MINIMUM TEMPERATURE (F)   27         8      1985


SUNRISE AND SUNSET
MARCH  4 2015.........SUNRISE   709 AM MST   SUNSET   631 PM MST
MARCH  5 2015.........SUNRISE   707 AM MST   SUNSET   632 PM MST


-  INDICATES NEGATIVE NUMBERS.
R  INDICATES RECORD WAS SET OR TIED.
MM INDICATES DATA IS MISSING.
T  INDICATES TRACE AMOUNT.




$$
