000
CDUS41 KOKX 250624
CLIJFK


CLIMATE REPORT
NATIONAL WEATHER SERVICE NEW YORK NY
124 AM EST SUN JAN 25 2015


...................................

...THE KENNEDY NY CLIMATE SUMMARY FOR JANUARY 24 2015...

CLIMATE NORMAL PERIOD 1981 TO 2010
CLIMATE RECORD PERIOD 1949 TO 2015


WEATHER ITEM   OBSERVED TIME   RECORD YEAR NORMAL DEPARTURE LAST
                VALUE   (LST)  VALUE       VALUE  FROM      YEAR
                                                  NORMAL
..................................................................
TEMPERATURE (F)
 YESTERDAY
  MAXIMUM         40    724 PM  64    1967  39      1       20
  MINIMUM         33    502 AM   5    1963  26      7       11
  AVERAGE         37                        32      5       16

PRECIPITATION (IN)
  YESTERDAY        0.75          1.85 1979   0.09   0.66     0.00
  MONTH TO DATE    4.62                      2.50   2.12     2.92
  SINCE DEC 1     11.66                      5.89   5.77     7.42
  SINCE JAN 1      4.62                      2.50   2.12     2.92

SNOWFALL (IN)
  YESTERDAY        3.4 R         2.8  1971   0.1    3.3      0.0
  MONTH TO DATE    5.8                       4.7    1.1     15.2
  SINCE OCT 1      6.2                       9.6   -3.4     22.1
  SINCE JUL 1      6.2                       9.6   -3.4     22.1
  SNOW DEPTH       3

DEGREE DAYS
 HEATING
  YESTERDAY       28                        33     -5       49
  MONTH TO DATE  796                       778     18      848
  SINCE DEC 1   1518                      1623   -105     1676
  SINCE JUL 1   2302                      2447   -145     2490

 COOLING
  YESTERDAY        0                         0      0        0
  MONTH TO DATE    0                         0      0        0
  SINCE DEC 1      0                         0      0        0
  SINCE JAN 1      0                         0      0        0
..................................................................


WIND (MPH)
  HIGHEST WIND SPEED    23   HIGHEST WIND DIRECTION    NW (300)
  HIGHEST GUST SPEED    66   HIGHEST GUST DIRECTION    NE (30)
  AVERAGE WIND SPEED    11.3


SKY COVER
  POSSIBLE SUNSHINE  MM
  AVERAGE SKY COVER 0.9


WEATHER CONDITIONS
 THE FOLLOWING WEATHER WAS RECORDED YESTERDAY.
  LIGHT RAIN
  SNOW
  LIGHT SNOW
  FOG
  FOG W/VISIBILITY <= 1/4 MILE


RELATIVE HUMIDITY (PERCENT)
 HIGHEST    89           100 AM
 LOWEST     54           900 PM
 AVERAGE    72

..........................................................


THE KENNEDY NY CLIMATE NORMALS FOR TODAY
                         NORMAL    RECORD    YEAR
 MAXIMUM TEMPERATURE (F)   39        54      1972
 MINIMUM TEMPERATURE (F)   26         5      1961


SUNRISE AND SUNSET
JANUARY 25 2015.......SUNRISE   711 AM EST   SUNSET   504 PM EST
JANUARY 26 2015.......SUNRISE   710 AM EST   SUNSET   505 PM EST


-  INDICATES NEGATIVE NUMBERS.
R  INDICATES RECORD WAS SET OR TIED.
MM INDICATES DATA IS MISSING.
T  INDICATES TRACE AMOUNT.




$$
