000
CDUS41 KOKX 262039
CLIJFK


CLIMATE REPORT
NATIONAL WEATHER SERVICE NEW YORK NY
439 PM EDT SUN MAR 26 2017


...................................

...THE KENNEDY NY CLIMATE SUMMARY FOR MARCH 26 2017...
VALID TODAY AS OF 0400 PM LOCAL TIME.

CLIMATE NORMAL PERIOD 1981 TO 2010
CLIMATE RECORD PERIOD 1948 TO 2017


WEATHER ITEM   OBSERVED TIME   RECORD YEAR NORMAL DEPARTURE LAST
                VALUE   (LST)  VALUE       VALUE  FROM      YEAR
                                                  NORMAL
..................................................................
TEMPERATURE (F)
 TODAY
  MAXIMUM         43    259 PM  65    2000  52     -9       52
                                      1987
                                      1976
  MINIMUM         39    752 AM  25    2014  37      2       38
  AVERAGE         41                        44     -3       45

PRECIPITATION (IN)
  TODAY            0.12          1.47 1973   0.13  -0.01     0.00
  MONTH TO DATE    2.57                      3.12  -0.55     0.91
  SINCE MAR 1      2.57                      3.12  -0.55     0.91
  SINCE JAN 1      8.79                      8.87  -0.08     9.55

SNOWFALL (IN)
  TODAY            0.0           1.7  2001   0.1   -0.1      0.0
  MONTH TO DATE    7.5                       3.2    4.3      1.9
  SINCE OCT 1     30.9                      22.7    8.2     41.4
  SINCE JUL 1     30.9                      22.7    8.2     41.4
  SNOW DEPTH       0

DEGREE DAYS
 HEATING
  TODAY           24                        20      4       20
  MONTH TO DATE  695                       626     69      454
  SINCE MAR 1    695                       626     69      454
  SINCE JUL 1   3613                      4137   -524     3208

 COOLING
  TODAY            0                         0      0        0
  MONTH TO DATE    0                         0      0        0
  SINCE MAR 1      0                         0      0        0
  SINCE JAN 1      0                         0      0        0
..................................................................


WIND (MPH)
  HIGHEST WIND SPEED    21   HIGHEST WIND DIRECTION     E (70)
  HIGHEST GUST SPEED    25   HIGHEST GUST DIRECTION     E (90)
  AVERAGE WIND SPEED    12.4


SKY COVER
  AVERAGE SKY COVER 1.0


WEATHER CONDITIONS
 THE FOLLOWING WEATHER WAS RECORDED TODAY.
  LIGHT RAIN
  FOG


RELATIVE HUMIDITY (PERCENT)
 HIGHEST    92           400 AM
 LOWEST     76           100 AM
 AVERAGE    84

..........................................................


THE KENNEDY NY CLIMATE NORMALS FOR TOMORROW
                         NORMAL    RECORD    YEAR
 MAXIMUM TEMPERATURE (F)   52        80      1998
 MINIMUM TEMPERATURE (F)   37        23      2014


SUNRISE AND SUNSET
MARCH 26 2017.........SUNRISE   648 AM EDT   SUNSET   714 PM EDT
MARCH 27 2017.........SUNRISE   647 AM EDT   SUNSET   715 PM EDT


-  INDICATES NEGATIVE NUMBERS.
R  INDICATES RECORD WAS SET OR TIED.
MM INDICATES DATA IS MISSING.
T  INDICATES TRACE AMOUNT.




$$
