000
CDUS43 KJKL 240534
CLIJKL

CLIMATE REPORT
NATIONAL WEATHER SERVICE JACKSON KY
134 AM EDT THU AUG 24 2017
...................................

...THE JACKSON KY CLIMATE SUMMARY FOR AUGUST 23 2017...

CLIMATE NORMAL PERIOD 1981 TO 2010
CLIMATE RECORD PERIOD 1981 TO 2017

WEATHER ITEM   OBSERVED TIME   RECORD YEAR NORMAL DEPARTURE LAST
                VALUE   (LST)  VALUE       VALUE  FROM      YEAR
                                                  NORMAL
..................................................................
TEMPERATURE (F)
 YESTERDAY
  MAXIMUM         79    108 PM  96    2007  84     -5       83
  MINIMUM         63   1159 PM  51    1997  65     -2       60
  AVERAGE         71                        74     -3       72

PRECIPITATION (IN)
  YESTERDAY        0.00          1.41 1988   0.11  -0.11     0.00
  MONTH TO DATE    3.48                      2.89   0.59     6.45
  SINCE JUN 1     13.82                     12.24   1.58    17.81
  SINCE JAN 1     37.24                     32.75   4.49    40.61

SNOWFALL (IN)
  YESTERDAY        0.0                       0.0    0.0      0.0
  MONTH TO DATE    0.0                       0.0    0.0      0.0
  SINCE JUN 1      0.0                       0.0    0.0      0.0
  SINCE JUL 1      0.0                       0.0    0.0      0.0
  SNOW DEPTH       0

DEGREE DAYS
 HEATING
  YESTERDAY        0                         0      0        0
  MONTH TO DATE    0                         0      0        0
  SINCE JUN 1      4                        12     -8        1
  SINCE JUL 1      0                         0      0        0

 COOLING
  YESTERDAY        6                         9     -3        7
  MONTH TO DATE  211                       228    -17      289
  SINCE JUN 1    768                       772     -4      976
  SINCE JAN 1    967                       908     59     1117
..................................................................

WIND (MPH)
  HIGHEST WIND SPEED     9   HIGHEST WIND DIRECTION     N (340)
  HIGHEST GUST SPEED    13   HIGHEST GUST DIRECTION    NW (310)
  AVERAGE WIND SPEED     2.0

SKY COVER
  POSSIBLE SUNSHINE  MM
  AVERAGE SKY COVER 0.5

WEATHER CONDITIONS
 THE FOLLOWING WEATHER WAS RECORDED YESTERDAY.
  FOG

RELATIVE HUMIDITY (PERCENT)
 HIGHEST   100           100 AM
 LOWEST     50           400 PM
 AVERAGE    75
..........................................................

THE JACKSON KY CLIMATE NORMALS FOR TODAY
                         NORMAL    RECORD    YEAR
 MAXIMUM TEMPERATURE (F)   84        95      2007
 MINIMUM TEMPERATURE (F)   64        54      1997

SUNRISE AND SUNSET
AUGUST 24 2017........SUNRISE   657 AM EDT   SUNSET   813 PM EDT
AUGUST 25 2017........SUNRISE   658 AM EDT   SUNSET   812 PM EDT

-  INDICATES NEGATIVE NUMBERS.
R  INDICATES RECORD WAS SET OR TIED.
MM INDICATES DATA IS MISSING.
T  INDICATES TRACE AMOUNT.

$$
