995
CDUS43 KJKL 100631
CLIJKL

CLIMATE REPORT
NATIONAL WEATHER SERVICE JACKSON KY
127 AM EST WED FEB 10 2016
...................................

...THE JACKSON KY CLIMATE SUMMARY FOR FEBRUARY 9 2016...

CLIMATE NORMAL PERIOD 1981 TO 2010
CLIMATE RECORD PERIOD 1981 TO 2016


WEATHER ITEM   OBSERVED TIME   RECORD YEAR NORMAL DEPARTURE LAST
                VALUE   (LST)  VALUE       VALUE  FROM      YEAR
                                                  NORMAL
..................................................................
TEMPERATURE (F)
 YESTERDAY
  MAXIMUM         26    121 AM  72    2001  46    -20       54
  MINIMUM         19    834 AM   4    1989  29    -10       28
  AVERAGE         23                        37    -14       41

PRECIPITATION (IN)
  YESTERDAY        0.02          2.04 1994   0.13  -0.11     0.01
  MONTH TO DATE    2.07                      1.20   0.87     0.59
  SINCE DEC 1     10.00                      8.99   1.01     5.20
  SINCE JAN 1      5.36                      4.81   0.55     2.71

SNOWFALL (IN)
  YESTERDAY        0.6           2.0  2011   0.3    0.3      0.0
  MONTH TO DATE    1.4                       2.6   -1.2      0.3
  SINCE DEC 1     22.8                      14.6    8.2      3.0
  SINCE JUL 1     22.8                      15.2    7.6      4.2
  SNOW DEPTH       T

DEGREE DAYS
 HEATING
  YESTERDAY       42                        28     14       24
  MONTH TO DATE  214                       256    -42      234
  SINCE DEC 1   1628                      2022   -394     1958
  SINCE JUL 1   2226                      2822   -596     2948

 COOLING
  YESTERDAY        0                         0      0        0
  MONTH TO DATE    0                         0      0        0
  SINCE DEC 1      2                         1      1        0
  SINCE JAN 1      0                         0      0        0
..................................................................

WIND (MPH)
  HIGHEST WIND SPEED    15   HIGHEST WIND DIRECTION     W (290)
  HIGHEST GUST SPEED    20   HIGHEST GUST DIRECTION     W (270)
  AVERAGE WIND SPEED     6.9

SKY COVER
  POSSIBLE SUNSHINE  MM
  AVERAGE SKY COVER 1.0

WEATHER CONDITIONS
 THE FOLLOWING WEATHER WAS RECORDED YESTERDAY.
  LIGHT SNOW
  FOG

RELATIVE HUMIDITY (PERCENT)
 HIGHEST    84          1100 PM
 LOWEST     65           300 PM
 AVERAGE    75
..........................................................

THE JACKSON KY CLIMATE NORMALS FOR TODAY
                         NORMAL    RECORD    YEAR
 MAXIMUM TEMPERATURE (F)   46        67      2009
                                             1993
 MINIMUM TEMPERATURE (F)   29        11      1982

SUNRISE AND SUNSET
FEBRUARY 10 2016......SUNRISE   729 AM EST   SUNSET   607 PM EST
FEBRUARY 11 2016......SUNRISE   728 AM EST   SUNSET   608 PM EST

-  INDICATES NEGATIVE NUMBERS.
R  INDICATES RECORD WAS SET OR TIED.
MM INDICATES DATA IS MISSING.
T  INDICATES TRACE AMOUNT.

$$
