000
CDUS43 KJKL 250541
CLIJKL

CLIMATE REPORT
NATIONAL WEATHER SERVICE JACKSON KY
142 AM EDT FRI APR 25 2014

...................................

...THE JACKSON KY CLIMATE SUMMARY FOR APRIL 24 2014...

CLIMATE NORMAL PERIOD 1981 TO 2010
CLIMATE RECORD PERIOD 1981 TO 2014

WEATHER ITEM   OBSERVED TIME   RECORD YEAR NORMAL DEPARTURE LAST
                VALUE   (LST)  VALUE       VALUE  FROM      YEAR
                                                  NORMAL
..................................................................
TEMPERATURE (F)
 YESTERDAY
  MAXIMUM         75    453 PM  90    2009  70      5       67
  MINIMUM         44    553 AM  32    2005  49     -5       42
  AVERAGE         60                        60      0       55

PRECIPITATION (IN)
  YESTERDAY        0.00          0.81 2002   0.13  -0.13     0.23
  MONTH TO DATE    2.47                      3.01  -0.54     2.66
  SINCE MAR 1      7.98                      7.13   0.85     7.29
  SINCE JAN 1     15.60                     14.49   1.11    14.93

SNOWFALL (IN)
  YESTERDAY        0.0                       0.0    0.0      0.0
  MONTH TO DATE    1.0                       1.0    0.0      0.0
  SINCE MAR 1     11.9                       3.9    8.0     10.7
  SINCE JUL 1     38.9                      23.5   15.4     20.0
  SNOW DEPTH       0

DEGREE DAYS
 HEATING
  YESTERDAY        5                         7     -2       10
  MONTH TO DATE  146                       233    -87      203
  SINCE MAR 1    813                       786     27      988
  SINCE JUL 1   4414                      4086    328     4214

 COOLING
  YESTERDAY        0                         2     -2        0
  MONTH TO DATE   28                        29     -1       39
  SINCE MAR 1     28                        36     -8       39
  SINCE JAN 1     28                        36     -8       39
..................................................................

WIND (MPH)
  HIGHEST WIND SPEED     8   HIGHEST WIND DIRECTION    SE (130)
  HIGHEST GUST SPEED    12   HIGHEST GUST DIRECTION    SE (120)
  AVERAGE WIND SPEED     2.7

SKY COVER
  POSSIBLE SUNSHINE  MM
  AVERAGE SKY COVER 0.0

WEATHER CONDITIONS
 THE FOLLOWING WEATHER WAS RECORDED YESTERDAY.
  NO SIGNIFICANT WEATHER WAS OBSERVED.

RELATIVE HUMIDITY (PERCENT)
 HIGHEST    58           500 AM
 LOWEST     18           500 PM
 AVERAGE    38
..........................................................

THE JACKSON KY CLIMATE NORMALS FOR TODAY
                         NORMAL    RECORD    YEAR
 MAXIMUM TEMPERATURE (F)   71        89      2009
                                             1990
 MINIMUM TEMPERATURE (F)   50        35      1995
                                             1988
                                             1983

SUNRISE AND SUNSET
APRIL 25 2014.........SUNRISE   645 AM EDT   SUNSET   818 PM EDT
APRIL 26 2014.........SUNRISE   644 AM EDT   SUNSET   819 PM EDT

-  INDICATES NEGATIVE NUMBERS.
R  INDICATES RECORD WAS SET OR TIED.
MM INDICATES DATA IS MISSING.
T  INDICATES TRACE AMOUNT.

$$

SHALLENBERGER
