000
CDUS43 KSGF 310626
CLIJLN


CLIMATE REPORT
NATIONAL WEATHER SERVICE SPRINGFIELD MO
126 AM CDT THU JUL 31 2014


...................................

...THE JOPLIN MO CLIMATE SUMMARY FOR JULY 30 2014...

CLIMATE NORMAL PERIOD 1981 TO 2010
CLIMATE RECORD PERIOD 1902 TO 2014


WEATHER ITEM   OBSERVED TIME   RECORD YEAR NORMAL DEPARTURE LAST
                VALUE   (LST)  VALUE       VALUE  FROM      YEAR
                                                  NORMAL
..................................................................
TEMPERATURE (F)
 YESTERDAY
  MAXIMUM         70    348 AM 107    1986  92    -22       87
  MINIMUM         66   1159 PM  56    1965  70     -4       68
                                      1971
                                      1974
  AVERAGE         68                        81    -13       78

PRECIPITATION (IN)
  YESTERDAY        0.62          2.06 2008   0.10   0.52     0.95
  MONTH TO DATE    1.24                      3.71  -2.47     3.08
  SINCE JUN 1      5.17                      9.57  -4.40     8.47
  SINCE JAN 1     13.92                     27.52 -13.60    30.86

DEGREE DAYS
 HEATING
  YESTERDAY        0                         0      0        0
  MONTH TO DATE    1                         0      1        0
  SINCE JUN 1      3                         5     -2       12
  SINCE JUL 1      1                         0      1        0

 COOLING
  YESTERDAY        3                        16    -13       13
  MONTH TO DATE  321                       459   -138      394
  SINCE JUN 1    624                       777   -153      717
  SINCE JAN 1    837                       957   -120      861
..................................................................


WIND (MPH)
  HIGHEST WIND SPEED     8   HIGHEST WIND DIRECTION     E (100)
  HIGHEST GUST SPEED    11   HIGHEST GUST DIRECTION    SE (150)
  AVERAGE WIND SPEED     2.5


SKY COVER
  AVERAGE SKY COVER 1.0


WEATHER CONDITIONS
 THE FOLLOWING WEATHER WAS RECORDED YESTERDAY.
  RAIN
  LIGHT RAIN
  FOG


RELATIVE HUMIDITY (PERCENT)
 HIGHEST   100          1100 AM
 LOWEST     78           400 AM
 AVERAGE    89

..........................................................


THE JOPLIN MO CLIMATE NORMALS FOR TODAY
                         NORMAL    RECORD    YEAR
 MAXIMUM TEMPERATURE (F)   92       104      1980
 MINIMUM TEMPERATURE (F)   70        51      1971


SUNRISE AND SUNSET
JULY 31 2014..........SUNRISE   622 AM CDT   SUNSET   826 PM CDT
AUGUST  1 2014........SUNRISE   623 AM CDT   SUNSET   825 PM CDT


-  INDICATES NEGATIVE NUMBERS.
R  INDICATES RECORD WAS SET OR TIED.
MM INDICATES DATA IS MISSING.
T  INDICATES TRACE AMOUNT.




$$
