670
CDUS43 KSGF 220632
CLIJLN


CLIMATE REPORT
NATIONAL WEATHER SERVICE SPRINGFIELD MO
1230 AM CST MON JAN 22 2018


...................................

...THE JOPLIN MO CLIMATE SUMMARY FOR JANUARY 21 2018...

CLIMATE NORMAL PERIOD 1981 TO 2010
CLIMATE RECORD PERIOD 1902 TO 2018


WEATHER ITEM   OBSERVED TIME   RECORD YEAR NORMAL DEPARTURE LAST
                VALUE   (LST)  VALUE       VALUE  FROM      YEAR
                                                  NORMAL
..................................................................
TEMPERATURE (F)
 YESTERDAY
  MAXIMUM         72    220 PM  73    1957  45     27       62
  MINIMUM         51    158 AM -11    1984  25     26       37
  AVERAGE         62                        35     27       50

PRECIPITATION (IN)
  YESTERDAY        0.01          0.69 2010   0.06  -0.05     0.31
  MONTH TO DATE    0.47                      1.39  -0.92     2.78
  SINCE DEC 1      1.84                      4.21  -2.37     3.37
  SINCE JAN 1      0.47                      1.39  -0.92     2.78

DEGREE DAYS
 HEATING
  YESTERDAY        3                        30    -27       15
  MONTH TO DATE  756                       630    126      548
  SINCE DEC 1   1597                      1490    107     1425
  SINCE JUL 1   2242                      2247     -5     1880

 COOLING
  YESTERDAY        0                         0      0        0
  MONTH TO DATE    0                         0      0        0
  SINCE DEC 1      0                         0      0        0
  SINCE JAN 1      0                         0      0        0
..................................................................


WIND (MPH)
  HIGHEST WIND SPEED    33   HIGHEST WIND DIRECTION     S (200)
  HIGHEST GUST SPEED    46   HIGHEST GUST DIRECTION    SW (210)
  AVERAGE WIND SPEED    16.9


SKY COVER
  AVERAGE SKY COVER 0.4


WEATHER CONDITIONS
 THE FOLLOWING WEATHER WAS RECORDED YESTERDAY.
  THUNDERSTORM
  RAIN
  LIGHT RAIN
  FOG


RELATIVE HUMIDITY (PERCENT)
 HIGHEST   100           100 AM
 LOWEST     53           100 PM
 AVERAGE    77

..........................................................


THE JOPLIN MO CLIMATE NORMALS FOR TODAY
                         NORMAL    RECORD    YEAR
 MAXIMUM TEMPERATURE (F)   45        73      1967
 MINIMUM TEMPERATURE (F)   25         3      1963


SUNRISE AND SUNSET
JANUARY 22 2018.......SUNRISE   728 AM CST   SUNSET   532 PM CST
JANUARY 23 2018.......SUNRISE   727 AM CST   SUNSET   533 PM CST


-  INDICATES NEGATIVE NUMBERS.
R  INDICATES RECORD WAS SET OR TIED.
MM INDICATES DATA IS MISSING.
T  INDICATES TRACE AMOUNT.




$$
