000
CDUS43 KBIS 180738
CLIJMS


CLIMATE REPORT
NATIONAL WEATHER SERVICE BISMARCK ND
136 AM CST SAT NOV 18 2017


...................................

...THE JAMESTOWN ND CLIMATE SUMMARY FOR NOVEMBER 17 2017...

CLIMATE NORMAL PERIOD 1981 TO 2010
CLIMATE RECORD PERIOD 1891 TO 2017


WEATHER ITEM   OBSERVED TIME   RECORD YEAR NORMAL DEPARTURE LAST
                VALUE   (LST)  VALUE       VALUE  FROM      YEAR
                                                  NORMAL
..................................................................
TEMPERATURE (F)
 YESTERDAY
  MAXIMUM         33    726 AM  70    1953  36     -3       38
  MINIMUM         17   1159 PM  -9    1911  18     -1       33
  AVERAGE         25                        27     -2       36

PRECIPITATION (IN)
  YESTERDAY        T             0.55 1918   0.02  -0.02     0.00
  MONTH TO DATE    0.13                      0.41  -0.28      T
  SINCE SEP 1      3.04                      3.96  -0.92     5.06
  SINCE JAN 1     12.35                     18.15  -5.80    23.81

DEGREE DAYS
 HEATING
  YESTERDAY       40                        38      2       29
  MONTH TO DATE  713                       568    145      324
  SINCE SEP 1   1504                      1469     35     1093
  SINCE JUL 1   1538                      1535      3     1126

 COOLING
  YESTERDAY        0                         0      0        0
  MONTH TO DATE    0                         0      0        0
  SINCE SEP 1     35                        31      4       26
  SINCE JAN 1    397                       446    -49      419
..................................................................


WIND (MPH)
  HIGHEST WIND SPEED    18   HIGHEST WIND DIRECTION    NW (320)
  HIGHEST GUST SPEED    25   HIGHEST GUST DIRECTION    NW (310)
  AVERAGE WIND SPEED     8.2


SKY COVER
  POSSIBLE SUNSHINE  MM
  AVERAGE SKY COVER 0.2


WEATHER CONDITIONS
 THE FOLLOWING WEATHER WAS RECORDED YESTERDAY.
  NO SIGNIFICANT WEATHER WAS OBSERVED.


RELATIVE HUMIDITY (PERCENT)
 HIGHEST   100           300 AM
 LOWEST     58           100 PM
 AVERAGE    79

..........................................................


THE JAMESTOWN ND CLIMATE NORMALS FOR TODAY
                         NORMAL    RECORD    YEAR
 MAXIMUM TEMPERATURE (F)   35        69      1908
 MINIMUM TEMPERATURE (F)   17        -7      1903
                                             1894


SUNRISE AND SUNSET
NOVEMBER 18 2017......SUNRISE   743 AM CST   SUNSET   457 PM CST
NOVEMBER 19 2017......SUNRISE   744 AM CST   SUNSET   456 PM CST


-  INDICATES NEGATIVE NUMBERS.
R  INDICATES RECORD WAS SET OR TIED.
MM INDICATES DATA IS MISSING.
T  INDICATES TRACE AMOUNT.




$$
