000
CDUS43 KBIS 230735
CLIJMS


CLIMATE REPORT
NATIONAL WEATHER SERVICE BISMARCK ND
234 AM CDT SAT SEP 23 2017


...................................

...THE JAMESTOWN ND CLIMATE SUMMARY FOR SEPTEMBER 22 2017...

CLIMATE NORMAL PERIOD 1981 TO 2010
CLIMATE RECORD PERIOD 1891 TO 2017


WEATHER ITEM   OBSERVED TIME   RECORD YEAR NORMAL DEPARTURE LAST
                VALUE   (LST)  VALUE       VALUE  FROM      YEAR
                                                  NORMAL
..................................................................
TEMPERATURE (F)
 YESTERDAY
  MAXIMUM         64    413 PM  98    1936  67     -3       63
  MINIMUM         51   1159 PM  22    1947  42      9       48
  AVERAGE         58                        55      3       56

PRECIPITATION (IN)
  YESTERDAY        T             0.60 1946   0.06  -0.06     0.00
  MONTH TO DATE    1.47                      1.55  -0.08     3.53
  SINCE SEP 1      1.47                      1.55  -0.08     3.53
  SINCE JAN 1     10.78                     15.74  -4.96    22.28

DEGREE DAYS
 HEATING
  YESTERDAY        7                        11     -4        9
  MONTH TO DATE  102                       153    -51      116
  SINCE SEP 1    102                       153    -51      116
  SINCE JUL 1    136                       219    -83      149

 COOLING
  YESTERDAY        0                         0      0        0
  MONTH TO DATE   35                        28      7       20
  SINCE SEP 1     35                        28      7       20
  SINCE JAN 1    397                       443    -46      413
..................................................................


WIND (MPH)
  HIGHEST WIND SPEED    23   HIGHEST WIND DIRECTION    NW (330)
  HIGHEST GUST SPEED    31   HIGHEST GUST DIRECTION    NW (330)
  AVERAGE WIND SPEED    15.1


SKY COVER
  POSSIBLE SUNSHINE  MM
  AVERAGE SKY COVER 0.7


WEATHER CONDITIONS
 THE FOLLOWING WEATHER WAS RECORDED YESTERDAY.
  LIGHT RAIN
  FOG


RELATIVE HUMIDITY (PERCENT)
 HIGHEST   100           900 PM
 LOWEST     72           700 AM
 AVERAGE    86

..........................................................


THE JAMESTOWN ND CLIMATE NORMALS FOR TODAY
                         NORMAL    RECORD    YEAR
 MAXIMUM TEMPERATURE (F)   67        92      1958
 MINIMUM TEMPERATURE (F)   42        23      1928


SUNRISE AND SUNSET
SEPTEMBER 23 2017.....SUNRISE   723 AM CDT   SUNSET   730 PM CDT
SEPTEMBER 24 2017.....SUNRISE   724 AM CDT   SUNSET   728 PM CDT


-  INDICATES NEGATIVE NUMBERS.
R  INDICATES RECORD WAS SET OR TIED.
MM INDICATES DATA IS MISSING.
T  INDICATES TRACE AMOUNT.




$$
