000
CDUS43 KBIS 020723
CLIJMS


CLIMATE REPORT
NATIONAL WEATHER SERVICE BISMARCK ND
222 AM CDT MON MAY 2 2016


...................................

...THE JAMESTOWN ND CLIMATE SUMMARY FOR MAY 1 2016...

CLIMATE NORMAL PERIOD 1981 TO 2010
CLIMATE RECORD PERIOD 1891 TO 2016


WEATHER ITEM   OBSERVED TIME   RECORD YEAR NORMAL DEPARTURE LAST
                VALUE   (LST)  VALUE       VALUE  FROM      YEAR
                                                  NORMAL
..................................................................
TEMPERATURE (F)
 YESTERDAY
  MAXIMUM         64    418 PM  88    1959  63      1       76
  MINIMUM         28    516 AM   8    1909  37     -9       40
  AVERAGE         46                        50     -4       58

PRECIPITATION (IN)
  YESTERDAY        0.00          1.48 1902   0.07  -0.07     0.00
  MONTH TO DATE    0.00                      0.07  -0.07     0.00
  SINCE MAR 1      2.93                      2.11   0.82     0.99
  SINCE JAN 1      3.04                      2.96   0.08     1.41

DEGREE DAYS
 HEATING
  YESTERDAY       19                        15      4        7
  MONTH TO DATE   19                        15      4        7
  SINCE MAR 1   1564                      1850   -286     1594
  SINCE JUL 1   7306                      8609  -1303     8331

 COOLING
  YESTERDAY        0                         0      0        0
  MONTH TO DATE    0                         0      0        0
  SINCE MAR 1      0                         2     -2        0
  SINCE JAN 1      0                         2     -2        0
..................................................................


WIND (MPH)
  HIGHEST WIND SPEED    14   HIGHEST WIND DIRECTION    NE (30)
  HIGHEST GUST SPEED    19   HIGHEST GUST DIRECTION     N (360)
  AVERAGE WIND SPEED     5.8


SKY COVER
  POSSIBLE SUNSHINE  MM
  AVERAGE SKY COVER 0.0


WEATHER CONDITIONS
 THE FOLLOWING WEATHER WAS RECORDED YESTERDAY.
  HAZE


RELATIVE HUMIDITY (PERCENT)
 HIGHEST    78           500 AM
 LOWEST     25           500 PM
 AVERAGE    52

..........................................................


THE JAMESTOWN ND CLIMATE NORMALS FOR TODAY
                         NORMAL    RECORD    YEAR
 MAXIMUM TEMPERATURE (F)   63        94      1955
 MINIMUM TEMPERATURE (F)   37        11      1907


SUNRISE AND SUNSET
MAY  2 2016...........SUNRISE   617 AM CDT   SUNSET   847 PM CDT
MAY  3 2016...........SUNRISE   615 AM CDT   SUNSET   848 PM CDT


-  INDICATES NEGATIVE NUMBERS.
R  INDICATES RECORD WAS SET OR TIED.
MM INDICATES DATA IS MISSING.
T  INDICATES TRACE AMOUNT.




$$
