000
CDUS43 KBIS 210725
CLIJMS


CLIMATE REPORT
NATIONAL WEATHER SERVICE BISMARCK ND
225 AM CDT SUN SEP 21 2014


...................................

...THE JAMESTOWN ND CLIMATE SUMMARY FOR SEPTEMBER 20 2014...

CLIMATE NORMAL PERIOD 1981 TO 2010
CLIMATE RECORD PERIOD 1891 TO 2014


WEATHER ITEM   OBSERVED TIME   RECORD YEAR NORMAL DEPARTURE LAST
                VALUE   (LST)  VALUE       VALUE  FROM      YEAR
                                                  NORMAL
..................................................................
TEMPERATURE (F)
 YESTERDAY
  MAXIMUM         69    410 PM  96    1937  68      1       64
  MINIMUM         52    645 AM  19    1918  43      9       39
  AVERAGE         61                        56      5       52

PRECIPITATION (IN)
  YESTERDAY        0.10          0.62 2011   0.06   0.04     0.00
  MONTH TO DATE    1.59                      1.43   0.16     1.69
  SINCE SEP 1      1.59                      1.43   0.16     1.69
  SINCE JAN 1     20.27                     15.62   4.65    10.89

DEGREE DAYS
 HEATING
  YESTERDAY        4                        10     -6       13
  MONTH TO DATE  165                       132     33       69
  SINCE SEP 1    165                       132     33       69
  SINCE JUL 1    220                       198     22      113

 COOLING
  YESTERDAY        0                         1     -1        0
  MONTH TO DATE   11                        28    -17       48
  SINCE SEP 1     11                        28    -17       48
  SINCE JAN 1    349                       443    -94      514
..................................................................


WIND (MPH)
  HIGHEST WIND SPEED    29   HIGHEST WIND DIRECTION    NW (310)
  HIGHEST GUST SPEED    37   HIGHEST GUST DIRECTION    NW (330)
  AVERAGE WIND SPEED    11.6


SKY COVER
  POSSIBLE SUNSHINE  MM
  AVERAGE SKY COVER 0.2


WEATHER CONDITIONS
 THE FOLLOWING WEATHER WAS RECORDED YESTERDAY.
  THUNDERSTORM
  HEAVY RAIN
  RAIN
  LIGHT RAIN
  FOG


RELATIVE HUMIDITY (PERCENT)
 HIGHEST   100           600 AM
 LOWEST     37           500 PM
 AVERAGE    69

..........................................................


THE JAMESTOWN ND CLIMATE NORMALS FOR TODAY
                         NORMAL    RECORD    YEAR
 MAXIMUM TEMPERATURE (F)   68        97      1922
 MINIMUM TEMPERATURE (F)   42        25      1934


SUNRISE AND SUNSET
SEPTEMBER 21 2014.....SUNRISE   720 AM CDT   SUNSET   734 PM CDT
SEPTEMBER 22 2014.....SUNRISE   721 AM CDT   SUNSET   732 PM CDT


-  INDICATES NEGATIVE NUMBERS.
R  INDICATES RECORD WAS SET OR TIED.
MM INDICATES DATA IS MISSING.
T  INDICATES TRACE AMOUNT.




$$
