352
CDUS43 KBIS 190833
CLIJMS


CLIMATE REPORT
NATIONAL WEATHER SERVICE BISMARCK ND
233 AM CST FRI JAN 19 2018


...................................

...THE JAMESTOWN ND CLIMATE SUMMARY FOR JANUARY 18 2018...

CLIMATE NORMAL PERIOD 1981 TO 2010
CLIMATE RECORD PERIOD 1891 TO 2018


WEATHER ITEM   OBSERVED TIME   RECORD YEAR NORMAL DEPARTURE LAST
                VALUE   (LST)  VALUE       VALUE  FROM      YEAR
                                                  NORMAL
..................................................................
TEMPERATURE (F)
 YESTERDAY
  MAXIMUM         38   1159 PM  55    1908  20     18       39
  MINIMUM         25    847 AM -35    1950   0     25       23
  AVERAGE         32                        10     22       31

PRECIPITATION (IN)
  YESTERDAY        0.00          0.30 1920   0.02  -0.02     0.00
  MONTH TO DATE    0.01                      0.29  -0.28     0.21
  SINCE DEC 1      0.13                      0.69  -0.56     1.50
  SINCE JAN 1      0.01                      0.29  -0.28     0.21

DEGREE DAYS
 HEATING
  YESTERDAY       33                        55    -22       34
  MONTH TO DATE 1050                       988     62     1134
  SINCE DEC 1   2567                      2564      3     2748
  SINCE JUL 1   4537                      4648   -111     4309

 COOLING
  YESTERDAY        0                         0      0        0
  MONTH TO DATE    0                         0      0        0
  SINCE DEC 1      0                         0      0        0
  SINCE JAN 1      0                         0      0        0
..................................................................


WIND (MPH)
  HIGHEST WIND SPEED    20   HIGHEST WIND DIRECTION     W (260)
  HIGHEST GUST SPEED    23   HIGHEST GUST DIRECTION     W (250)
  AVERAGE WIND SPEED     9.5


SKY COVER
  POSSIBLE SUNSHINE  MM
  AVERAGE SKY COVER 0.0


WEATHER CONDITIONS
 THE FOLLOWING WEATHER WAS RECORDED YESTERDAY.
  NO SIGNIFICANT WEATHER WAS OBSERVED.


RELATIVE HUMIDITY (PERCENT)
 HIGHEST    75           700 AM
 LOWEST     63           300 AM
 AVERAGE    69

..........................................................


THE JAMESTOWN ND CLIMATE NORMALS FOR TODAY
                         NORMAL    RECORD    YEAR
 MAXIMUM TEMPERATURE (F)   20        56      1908
 MINIMUM TEMPERATURE (F)    0       -35      1937


SUNRISE AND SUNSET
JANUARY 19 2018.......SUNRISE   813 AM CST   SUNSET   519 PM CST
JANUARY 20 2018.......SUNRISE   812 AM CST   SUNSET   520 PM CST


-  INDICATES NEGATIVE NUMBERS.
R  INDICATES RECORD WAS SET OR TIED.
MM INDICATES DATA IS MISSING.
T  INDICATES TRACE AMOUNT.




$$
