000
CDAK47 PAJK 211234
CLIJNU
CLIMATE REPORT
NATIONAL WEATHER SERVICE JUNEAU, AK
331 AM AKST SUN JAN 21 2018


...................................

...THE JUNEAU CLIMATE SUMMARY FOR JANUARY 20 2018...

CLIMATE NORMAL PERIOD 1981 TO 2010
CLIMATE RECORD PERIOD 1936 TO 2018


WEATHER ITEM   OBSERVED RECORD YEAR NORMAL DEPARTURE LAST
                VALUE   VALUE       VALUE  FROM      YEAR
                                           NORMAL
...........................................................
TEMPERATURE (F)
 YESTERDAY
  MAXIMUM         34     60    1942  33      1       29
  MINIMUM         31    -13    1969  24      7       12
  AVERAGE         33                 28      5       21

PRECIPITATION (IN)
  YESTERDAY        0.00   1.23 2015   0.18  -0.18      T
  MONTH TO DATE    5.48               3.47   2.01     4.65
  SINCE JAN 1      5.48               3.47   2.01     4.65

SNOWFALL (IN)
  YESTERDAY        0.0   10.0  1984   1.0   -1.0       T
  MONTH TO DATE    9.1               17.3   -8.2      2.0
  SINCE JUL 1     35.9               46.8  -10.9     27.2
  SNOW DEPTH       0

DEGREE DAYS
 HEATING
  YESTERDAY       32                 37     -5       44
  MONTH TO DATE  672                740    -68      729
...........................................................


WIND (MPH)
  HIGHEST WIND SPEED     6   HIGHEST WIND DIRECTION     E (90)
  HIGHEST GUST SPEED     7   HIGHEST GUST DIRECTION     E (80)
  AVERAGE WIND SPEED     0.9


SKY COVER
  AVERAGE SKY COVER 1.0


WEATHER CONDITIONS
 THE FOLLOWING WEATHER WAS RECORDED YESTERDAY.
  FOG


..........................................................


THE JUNEAU CLIMATE NORMALS FOR TODAY
                         NORMAL    RECORD    YEAR
 MAXIMUM TEMPERATURE (F)   33        48      1942
 MINIMUM TEMPERATURE (F)   24       -14      1952


SUNRISE AND SUNSET
JANUARY 21 2018.......SUNRISE   825 AM AKST  SUNSET   356 PM AKST
JANUARY 22 2018.......SUNRISE   823 AM AKST  SUNSET   358 PM AKST


-  INDICATES NEGATIVE NUMBERS.
R  INDICATES RECORD WAS SET OR TIED.
MM INDICATES DATA IS MISSING.
T  INDICATES TRACE AMOUNT.




$$
--------------------------------------------------------------

AMOUNT OF DAYLIGHT TODAY (HOUR:MIN)......... 7 HOURS 31 MINUTES
GAIN/LOSS SINCE YESTERDAY (HOUR:MIN:SEC).... +0:03:55

$$
