000
CDAK47 PAJK 240034
CLIJNU
AKZ025-241200-
CLIMATE REPORT
NATIONAL WEATHER SERVICE JUNEAU, AK
434 PM AKDT SAT MAY 23 2015


...................................

...THE JUNEAU CLIMATE SUMMARY FOR MAY 23 2015...
VALID TODAY AS OF 0300 PM LOCAL TIME.

CLIMATE NORMAL PERIOD 1981 TO 2010
CLIMATE RECORD PERIOD 1943 TO 2015


WEATHER ITEM   OBSERVED TIME   RECORD YEAR NORMAL DEPARTURE LAST
                VALUE   (LST)  VALUE       VALUE  FROM      YEAR
                                                  NORMAL
..................................................................
TEMPERATURE (F)
 TODAY
  MAXIMUM         71    203 PM  75    1969  58     13       64
  MINIMUM         46    354 AM  29    1973  43      3       36
  AVERAGE         59                        50      9       50

PRECIPITATION (IN)
  TODAY            0.00          0.84 1999   0.12  -0.12      T
  MONTH TO DATE    0.47                      2.51  -2.04     1.20
  SINCE MAR 1     12.17                      9.23   2.94     7.32
  SINCE JAN 1     27.77                     18.71   9.06    19.45

DEGREE DAYS
 HEATING
  TODAY            6                        15     -9       15
  MONTH TO DATE  273                       401   -128      279
  SINCE MAR 1   1817                      2092   -275     2022
  SINCE JUL 1   7038                      7929   -891     7663

 COOLING
  TODAY            0                         0      0        0
  MONTH TO DATE    0                         0      0        0
  SINCE MAR 1      0                         0      0        0
  SINCE JAN 1      0                         0      0        0
..................................................................


WIND (MPH)
  HIGHEST WIND SPEED    15   HIGHEST WIND DIRECTION    SE (130)
  HIGHEST GUST SPEED    18   HIGHEST GUST DIRECTION    SE (130)
  AVERAGE WIND SPEED     3.1


SKY COVER
  POSSIBLE SUNSHINE  MM
  AVERAGE SKY COVER 0.7


WEATHER CONDITIONS
 THE FOLLOWING WEATHER WAS RECORDED TODAY.
  NO SIGNIFICANT WEATHER WAS OBSERVED.


RELATIVE HUMIDITY (PERCENT)
 HIGHEST    93           300 AM
 LOWEST     41           200 PM
 AVERAGE    67

..........................................................


THE JUNEAU CLIMATE NORMALS FOR TOMORROW
                         NORMAL    RECORD    YEAR
 MAXIMUM TEMPERATURE (F)   59        74      1969
 MINIMUM TEMPERATURE (F)   43        30      1964


SUNRISE AND SUNSET
MAY 23 2015...........SUNRISE   416 AM AKDT  SUNSET   935 PM AKDT
MAY 24 2015...........SUNRISE   415 AM AKDT  SUNSET   937 PM AKDT


-  INDICATES NEGATIVE NUMBERS.
R  INDICATES RECORD WAS SET OR TIED.
MM INDICATES DATA IS MISSING.
T  INDICATES TRACE AMOUNT.




$$


&&
----------------------------
AMOUNT OF DAYLIGHT TODAY  (HOUR:MIN)........17:19
GAIN/LOSS SINCE YESTERDAY (HOUR:MIN:SEC)....+0:03:43
