000
CDUS41 KCTP 290638
CLIJST


CLIMATE REPORT
NATIONAL WEATHER SERVICE STATE COLLEGE PA
238 AM EDT TUE JUL 29 2014


...................................

...THE JOHNSTOWN CLIMATE SUMMARY FOR JULY 28 2014...

CLIMATE NORMAL PERIOD 1981 TO 2010
CLIMATE RECORD PERIOD 2000 TO 2014


WEATHER ITEM   OBSERVED TIME   RECORD YEAR NORMAL DEPARTURE LAST
                VALUE   (LST)  VALUE       VALUE  FROM      YEAR
                                                  NORMAL
..................................................................
TEMPERATURE (F)
 YESTERDAY
  MAXIMUM         64    219 AM 102    1930  79    -15       73
  MINIMUM         52   1159 PM  47    1962  60     -8       56
  AVERAGE         58                        69    -11       65

PRECIPITATION (IN)
  YESTERDAY        0.44          1.41 1923   0.13   0.31     0.09
  MONTH TO DATE    3.49                      3.42   0.07     2.62
  SINCE JUN 1      8.33                      3.42   4.91     8.47
  SINCE JAN 1     21.89                     20.06   1.83    19.39

DEGREE DAYS
 HEATING
  YESTERDAY        7                         0      7        0
  MONTH TO DATE   32                         8     24       15
  SINCE JUN 1     72                        87    -15       78
  SINCE JUL 1     32                         8     24       15

 COOLING
  YESTERDAY        0                         5     -5        0
  MONTH TO DATE  108                       135    -27      161
  SINCE JUN 1    192                       210    -18      230
  SINCE JAN 1    218                       228    -10      271
..................................................................


WIND (MPH)
  HIGHEST WIND SPEED    23   HIGHEST WIND DIRECTION    NW (310)
  HIGHEST GUST SPEED    32   HIGHEST GUST DIRECTION     W (280)
  AVERAGE WIND SPEED    13.3


SKY COVER
  POSSIBLE SUNSHINE  MM
  AVERAGE SKY COVER 0.8


WEATHER CONDITIONS
 THE FOLLOWING WEATHER WAS RECORDED YESTERDAY.
  HEAVY RAIN
  RAIN
  LIGHT RAIN
  FOG


RELATIVE HUMIDITY (PERCENT)
 HIGHEST   100           300 AM
 LOWEST     84           800 AM
 AVERAGE    92

..........................................................


THE JOHNSTOWN CLIMATE NORMALS FOR TODAY
                         NORMAL    RECORD    YEAR
 MAXIMUM TEMPERATURE (F)   79        98      1901
 MINIMUM TEMPERATURE (F)   60        50      2013
                                             1914


SUNRISE AND SUNSET
JULY 29 2014..........SUNRISE   610 AM EDT   SUNSET   833 PM EDT
JULY 30 2014..........SUNRISE   611 AM EDT   SUNSET   832 PM EDT


-  INDICATES NEGATIVE NUMBERS.
R  INDICATES RECORD WAS SET OR TIED.
MM INDICATES DATA IS MISSING.
T  INDICATES TRACE AMOUNT.




$$
