000
CDUS41 KCTP 180644
CLIJST


CLIMATE REPORT
NATIONAL WEATHER SERVICE STATE COLLEGE PA
244 AM EDT WED OCT 18 2017


...................................

...THE JOHNSTOWN CLIMATE SUMMARY FOR OCTOBER 17 2017...

CLIMATE NORMAL PERIOD 1981 TO 2010
CLIMATE RECORD PERIOD 1892 TO 2017


WEATHER ITEM   OBSERVED TIME   RECORD YEAR NORMAL DEPARTURE LAST
                VALUE   (LST)  VALUE       VALUE  FROM      YEAR
                                                  NORMAL
..................................................................
TEMPERATURE (F)
 YESTERDAY
  MAXIMUM         57    256 PM  87    1938  58     -1       74
  MINIMUM         33    538 AM  26    1937  41     -8       60
  AVERAGE         45                        49     -4       67

PRECIPITATION (IN)
  YESTERDAY        0.00          1.82 1936   0.10  -0.10     0.03
  MONTH TO DATE    1.87                      1.75   0.12     1.46
  SINCE SEP 1      4.04                      1.75   2.29     4.38
  SINCE JAN 1     38.29                     26.04  12.25    29.03

DEGREE DAYS
 HEATING
  YESTERDAY       20                        16      4        0
  MONTH TO DATE   84                       230   -146      163
  SINCE SEP 1    211                       410   -199      229
  SINCE JUL 1    252                       448   -196      240

 COOLING
  YESTERDAY        0                         0      0        2
  MONTH TO DATE   22                         0     22        2
  SINCE SEP 1     95                        22     73       88
  SINCE JAN 1    497                       382    115      691
..................................................................


WIND (MPH)
  HIGHEST WIND SPEED    13   HIGHEST WIND DIRECTION     W (280)
  HIGHEST GUST SPEED    19   HIGHEST GUST DIRECTION     W (280)
  AVERAGE WIND SPEED     6.3


SKY COVER
  POSSIBLE SUNSHINE  MM
  AVERAGE SKY COVER 0.0


WEATHER CONDITIONS
 THE FOLLOWING WEATHER WAS RECORDED YESTERDAY.
  NO SIGNIFICANT WEATHER WAS OBSERVED.


RELATIVE HUMIDITY (PERCENT)
 HIGHEST    89           500 AM
 LOWEST     46           100 PM
 AVERAGE    68

..........................................................


THE JOHNSTOWN CLIMATE NORMALS FOR TODAY
                         NORMAL    RECORD    YEAR
 MAXIMUM TEMPERATURE (F)   58        88      1938
 MINIMUM TEMPERATURE (F)   41        25      1982


SUNRISE AND SUNSET
OCTOBER 18 2017.......SUNRISE   730 AM EDT   SUNSET   631 PM EDT
OCTOBER 19 2017.......SUNRISE   731 AM EDT   SUNSET   629 PM EDT


-  INDICATES NEGATIVE NUMBERS.
R  INDICATES RECORD WAS SET OR TIED.
MM INDICATES DATA IS MISSING.
T  INDICATES TRACE AMOUNT.




$$
