000
CDUS41 KCTP 192118
CLIJST


CLIMATE REPORT
NATIONAL WEATHER SERVICE STATE COLLEGE PA
518 PM EDT SAT APR 19 2014


...................................

...THE JOHNSTOWN CLIMATE SUMMARY FOR APRIL 19 2014...
VALID TODAY AS OF 0500 PM LOCAL TIME.

CLIMATE NORMAL PERIOD 1981 TO 2010
CLIMATE RECORD PERIOD 2000 TO 2014


WEATHER ITEM   OBSERVED TIME   RECORD YEAR NORMAL DEPARTURE LAST
                VALUE   (LST)  VALUE       VALUE  FROM      YEAR
                                                  NORMAL
..................................................................
TEMPERATURE (F)
 TODAY
  MAXIMUM         59    351 PM  90    1976  58      1       68
  MINIMUM         41    624 AM  23    1983  39      2       38
  AVERAGE         50                        49      1       53

PRECIPITATION (IN)
  TODAY            0.00          0.91 1943   0.11  -0.11     0.23
  MONTH TO DATE    1.94                      2.39  -0.45     1.65
  SINCE MAR 1      3.89                      5.68  -1.79     3.21
  SINCE JAN 1      7.93                     10.91  -2.98     7.34

DEGREE DAYS
 HEATING
  TODAY           15                        17     -2       12
  MONTH TO DATE  342                       379    -37      316
  SINCE MAR 1   1438                      1292    146     1351
  SINCE JUL 1   6766                      6171    595     6144

 COOLING
  TODAY            0                         0      0        0
  MONTH TO DATE    4                         0      4        1
  SINCE MAR 1      4                         0      4        1
  SINCE JAN 1      4                         0      4        1
..................................................................


WIND (MPH)
  HIGHEST WIND SPEED    15   HIGHEST WIND DIRECTION     N (360)
  HIGHEST GUST SPEED    20   HIGHEST GUST DIRECTION     N (10)
  AVERAGE WIND SPEED     7.1


SKY COVER
  POSSIBLE SUNSHINE  MM
  AVERAGE SKY COVER 0.0


WEATHER CONDITIONS
 THE FOLLOWING WEATHER WAS RECORDED TODAY.
  NO SIGNIFICANT WEATHER WAS OBSERVED.


RELATIVE HUMIDITY (PERCENT)
 HIGHEST    76           400 AM
 LOWEST     19           100 PM
 AVERAGE    48

..........................................................


THE JOHNSTOWN CLIMATE NORMALS FOR TOMORROW
                         NORMAL    RECORD    YEAR
 MAXIMUM TEMPERATURE (F)   59        90      1976
 MINIMUM TEMPERATURE (F)   40        23      1897


SUNRISE AND SUNSET
APRIL 19 2014.........SUNRISE   631 AM EDT   SUNSET   758 PM EDT
APRIL 20 2014.........SUNRISE   630 AM EDT   SUNSET   759 PM EDT


-  INDICATES NEGATIVE NUMBERS.
R  INDICATES RECORD WAS SET OR TIED.
MM INDICATES DATA IS MISSING.
T  INDICATES TRACE AMOUNT.




$$
