680
CDUS41 KCTP 140620
CLIJST


CLIMATE REPORT
NATIONAL WEATHER SERVICE STATE COLLEGE PA
119 AM EST SUN FEB 14 2016


...................................

...THE JOHNSTOWN CLIMATE SUMMARY FOR FEBRUARY 13 2016...

CLIMATE NORMAL PERIOD 1981 TO 2010
CLIMATE RECORD PERIOD 2000 TO 2016


WEATHER ITEM   OBSERVED TIME   RECORD YEAR NORMAL DEPARTURE LAST
                VALUE   (LST)  VALUE       VALUE  FROM      YEAR
                                                  NORMAL
..................................................................
TEMPERATURE (F)
 YESTERDAY
  MAXIMUM         14   1218 AM  68    1938  34    -20       14
  MINIMUM          1    756 AM -11    1917  20    -19       -1
  AVERAGE          8                        27    -19        7

PRECIPITATION (IN)
  YESTERDAY        0.01          1.13 1966   0.08  -0.07      T
  MONTH TO DATE    0.62                      1.10  -0.48     1.21
  SINCE DEC 1      5.22                      6.55  -1.33     5.46
  SINCE JAN 1      1.49                      3.98  -2.49     3.13

DEGREE DAYS
 HEATING
  YESTERDAY       57                        38     19       58
  MONTH TO DATE  487                       511    -24      536
  SINCE DEC 1   2421                      2870   -449     2855
  SINCE JUL 1   3539                      4328   -789     4366

 COOLING
  YESTERDAY        0                         0      0        0
  MONTH TO DATE    0                         0      0        0
  SINCE DEC 1      0                         0      0        0
  SINCE JAN 1      0                         0      0        0
..................................................................


WIND (MPH)
  HIGHEST WIND SPEED    28   HIGHEST WIND DIRECTION    NW (300)
  HIGHEST GUST SPEED    37   HIGHEST GUST DIRECTION    NW (310)
  AVERAGE WIND SPEED    18.7


SKY COVER
  POSSIBLE SUNSHINE  MM
  AVERAGE SKY COVER 1.0


WEATHER CONDITIONS
 THE FOLLOWING WEATHER WAS RECORDED YESTERDAY.
  HEAVY SNOW
  SNOW
  LIGHT SNOW
  HAZE
  BLOWING SNOW


RELATIVE HUMIDITY (PERCENT)
 HIGHEST    80          1200 AM
 LOWEST     62           800 AM
 AVERAGE    71

..........................................................


THE JOHNSTOWN CLIMATE NORMALS FOR TODAY
                         NORMAL    RECORD    YEAR
 MAXIMUM TEMPERATURE (F)   34        65      1949
 MINIMUM TEMPERATURE (F)   20        -6      1905


SUNRISE AND SUNSET
FEBRUARY 14 2016......SUNRISE   711 AM EST   SUNSET   549 PM EST
FEBRUARY 15 2016......SUNRISE   709 AM EST   SUNSET   550 PM EST


-  INDICATES NEGATIVE NUMBERS.
R  INDICATES RECORD WAS SET OR TIED.
MM INDICATES DATA IS MISSING.
T  INDICATES TRACE AMOUNT.




$$
