000
CDUS41 KCTP 222117
CLIJST


CLIMATE REPORT
NATIONAL WEATHER SERVICE STATE COLLEGE PA
517 PM EDT MON MAY 22 2017


...................................

...THE JOHNSTOWN CLIMATE SUMMARY FOR MAY 22 2017...
VALID TODAY AS OF 0500 PM LOCAL TIME.

CLIMATE NORMAL PERIOD 1981 TO 2010
CLIMATE RECORD PERIOD 1892 TO 2017


WEATHER ITEM   OBSERVED TIME   RECORD YEAR NORMAL DEPARTURE LAST
                VALUE   (LST)  VALUE       VALUE  FROM      YEAR
                                                  NORMAL
..................................................................
TEMPERATURE (F)
 TODAY
  MAXIMUM         67    246 PM  96    1911  67      0       54
  MINIMUM         55    346 AM  30    1895  49      6       47
  AVERAGE         61                        58      3       51

PRECIPITATION (IN)
  TODAY            T             0.96 1975   0.17  -0.17     0.39
  MONTH TO DATE    4.24                      3.07   1.17     3.89
  SINCE MAR 1     11.92                      9.95   1.97     7.69
  SINCE JAN 1     17.58                     15.18   2.40    10.54

DEGREE DAYS
 HEATING
  TODAY            4                         8     -4       14
  MONTH TO DATE  246                       219     27      269
  SINCE MAR 1   1494                      1670   -176     1415
  SINCE JUL 1   5414                      6550  -1136     5478

 COOLING
  TODAY            0                         1     -1        0
  MONTH TO DATE   26                         9     17        0
  SINCE MAR 1     29                        14     15        0
  SINCE JAN 1     29                        14     15        0
..................................................................


WIND (MPH)
  HIGHEST WIND SPEED    17   HIGHEST WIND DIRECTION     W (260)
  HIGHEST GUST SPEED    25   HIGHEST GUST DIRECTION     W (280)
  AVERAGE WIND SPEED     9.8


SKY COVER
  POSSIBLE SUNSHINE  MM
  AVERAGE SKY COVER 0.7


WEATHER CONDITIONS
 THE FOLLOWING WEATHER WAS RECORDED TODAY.
  LIGHT RAIN
  FOG
  FOG W/VISIBILITY <= 1/4 MILE


RELATIVE HUMIDITY (PERCENT)
 HIGHEST   100           900 AM
 LOWEST     56           300 PM
 AVERAGE    78

..........................................................


THE JOHNSTOWN CLIMATE NORMALS FOR TOMORROW
                         NORMAL    RECORD    YEAR
 MAXIMUM TEMPERATURE (F)   68        93      1925
 MINIMUM TEMPERATURE (F)   49        32      2006


SUNRISE AND SUNSET
MAY 22 2017...........SUNRISE   553 AM EDT   SUNSET   831 PM EDT
MAY 23 2017...........SUNRISE   553 AM EDT   SUNSET   832 PM EDT


-  INDICATES NEGATIVE NUMBERS.
R  INDICATES RECORD WAS SET OR TIED.
MM INDICATES DATA IS MISSING.
T  INDICATES TRACE AMOUNT.




$$
