000
CDUS41 KCTP 270627
CLIJST


CLIMATE REPORT
NATIONAL WEATHER SERVICE STATE COLLEGE PA
127 AM EST TUE JAN 27 2015


...................................

...THE JOHNSTOWN CLIMATE SUMMARY FOR JANUARY 26 2015...

CLIMATE NORMAL PERIOD 1981 TO 2010
CLIMATE RECORD PERIOD 2000 TO 2015


WEATHER ITEM   OBSERVED TIME   RECORD YEAR NORMAL DEPARTURE LAST
                VALUE   (LST)  VALUE       VALUE  FROM      YEAR
                                                  NORMAL
..................................................................
TEMPERATURE (F)
 YESTERDAY
  MAXIMUM         29    123 AM  80    1950  32     -3       33
  MINIMUM         18   1127 PM -10    1936  18      0        4
  AVERAGE         24                        25     -1       19

PRECIPITATION (IN)
  YESTERDAY        0.22          1.80 1898   0.07   0.15     0.03
  MONTH TO DATE    1.72                      2.46  -0.74     0.84
  SINCE DEC 1      4.05                      5.03  -0.98     4.01
  SINCE JAN 1      1.72                      2.46  -0.74     0.84

DEGREE DAYS
 HEATING
  YESTERDAY       41                        40      1       46
  MONTH TO DATE 1073                      1033     40     1160
  SINCE DEC 1   2079                      2160    -81     2223
  SINCE JUL 1   3590                      3617    -27     3854

 COOLING
  YESTERDAY        0                         0      0        0
  MONTH TO DATE    0                         0      0        0
  SINCE DEC 1      0                         0      0        0
  SINCE JAN 1      0                         0      0        0
..................................................................


WIND (MPH)
  HIGHEST WIND SPEED    12   HIGHEST WIND DIRECTION    SE (130)
  HIGHEST GUST SPEED    15   HIGHEST GUST DIRECTION    SE (130)
  AVERAGE WIND SPEED     4.7


SKY COVER
  POSSIBLE SUNSHINE  MM
  AVERAGE SKY COVER 1.0


WEATHER CONDITIONS
 THE FOLLOWING WEATHER WAS RECORDED YESTERDAY.
  SNOW
  LIGHT SNOW
  FOG


RELATIVE HUMIDITY (PERCENT)
 HIGHEST    92          1200 AM
 LOWEST     81           200 PM
 AVERAGE    87

..........................................................


THE JOHNSTOWN CLIMATE NORMALS FOR TODAY
                         NORMAL    RECORD    YEAR
 MAXIMUM TEMPERATURE (F)   32        75      1916
 MINIMUM TEMPERATURE (F)   18       -10      1907


SUNRISE AND SUNSET
JANUARY 27 2015.......SUNRISE   729 AM EST   SUNSET   527 PM EST
JANUARY 28 2015.......SUNRISE   728 AM EST   SUNSET   529 PM EST


-  INDICATES NEGATIVE NUMBERS.
R  INDICATES RECORD WAS SET OR TIED.
MM INDICATES DATA IS MISSING.
T  INDICATES TRACE AMOUNT.




$$
