000
CDUS41 KCTP 260633
CLIJST


CLIMATE REPORT
NATIONAL WEATHER SERVICE STATE COLLEGE PA
233 AM EDT THU MAY 26 2016


...................................

...THE JOHNSTOWN CLIMATE SUMMARY FOR MAY 25 2016...

CLIMATE NORMAL PERIOD 1981 TO 2010
CLIMATE RECORD PERIOD 1892 TO 2016


WEATHER ITEM   OBSERVED TIME   RECORD YEAR NORMAL DEPARTURE LAST
                VALUE   (LST)  VALUE       VALUE  FROM      YEAR
                                                  NORMAL
..................................................................
TEMPERATURE (F)
 YESTERDAY
  MAXIMUM         78    516 PM  95    1904  68     10       81
  MINIMUM         55    339 AM  31    1956  50      5       59
  AVERAGE         67                        59      8       70

PRECIPITATION (IN)
  YESTERDAY        0.00          1.17 1952   0.16  -0.16     0.00
  MONTH TO DATE    3.91                      3.58   0.33     2.00
  SINCE MAR 1      7.71                     10.46  -2.75    10.46
  SINCE JAN 1     10.56                     15.69  -5.13    13.86

DEGREE DAYS
 HEATING
  YESTERDAY        0                         7     -7        0
  MONTH TO DATE  278                       240     38      132
  SINCE MAR 1   1424                      1691   -267     1588
  SINCE JUL 1   5487                      6571  -1084     6777

 COOLING
  YESTERDAY        2                         1      1        5
  MONTH TO DATE    2                        12    -10       48
  SINCE MAR 1      2                        17    -15       48
  SINCE JAN 1      2                        17    -15       48
..................................................................


WIND (MPH)
  HIGHEST WIND SPEED    15   HIGHEST WIND DIRECTION     W (280)
  HIGHEST GUST SPEED    23   HIGHEST GUST DIRECTION     W (250)
  AVERAGE WIND SPEED     6.2


SKY COVER
  POSSIBLE SUNSHINE  MM
  AVERAGE SKY COVER 0.0


WEATHER CONDITIONS
 THE FOLLOWING WEATHER WAS RECORDED YESTERDAY.
  NO SIGNIFICANT WEATHER WAS OBSERVED.


RELATIVE HUMIDITY (PERCENT)
 HIGHEST    66           400 AM
 LOWEST     28           400 PM
 AVERAGE    47

..........................................................


THE JOHNSTOWN CLIMATE NORMALS FOR TODAY
                         NORMAL    RECORD    YEAR
 MAXIMUM TEMPERATURE (F)   68        94      1914
 MINIMUM TEMPERATURE (F)   50        33      1917


SUNRISE AND SUNSET
MAY 26 2016...........SUNRISE   550 AM EDT   SUNSET   835 PM EDT
MAY 27 2016...........SUNRISE   550 AM EDT   SUNSET   836 PM EDT


-  INDICATES NEGATIVE NUMBERS.
R  INDICATES RECORD WAS SET OR TIED.
MM INDICATES DATA IS MISSING.
T  INDICATES TRACE AMOUNT.




$$
