000
CDUS41 KCTP 050607
CLIJST


CLIMATE REPORT
NATIONAL WEATHER SERVICE STATE COLLEGE PA
207 AM EDT SUN JUL 5 2015


...................................

...THE JOHNSTOWN CLIMATE SUMMARY FOR JULY 4 2015...

CLIMATE NORMAL PERIOD 1981 TO 2010
CLIMATE RECORD PERIOD 2000 TO 2015


WEATHER ITEM   OBSERVED TIME   RECORD YEAR NORMAL DEPARTURE LAST
                VALUE   (LST)  VALUE       VALUE  FROM      YEAR
                                                  NORMAL
..................................................................
TEMPERATURE (F)
 YESTERDAY
  MAXIMUM         75    415 PM 100    1911  78     -3       68
  MINIMUM         61   1137 PM  47    1986  60      1       54
  AVERAGE         68                        69     -1       61

PRECIPITATION (IN)
  YESTERDAY        1.18          1.38 1928   0.12   1.06     0.00
  MONTH TO DATE    1.64                      0.48   1.16     0.01
  SINCE JUN 1     13.60                      0.48  13.12     4.85
  SINCE JAN 1     28.00                     17.12  10.88    18.41

DEGREE DAYS
 HEATING
  YESTERDAY        0                         1     -1        4
  MONTH TO DATE    3                         4     -1        4
  SINCE JUN 1     64                        83    -19       44
  SINCE JUL 1      3                         4     -1        4

 COOLING
  YESTERDAY        3                         4     -1        0
  MONTH TO DATE    3                        16    -13       25
  SINCE JUN 1     93                        91      2      109
  SINCE JAN 1    177                       109     68      135
..................................................................


WIND (MPH)
  HIGHEST WIND SPEED    14   HIGHEST WIND DIRECTION     W (290)
  HIGHEST GUST SPEED    19   HIGHEST GUST DIRECTION     N (340)
  AVERAGE WIND SPEED     6.1


SKY COVER
  POSSIBLE SUNSHINE  MM
  AVERAGE SKY COVER 0.6


WEATHER CONDITIONS
 THE FOLLOWING WEATHER WAS RECORDED YESTERDAY.
  THUNDERSTORM
  HEAVY RAIN
  RAIN
  LIGHT RAIN
  FOG
  HAZE


RELATIVE HUMIDITY (PERCENT)
 HIGHEST   100           900 AM
 LOWEST     64           300 PM
 AVERAGE    82

..........................................................


THE JOHNSTOWN CLIMATE NORMALS FOR TODAY
                         NORMAL    RECORD    YEAR
 MAXIMUM TEMPERATURE (F)   78       101      1911
 MINIMUM TEMPERATURE (F)   60        44      1940


SUNRISE AND SUNSET
JULY  5 2015..........SUNRISE   551 AM EDT   SUNSET   848 PM EDT
JULY  6 2015..........SUNRISE   552 AM EDT   SUNSET   848 PM EDT


-  INDICATES NEGATIVE NUMBERS.
R  INDICATES RECORD WAS SET OR TIED.
MM INDICATES DATA IS MISSING.
T  INDICATES TRACE AMOUNT.




$$
