000
CDUS41 KCTP 240629
CLIJST


CLIMATE REPORT
NATIONAL WEATHER SERVICE STATE COLLEGE PA
229 AM EDT FRI OCT 24 2014


...................................

...THE JOHNSTOWN CLIMATE SUMMARY FOR OCTOBER 23 2014...

CLIMATE NORMAL PERIOD 1981 TO 2010
CLIMATE RECORD PERIOD 2000 TO 2014


WEATHER ITEM   OBSERVED TIME   RECORD YEAR NORMAL DEPARTURE LAST
                VALUE   (LST)  VALUE       VALUE  FROM      YEAR
                                                  NORMAL
..................................................................
TEMPERATURE (F)
 YESTERDAY
  MAXIMUM         58    217 PM  86    1947  56      2       38
  MINIMUM         41    226 AM  23    1944  40      1       32
  AVERAGE         50                        48      2       35

PRECIPITATION (IN)
  YESTERDAY        0.00          1.04 1912   0.10  -0.10     0.10
  MONTH TO DATE    2.64                      2.33   0.31     2.34
  SINCE SEP 1      3.84                      2.33   1.51     6.41
  SINCE JAN 1     29.74                     26.62   3.12    31.36

DEGREE DAYS
 HEATING
  YESTERDAY       15                        17     -2       30
  MONTH TO DATE  284                       329    -45      245
  SINCE SEP 1    434                       509    -75      462
  SINCE JUL 1    517                       547    -30      533

 COOLING
  YESTERDAY        0                         0      0        0
  MONTH TO DATE    0                         0      0       16
  SINCE SEP 1     46                        22     24       47
  SINCE JAN 1    341                       382    -41      393
..................................................................


WIND (MPH)
  HIGHEST WIND SPEED    26   HIGHEST WIND DIRECTION    NW (300)
  HIGHEST GUST SPEED    34   HIGHEST GUST DIRECTION    NW (310)
  AVERAGE WIND SPEED    15.9


SKY COVER
  POSSIBLE SUNSHINE  MM
  AVERAGE SKY COVER 0.5


WEATHER CONDITIONS
 THE FOLLOWING WEATHER WAS RECORDED YESTERDAY.
  NO SIGNIFICANT WEATHER WAS OBSERVED.


RELATIVE HUMIDITY (PERCENT)
 HIGHEST    86           200 AM
 LOWEST     47           300 PM
 AVERAGE    67

..........................................................


THE JOHNSTOWN CLIMATE NORMALS FOR TODAY
                         NORMAL    RECORD    YEAR
 MAXIMUM TEMPERATURE (F)   56        82      1963
 MINIMUM TEMPERATURE (F)   40        20      1969


SUNRISE AND SUNSET
OCTOBER 24 2014.......SUNRISE   736 AM EDT   SUNSET   623 PM EDT
OCTOBER 25 2014.......SUNRISE   737 AM EDT   SUNSET   621 PM EDT


-  INDICATES NEGATIVE NUMBERS.
R  INDICATES RECORD WAS SET OR TIED.
MM INDICATES DATA IS MISSING.
T  INDICATES TRACE AMOUNT.




$$
