000
CDUS43 KGRR 240539
CLIJXN


CLIMATE REPORT
NATIONAL WEATHER SERVICE GRAND RAPIDS, MI
134 AM EDT THU APR 24 2014


...................................

...THE JACKSON MI CLIMATE SUMMARY FOR APRIL 23 2014...

CLIMATE NORMAL PERIOD 1981 TO 2010
CLIMATE RECORD PERIOD 9999 TO 9999


WEATHER ITEM   OBSERVED TIME   NORMAL DEPARTURE LAST
                VALUE   (LST)  VALUE  FROM      YEAR
                                      NORMAL
......................................................
TEMPERATURE (F)
 YESTERDAY
  MAXIMUM         58    354 PM  62     -4       68
  MINIMUM         32    639 AM  40     -8       39
  AVERAGE         45            51     -6       54

PRECIPITATION (IN)
  YESTERDAY        0.00          0.09  -0.09     0.51
  MONTH TO DATE    1.60          1.99  -0.39     5.26
  SINCE MAR 1      3.51          3.89  -0.38     5.90
  SINCE JAN 1      7.79          6.67   1.12    10.25

DEGREE DAYS
 HEATING
  YESTERDAY       20            15      5       11
  MONTH TO DATE  429           428      1      502
  SINCE MAR 1   1604          1338    266     1537
  SINCE JUL 1   7168          6252    916     6235

 COOLING
  YESTERDAY        0             0      0        0
  MONTH TO DATE    0             0      0        0
  SINCE MAR 1      0             0      0        0
  SINCE JAN 1      0             0      0        0
......................................................


WIND (MPH)
  RESULTANT WIND SPEED   6   RESULTANT WIND DIRECTION   N (360)
  HIGHEST WIND SPEED    16   HIGHEST WIND DIRECTION     N (360)
  HIGHEST GUST SPEED    22   HIGHEST GUST DIRECTION    NE (30)
  AVERAGE WIND SPEED     7.9


SKY COVER
  AVERAGE SKY COVER 0.1


WEATHER CONDITIONS
 THE FOLLOWING WEATHER WAS RECORDED YESTERDAY.
  NO SIGNIFICANT WEATHER WAS OBSERVED.


RELATIVE HUMIDITY (PERCENT)
 HIGHEST    78           600 AM
 LOWEST     22           500 PM
 AVERAGE    50

..........................................................


THE JACKSON MI CLIMATE NORMALS FOR TODAY
                         NORMAL
 MAXIMUM TEMPERATURE (F)   62
 MINIMUM TEMPERATURE (F)   40


SUNRISE AND SUNSET
APRIL 24 2014.........SUNRISE   643 AM EDT   SUNSET   829 PM EDT
APRIL 25 2014.........SUNRISE   642 AM EDT   SUNSET   831 PM EDT


-  INDICATES NEGATIVE NUMBERS.
R  INDICATES RECORD WAS SET OR TIED.
MM INDICATES DATA IS MISSING.
T  INDICATES TRACE AMOUNT.




$$
