000
CDUS43 KGRR 290516
CLIJXN


CLIMATE REPORT
NATIONAL WEATHER SERVICE GRAND RAPIDS, MI
114 AM EDT WED JUL 29 2015


...................................

...THE JACKSON MI CLIMATE SUMMARY FOR JULY 28 2015...

CLIMATE NORMAL PERIOD 1981 TO 2010
CLIMATE RECORD PERIOD 1944 TO 9999


WEATHER ITEM   OBSERVED TIME   NORMAL DEPARTURE LAST
                VALUE   (LST)  VALUE  FROM      YEAR
                                      NORMAL
......................................................
TEMPERATURE (F)
 YESTERDAY
  MAXIMUM         90    212 PM  82      8       70
  MINIMUM         60    540 AM  60      0       50
  AVERAGE         75            71      4       60

PRECIPITATION (IN)
  YESTERDAY        0.00          0.13  -0.13     0.00
  MONTH TO DATE    2.58          3.21  -0.63     3.14
  SINCE JUN 1      9.81          6.48   3.33     7.90
  SINCE JAN 1     20.44         17.08   3.36    20.23

DEGREE DAYS
 HEATING
  YESTERDAY        0             0      0        5
  MONTH TO DATE   13             1     12       25
  SINCE JUN 1     45            56    -11       56
  SINCE JUL 1     13             1     12       25

 COOLING
  YESTERDAY       10             6      4        0
  MONTH TO DATE  128           186    -58       98
  SINCE JUN 1    214           312    -98      239
  SINCE JAN 1    269           349    -80      273
......................................................


WIND (MPH)
  RESULTANT WIND SPEED   4   RESULTANT WIND DIRECTION  SE (140)
  HIGHEST WIND SPEED    14   HIGHEST WIND DIRECTION    SE (140)
  HIGHEST GUST SPEED    17   HIGHEST GUST DIRECTION    SE (140)
  AVERAGE WIND SPEED     4.1


SKY COVER
  AVERAGE SKY COVER 0.0


WEATHER CONDITIONS
 THE FOLLOWING WEATHER WAS RECORDED YESTERDAY.
  FOG
  FOG W/VISIBILITY <= 1/4 MILE


RELATIVE HUMIDITY (PERCENT)
 HIGHEST    93          1200 AM
 LOWEST     38           200 PM
 AVERAGE    66

..........................................................


THE JACKSON MI CLIMATE NORMALS FOR TODAY
                         NORMAL
 MAXIMUM TEMPERATURE (F)   81
 MINIMUM TEMPERATURE (F)   60


SUNRISE AND SUNSET
JULY 29 2015..........SUNRISE   627 AM EDT   SUNSET   901 PM EDT
JULY 30 2015..........SUNRISE   628 AM EDT   SUNSET   900 PM EDT


-  INDICATES NEGATIVE NUMBERS.
R  INDICATES RECORD WAS SET OR TIED.
MM INDICATES DATA IS MISSING.
T  INDICATES TRACE AMOUNT.




$$
