000
CDUS43 KGRR 030526
CLIJXN


CLIMATE REPORT
NATIONAL WEATHER SERVICE GRAND RAPIDS, MI
125 AM EDT FRI JUL 3 2015


...................................

...THE JACKSON MI CLIMATE SUMMARY FOR JULY 2 2015...

CLIMATE NORMAL PERIOD 1981 TO 2010
CLIMATE RECORD PERIOD 1944 TO 9999


WEATHER ITEM   OBSERVED TIME   NORMAL DEPARTURE LAST
                VALUE   (LST)  VALUE  FROM      YEAR
                                      NORMAL
......................................................
TEMPERATURE (F)
 YESTERDAY
  MAXIMUM         74    449 PM  82     -8       75
  MINIMUM         51    150 AM  60     -9       61
  AVERAGE         63            71     -8       68

PRECIPITATION (IN)
  YESTERDAY        0.00          0.11  -0.11     0.00
  MONTH TO DATE    0.01          0.22  -0.21     0.77
  SINCE JUN 1      7.24          3.49   3.75     5.53
  SINCE JAN 1     17.87         14.09   3.78    17.86

DEGREE DAYS
 HEATING
  YESTERDAY        2             0      2        0
  MONTH TO DATE    4             1      3        0
  SINCE JUN 1     36            56    -20       31
  SINCE JUL 1      4             1      3        0

 COOLING
  YESTERDAY        0             6     -6        3
  MONTH TO DATE    0            12    -12       11
  SINCE JUN 1     86           138    -52      152
  SINCE JAN 1    141           175    -34      186
......................................................


WIND (MPH)
  RESULTANT WIND SPEED   5   RESULTANT WIND DIRECTION  NE (50)
  HIGHEST WIND SPEED    13   HIGHEST WIND DIRECTION    NE (40)
  HIGHEST GUST SPEED    19   HIGHEST GUST DIRECTION     E (70)
  AVERAGE WIND SPEED     5.6


SKY COVER
  AVERAGE SKY COVER 0.4


WEATHER CONDITIONS
 THE FOLLOWING WEATHER WAS RECORDED YESTERDAY.
  FOG
  FOG W/VISIBILITY <= 1/4 MILE


RELATIVE HUMIDITY (PERCENT)
 HIGHEST   100           500 AM
 LOWEST     53           200 PM
 AVERAGE    77

..........................................................


THE JACKSON MI CLIMATE NORMALS FOR TODAY
                         NORMAL
 MAXIMUM TEMPERATURE (F)   82
 MINIMUM TEMPERATURE (F)   60


SUNRISE AND SUNSET
JULY  3 2015..........SUNRISE   606 AM EDT   SUNSET   918 PM EDT
JULY  4 2015..........SUNRISE   607 AM EDT   SUNSET   918 PM EDT


-  INDICATES NEGATIVE NUMBERS.
R  INDICATES RECORD WAS SET OR TIED.
MM INDICATES DATA IS MISSING.
T  INDICATES TRACE AMOUNT.




$$
