645
CDUS43 KGRR 250520
CLIJXN


CLIMATE REPORT
NATIONAL WEATHER SERVICE GRAND RAPIDS, MI
120 AM EDT SAT MAR 25 2017


...................................

...THE JACKSON MI CLIMATE SUMMARY FOR MARCH 24 2017...

CLIMATE NORMAL PERIOD 1981 TO 2010
CLIMATE RECORD PERIOD 1944 TO 9999


WEATHER ITEM   OBSERVED TIME   NORMAL DEPARTURE LAST
                VALUE   (LST)  VALUE  FROM      YEAR
                                      NORMAL
......................................................
TEMPERATURE (F)
 YESTERDAY
  MAXIMUM         77    434 PM  49     28       58
  MINIMUM         36   1220 AM  29      7       33
  AVERAGE         57            39     18       46

PRECIPITATION (IN)
  YESTERDAY        0.83          0.07   0.76     0.83
  MONTH TO DATE    2.44          1.41   1.03     1.37
  SINCE MAR 1      2.44          1.41   1.03     1.37
  SINCE JAN 1      7.38          4.19   3.19     3.24

DEGREE DAYS
 HEATING
  YESTERDAY        8            26    -18       19
  MONTH TO DATE  771           738     33      565
  SINCE MAR 1    771           738     33      565
  SINCE JUL 1   4779          5652   -873     4687

 COOLING
  YESTERDAY        0             0      0        0
  MONTH TO DATE    0             0      0        0
  SINCE MAR 1      0             0      0        0
  SINCE JAN 1      0             0      0        0
......................................................


WIND (MPH)
  RESULTANT WIND SPEED  14   RESULTANT WIND DIRECTION  SW (230)
  HIGHEST WIND SPEED    28   HIGHEST WIND DIRECTION    SW (230)
  HIGHEST GUST SPEED    35   HIGHEST GUST DIRECTION    SW (240)
  AVERAGE WIND SPEED    15.5


SKY COVER
  AVERAGE SKY COVER 0.3


WEATHER CONDITIONS
 THE FOLLOWING WEATHER WAS RECORDED YESTERDAY.
  THUNDERSTORM
  HEAVY RAIN
  RAIN
  LIGHT RAIN
  FOG


RELATIVE HUMIDITY (PERCENT)
 HIGHEST    79           300 AM
 LOWEST     36           400 PM
 AVERAGE    58

..........................................................


THE JACKSON MI CLIMATE NORMALS FOR TODAY
                         NORMAL
 MAXIMUM TEMPERATURE (F)   49
 MINIMUM TEMPERATURE (F)   29


SUNRISE AND SUNSET
MARCH 25 2017.........SUNRISE   732 AM EDT   SUNSET   756 PM EDT
MARCH 26 2017.........SUNRISE   730 AM EDT   SUNSET   757 PM EDT


-  INDICATES NEGATIVE NUMBERS.
R  INDICATES RECORD WAS SET OR TIED.
MM INDICATES DATA IS MISSING.
T  INDICATES TRACE AMOUNT.




$$
