000
CDUS43 KGRR 250530
CLIJXN


CLIMATE REPORT
NATIONAL WEATHER SERVICE GRAND RAPIDS, MI
130 AM EDT SAT OCT 25 2014


...................................

...THE JACKSON MI CLIMATE SUMMARY FOR OCTOBER 24 2014...

CLIMATE NORMAL PERIOD 1981 TO 2010
CLIMATE RECORD PERIOD 1944 TO 9999


WEATHER ITEM   OBSERVED TIME   NORMAL DEPARTURE LAST
                VALUE   (LST)  VALUE  FROM      YEAR
                                      NORMAL
......................................................
TEMPERATURE (F)
 YESTERDAY
  MAXIMUM         59    437 PM  58      1       46
  MINIMUM         33    358 AM  38     -5       30
  AVERAGE         46            48     -2       38

PRECIPITATION (IN)
  YESTERDAY        0.00          0.07  -0.07     0.02
  MONTH TO DATE    1.10          2.08  -0.98     1.04
  SINCE SEP 1      3.20          5.56  -2.36     3.59
  SINCE JAN 1     26.21         26.48  -0.27    28.14

DEGREE DAYS
 HEATING
  YESTERDAY       19            17      2       27
  MONTH TO DATE  357           332     25      276
  SINCE SEP 1    520           485     35      436
  SINCE JUL 1    562           520     42      484

 COOLING
  YESTERDAY        0             0      0        0
  MONTH TO DATE    0             3     -3       12
  SINCE SEP 1     50            60    -10       76
  SINCE JAN 1    496           589    -93      616
......................................................


WIND (MPH)
  RESULTANT WIND SPEED   2   RESULTANT WIND DIRECTION  SW (230)
  HIGHEST WIND SPEED    12   HIGHEST WIND DIRECTION    SW (230)
  HIGHEST GUST SPEED    14   HIGHEST GUST DIRECTION    SW (230)
  AVERAGE WIND SPEED     2.6


SKY COVER
  AVERAGE SKY COVER 0.5


WEATHER CONDITIONS
 THE FOLLOWING WEATHER WAS RECORDED YESTERDAY.
  FOG
  HAZE


RELATIVE HUMIDITY (PERCENT)
 HIGHEST    96           200 AM
 LOWEST     62           200 PM
 AVERAGE    79

..........................................................


THE JACKSON MI CLIMATE NORMALS FOR TODAY
                         NORMAL
 MAXIMUM TEMPERATURE (F)   57
 MINIMUM TEMPERATURE (F)   38


SUNRISE AND SUNSET
OCTOBER 25 2014.......SUNRISE   802 AM EDT   SUNSET   641 PM EDT
OCTOBER 26 2014.......SUNRISE   804 AM EDT   SUNSET   639 PM EDT


-  INDICATES NEGATIVE NUMBERS.
R  INDICATES RECORD WAS SET OR TIED.
MM INDICATES DATA IS MISSING.
T  INDICATES TRACE AMOUNT.




$$
