000
CDUS43 KIND 250548
CLILAF


CLIMATE REPORT
NATIONAL WEATHER SERVICE INDIANAPOLIS IN
133 AM EDT SUN SEP 25 2016


...................................

...THE LAFAYETTE IN CLIMATE SUMMARY FOR SEPTEMBER 24 2016...

CLIMATE NORMAL PERIOD 1981 TO 2010
CLIMATE RECORD PERIOD 9999 TO 9999


WEATHER ITEM   OBSERVED TIME   NORMAL DEPARTURE LAST
                VALUE   (LST)  VALUE  FROM      YEAR
                                      NORMAL
......................................................
TEMPERATURE (F)
 YESTERDAY
  MAXIMUM         79        MM  75      4       81
  MINIMUM         67        MM  51     16       52
  AVERAGE         73            63     10       67

PRECIPITATION (IN)
  YESTERDAY        0.00          0.09  -0.09     0.00
  MONTH TO DATE    2.80          2.12   0.68     2.85
  SINCE SEP 1      2.80          2.12   0.68     2.85
  SINCE JAN 1     30.14         27.67   2.47    26.86

DEGREE DAYS
 HEATING
  YESTERDAY        0             4     -4        0
  MONTH TO DATE    2            46    -44       36
  SINCE SEP 1      2            46    -44       36
  SINCE JUL 1     12            52    -40       45

 COOLING
  YESTERDAY        8             2      6        2
  MONTH TO DATE  145           102     43      135
  SINCE SEP 1    145           102     43      135
  SINCE JAN 1   1057           954    103      794
......................................................


WIND (MPH)
  HIGHEST WIND SPEED    12   HIGHEST WIND DIRECTION     E (70)
  HIGHEST GUST SPEED    MM   HIGHEST GUST DIRECTION    MM
  AVERAGE WIND SPEED     8.6


SKY COVER
  AVERAGE SKY COVER 0.4


WEATHER CONDITIONS
 THE FOLLOWING WEATHER WAS RECORDED YESTERDAY.
  FOG


RELATIVE HUMIDITY (PERCENT)
 HIGHEST   100           500 AM
 LOWEST     71           200 PM
 AVERAGE    86

..........................................................


THE LAFAYETTE IN CLIMATE NORMALS FOR TODAY
                         NORMAL
 MAXIMUM TEMPERATURE (F)   74
 MINIMUM TEMPERATURE (F)   51


SUNRISE AND SUNSET
SEPTEMBER 25 2016.....SUNRISE   739 AM EDT   SUNSET   739 PM EDT
SEPTEMBER 26 2016.....SUNRISE   740 AM EDT   SUNSET   737 PM EDT


-  INDICATES NEGATIVE NUMBERS.
R  INDICATES RECORD WAS SET OR TIED.
MM INDICATES DATA IS MISSING.
T  INDICATES TRACE AMOUNT.




$$
