000
CDUS43 KIND 230538
CLILAF


CLIMATE REPORT
NATIONAL WEATHER SERVICE INDIANAPOLIS IN
135 AM EDT SUN JUL 23 2017


...................................

...THE LAFAYETTE IN CLIMATE SUMMARY FOR JULY 22 2017...

CLIMATE NORMAL PERIOD 1981 TO 2010
CLIMATE RECORD PERIOD 9999 TO 9999


WEATHER ITEM   OBSERVED TIME   NORMAL DEPARTURE LAST
                VALUE   (LST)  VALUE  FROM      YEAR
                                      NORMAL
......................................................
TEMPERATURE (F)
 YESTERDAY
  MAXIMUM         85    243 PM  85      0       87
  MINIMUM         71    520 AM  64      7       72
  AVERAGE         78            74      4       80

PRECIPITATION (IN)
  YESTERDAY        1.10          0.13   0.97     0.07
  MONTH TO DATE    6.16          2.97   3.19     4.07
  SINCE JUN 1     12.47          7.07   5.40     9.60
  SINCE JAN 1     32.88         21.09  11.79    21.71

DEGREE DAYS
 HEATING
  YESTERDAY        0             0      0        0
  MONTH TO DATE    0             0      0       10
  SINCE JUN 1     19            22     -3       20
  SINCE JUL 1      0             0      0       10

 COOLING
  YESTERDAY       13             9      4       15
  MONTH TO DATE  220           218      2      177
  SINCE JUN 1    415           435    -20      410
  SINCE JAN 1    472           512    -40      478
......................................................


WIND (MPH)
  HIGHEST WIND SPEED    18   HIGHEST WIND DIRECTION    NW (320)
  HIGHEST GUST SPEED    30   HIGHEST GUST DIRECTION    NW (320)
  AVERAGE WIND SPEED     6.2


SKY COVER
  AVERAGE SKY COVER 0.5


WEATHER CONDITIONS
 THE FOLLOWING WEATHER WAS RECORDED YESTERDAY.
  THUNDERSTORM
  HEAVY RAIN
  RAIN
  LIGHT RAIN
  FOG


RELATIVE HUMIDITY (PERCENT)
 HIGHEST   100           300 AM
 LOWEST     70           400 PM
 AVERAGE    85

..........................................................


THE LAFAYETTE IN CLIMATE NORMALS FOR TODAY
                         NORMAL
 MAXIMUM TEMPERATURE (F)   85
 MINIMUM TEMPERATURE (F)   64


SUNRISE AND SUNSET
JULY 23 2017..........SUNRISE   637 AM EDT   SUNSET   911 PM EDT
JULY 24 2017..........SUNRISE   638 AM EDT   SUNSET   910 PM EDT


-  INDICATES NEGATIVE NUMBERS.
R  INDICATES RECORD WAS SET OR TIED.
MM INDICATES DATA IS MISSING.
T  INDICATES TRACE AMOUNT.




$$
