106
CDUS43 KIND 280533
CLILAF


CLIMATE REPORT
NATIONAL WEATHER SERVICE INDIANAPOLIS IN
132 AM EDT THU APR 28 2016


...................................

...THE LAFAYETTE IN CLIMATE SUMMARY FOR APRIL 27 2016...

CLIMATE NORMAL PERIOD 1981 TO 2010
CLIMATE RECORD PERIOD 9999 TO 9999


WEATHER ITEM   OBSERVED TIME   NORMAL DEPARTURE LAST
                VALUE   (LST)  VALUE  FROM      YEAR
                                      NORMAL
......................................................
TEMPERATURE (F)
 YESTERDAY
  MAXIMUM         58    541 PM  67     -9       56
  MINIMUM         47    640 AM  44      3       33
  AVERAGE         53            56     -3       45

PRECIPITATION (IN)
  YESTERDAY        0.27          0.13   0.14     0.00
  MONTH TO DATE    2.31          3.15  -0.84     2.30
  SINCE MAR 1      6.60          5.82   0.78     3.08
  SINCE JAN 1      9.33          9.44  -0.11     4.81

DEGREE DAYS
 HEATING
  YESTERDAY       12            10      2       20
  MONTH TO DATE  394           378     16      352
  SINCE MAR 1    966          1129   -163     1237
  SINCE JUL 1   4774          5463   -689     6315

 COOLING
  YESTERDAY        0             1     -1        0
  MONTH TO DATE    2             9     -7        2
  SINCE MAR 1      2            10     -8        2
  SINCE JAN 1      2            10     -8        2
......................................................


WIND (MPH)
  HIGHEST WIND SPEED    26   HIGHEST WIND DIRECTION     E (80)
  HIGHEST GUST SPEED    34   HIGHEST GUST DIRECTION     E (70)
  AVERAGE WIND SPEED    14.0


SKY COVER
  AVERAGE SKY COVER 1.0


WEATHER CONDITIONS
 THE FOLLOWING WEATHER WAS RECORDED YESTERDAY.
  LIGHT RAIN
  FOG
  HAZE


RELATIVE HUMIDITY (PERCENT)
 HIGHEST    89          1200 AM
 LOWEST     72           100 PM
 AVERAGE    81

..........................................................


THE LAFAYETTE IN CLIMATE NORMALS FOR TODAY
                         NORMAL
 MAXIMUM TEMPERATURE (F)   67
 MINIMUM TEMPERATURE (F)   45


SUNRISE AND SUNSET
APRIL 28 2016.........SUNRISE   650 AM EDT   SUNSET   841 PM EDT
APRIL 29 2016.........SUNRISE   649 AM EDT   SUNSET   842 PM EDT


-  INDICATES NEGATIVE NUMBERS.
R  INDICATES RECORD WAS SET OR TIED.
MM INDICATES DATA IS MISSING.
T  INDICATES TRACE AMOUNT.




$$
