000
CDUS43 KIND 230532
CLILAF


CLIMATE REPORT
NATIONAL WEATHER SERVICE INDIANAPOLIS IN
132 AM EDT SUN APR 23 2017


...................................

...THE LAFAYETTE IN CLIMATE SUMMARY FOR APRIL 22 2017...

CLIMATE NORMAL PERIOD 1981 TO 2010
CLIMATE RECORD PERIOD 9999 TO 9999


WEATHER ITEM   OBSERVED TIME   NORMAL DEPARTURE LAST
                VALUE   (LST)  VALUE  FROM      YEAR
                                      NORMAL
......................................................
TEMPERATURE (F)
 YESTERDAY
  MAXIMUM         60    429 PM  65     -5       61
  MINIMUM         41    613 AM  43     -2       44
  AVERAGE         51            54     -3       53

PRECIPITATION (IN)
  YESTERDAY        0.00          0.13  -0.13     0.06
  MONTH TO DATE    2.30          2.52  -0.22     2.03
  SINCE MAR 1      5.97          5.19   0.78     6.32
  SINCE JAN 1     10.87          8.81   2.06     9.05

DEGREE DAYS
 HEATING
  YESTERDAY       14            11      3       12
  MONTH TO DATE  216           326   -110      362
  SINCE MAR 1    940          1077   -137      934
  SINCE JUL 1   4628          5411   -783     4742

 COOLING
  YESTERDAY        0             1     -1        0
  MONTH TO DATE    7             4      3        0
  SINCE MAR 1      8             5      3        0
  SINCE JAN 1      8             5      3        0
......................................................


WIND (MPH)
  HIGHEST WIND SPEED    24   HIGHEST WIND DIRECTION    NE (50)
  HIGHEST GUST SPEED    32   HIGHEST GUST DIRECTION     E (70)
  AVERAGE WIND SPEED    12.8


SKY COVER
  AVERAGE SKY COVER 0.0


WEATHER CONDITIONS
 THE FOLLOWING WEATHER WAS RECORDED YESTERDAY.
  NO SIGNIFICANT WEATHER WAS OBSERVED.


RELATIVE HUMIDITY (PERCENT)
 HIGHEST    82           700 AM
 LOWEST     40           600 PM
 AVERAGE    61

..........................................................


THE LAFAYETTE IN CLIMATE NORMALS FOR TODAY
                         NORMAL
 MAXIMUM TEMPERATURE (F)   66
 MINIMUM TEMPERATURE (F)   43


SUNRISE AND SUNSET
APRIL 23 2017.........SUNRISE   657 AM EDT   SUNSET   835 PM EDT
APRIL 24 2017.........SUNRISE   656 AM EDT   SUNSET   836 PM EDT


-  INDICATES NEGATIVE NUMBERS.
R  INDICATES RECORD WAS SET OR TIED.
MM INDICATES DATA IS MISSING.
T  INDICATES TRACE AMOUNT.




$$
