000
CDUS43 KIND 230535
CLILAF


CLIMATE REPORT
NATIONAL WEATHER SERVICE INDIANAPOLIS IN
134 AM EDT THU OCT 23 2014


...................................

...THE LAFAYETTE IN CLIMATE SUMMARY FOR OCTOBER 22 2014...

CLIMATE NORMAL PERIOD 1981 TO 2010
CLIMATE RECORD PERIOD 9999 TO 9999


WEATHER ITEM   OBSERVED TIME   NORMAL DEPARTURE LAST
                VALUE   (LST)  VALUE  FROM      YEAR
                                      NORMAL
......................................................
TEMPERATURE (F)
 YESTERDAY
  MAXIMUM         57    448 PM  63     -6       49
  MINIMUM         33    731 AM  42     -9       25
  AVERAGE         45            52     -7       37

PRECIPITATION (IN)
  YESTERDAY        0.00          0.09  -0.09     0.20
  MONTH TO DATE    5.19          2.06   3.13     2.29
  SINCE SEP 1      9.99          4.72   5.27     6.22
  SINCE JAN 1     35.31         30.27   5.04    33.85

DEGREE DAYS
 HEATING
  YESTERDAY       20            13      7       28
  MONTH TO DATE  265           218     47      197
  SINCE SEP 1    391           297     94      256
  SINCE JUL 1    415           303    112      276

 COOLING
  YESTERDAY        0             0      0        0
  MONTH TO DATE    7            13     -6       31
  SINCE SEP 1     67           126    -59      158
  SINCE JAN 1    743           978   -235      884
......................................................


WIND (MPH)
  HIGHEST WIND SPEED    10   HIGHEST WIND DIRECTION     E (80)
  HIGHEST GUST SPEED    14   HIGHEST GUST DIRECTION     E (90)
  AVERAGE WIND SPEED     3.3


SKY COVER
  AVERAGE SKY COVER 0.0


WEATHER CONDITIONS
 THE FOLLOWING WEATHER WAS RECORDED YESTERDAY.
  NO SIGNIFICANT WEATHER WAS OBSERVED.


RELATIVE HUMIDITY (PERCENT)
 HIGHEST   100           300 AM
 LOWEST     43           400 PM
 AVERAGE    72

..........................................................


THE LAFAYETTE IN CLIMATE NORMALS FOR TODAY
                         NORMAL
 MAXIMUM TEMPERATURE (F)   62
 MINIMUM TEMPERATURE (F)   42


SUNRISE AND SUNSET
OCTOBER 23 2014.......SUNRISE   807 AM EDT   SUNSET   656 PM EDT
OCTOBER 24 2014.......SUNRISE   808 AM EDT   SUNSET   655 PM EDT


-  INDICATES NEGATIVE NUMBERS.
R  INDICATES RECORD WAS SET OR TIED.
MM INDICATES DATA IS MISSING.
T  INDICATES TRACE AMOUNT.




$$
