000
CDUS43 KIND 250546
CLILAF


CLIMATE REPORT
NATIONAL WEATHER SERVICE INDIANAPOLIS IN
146 AM EDT THU AUG 25 2016


...................................

...THE LAFAYETTE IN CLIMATE SUMMARY FOR AUGUST 24 2016...

CLIMATE NORMAL PERIOD 1981 TO 2010
CLIMATE RECORD PERIOD 9999 TO 9999


WEATHER ITEM   OBSERVED TIME   NORMAL DEPARTURE LAST
                VALUE   (LST)  VALUE  FROM      YEAR
                                      NORMAL
......................................................
TEMPERATURE (F)
 YESTERDAY
  MAXIMUM         86    411 PM  84      2       75
  MINIMUM         68    439 AM  62      6       53
  AVERAGE         77            73      4       64

PRECIPITATION (IN)
  YESTERDAY        0.61          0.11   0.50     0.00
  MONTH TO DATE    3.29          2.70   0.59     0.74
  SINCE JUN 1     13.32         10.77   2.55    15.07
  SINCE JAN 1     25.43         24.79   0.64    24.01

DEGREE DAYS
 HEATING
  YESTERDAY        0             0      0        1
  MONTH TO DATE    0             0      0        1
  SINCE JUN 1     20            23     -3       27
  SINCE JUL 1     10             1      9        7

 COOLING
  YESTERDAY       12             8      4        0
  MONTH TO DATE  247           210     37      141
  SINCE JUN 1    759           724     35      541
  SINCE JAN 1    827           801     26      630
......................................................


WIND (MPH)
  HIGHEST WIND SPEED    17   HIGHEST WIND DIRECTION    SW (230)
  HIGHEST GUST SPEED    26   HIGHEST GUST DIRECTION    SW (230)
  AVERAGE WIND SPEED     6.0


SKY COVER
  AVERAGE SKY COVER 0.5


WEATHER CONDITIONS
 THE FOLLOWING WEATHER WAS RECORDED YESTERDAY.
  THUNDERSTORM
  HEAVY RAIN
  RAIN
  LIGHT RAIN
  FOG


RELATIVE HUMIDITY (PERCENT)
 HIGHEST   100          1000 PM
 LOWEST     74           400 PM
 AVERAGE    87

..........................................................


THE LAFAYETTE IN CLIMATE NORMALS FOR TODAY
                         NORMAL
 MAXIMUM TEMPERATURE (F)   84
 MINIMUM TEMPERATURE (F)   62


SUNRISE AND SUNSET
AUGUST 25 2016........SUNRISE   709 AM EDT   SUNSET   830 PM EDT
AUGUST 26 2016........SUNRISE   710 AM EDT   SUNSET   828 PM EDT


-  INDICATES NEGATIVE NUMBERS.
R  INDICATES RECORD WAS SET OR TIED.
MM INDICATES DATA IS MISSING.
T  INDICATES TRACE AMOUNT.




$$
