000
CDUS43 KIND 240532
CLILAF


CLIMATE REPORT
NATIONAL WEATHER SERVICE INDIANAPOLIS IN
131 AM EDT THU JUL 24 2014


...................................

...THE LAFAYETTE IN CLIMATE SUMMARY FOR JULY 23 2014...

CLIMATE NORMAL PERIOD 1981 TO 2010
CLIMATE RECORD PERIOD 9999 TO 9999


WEATHER ITEM   OBSERVED TIME   NORMAL DEPARTURE LAST
                VALUE   (LST)  VALUE  FROM      YEAR
                                      NORMAL
......................................................
TEMPERATURE (F)
 YESTERDAY
  MAXIMUM         78    249 PM  85     -7       84
  MINIMUM         57   1153 PM  64     -7       60
  AVERAGE         68            74     -6       72

PRECIPITATION (IN)
  YESTERDAY        0.09          0.13  -0.04     0.01
  MONTH TO DATE    2.94          3.10  -0.16     2.43
  SINCE JUN 1      7.41          7.20   0.21     6.70
  SINCE JAN 1     20.24         21.22  -0.98    25.32

DEGREE DAYS
 HEATING
  YESTERDAY        0             0      0        0
  MONTH TO DATE   10             0     10        0
  SINCE JUN 1     16            22     -6       18
  SINCE JUL 1     10             0     10        0

 COOLING
  YESTERDAY        3             9     -6        7
  MONTH TO DATE  102           227   -125      216
  SINCE JUN 1    327           444   -117      394
  SINCE JAN 1    424           521    -97      495
......................................................


WIND (MPH)
  HIGHEST WIND SPEED    21   HIGHEST WIND DIRECTION     N (350)
  HIGHEST GUST SPEED    27   HIGHEST GUST DIRECTION     N (350)
  AVERAGE WIND SPEED     8.6


SKY COVER
  AVERAGE SKY COVER 0.5


WEATHER CONDITIONS
 THE FOLLOWING WEATHER WAS RECORDED YESTERDAY.
  THUNDERSTORM
  HEAVY RAIN
  LIGHT RAIN
  FOG


RELATIVE HUMIDITY (PERCENT)
 HIGHEST    93           300 AM
 LOWEST     53           500 PM
 AVERAGE    73

..........................................................


THE LAFAYETTE IN CLIMATE NORMALS FOR TODAY
                         NORMAL
 MAXIMUM TEMPERATURE (F)   85
 MINIMUM TEMPERATURE (F)   64


SUNRISE AND SUNSET
JULY 24 2014..........SUNRISE   638 AM EDT   SUNSET   910 PM EDT
JULY 25 2014..........SUNRISE   639 AM EDT   SUNSET   909 PM EDT


-  INDICATES NEGATIVE NUMBERS.
R  INDICATES RECORD WAS SET OR TIED.
MM INDICATES DATA IS MISSING.
T  INDICATES TRACE AMOUNT.




$$
