000
CDUS43 KIND 030543
CLILAF


CLIMATE REPORT
NATIONAL WEATHER SERVICE INDIANAPOLIS IN
142 AM EDT WED JUN 3 2015


...................................

...THE LAFAYETTE IN CLIMATE SUMMARY FOR JUNE 2 2015...

CLIMATE NORMAL PERIOD 1981 TO 2010
CLIMATE RECORD PERIOD 9999 TO 9999


WEATHER ITEM   OBSERVED TIME   NORMAL DEPARTURE LAST
                VALUE   (LST)  VALUE  FROM      YEAR
                                      NORMAL
......................................................
TEMPERATURE (F)
 YESTERDAY
  MAXIMUM         70    448 PM  79     -9       78
  MINIMUM         46    555 AM  57    -11       69
  AVERAGE         58            68    -10       74

PRECIPITATION (IN)
  YESTERDAY        0.00          0.15  -0.15     0.31
  MONTH TO DATE    0.00          0.31  -0.31     0.33
  SINCE JUN 1      0.00          0.31  -0.31     0.33
  SINCE JAN 1      8.94         14.33  -5.39    13.16

DEGREE DAYS
 HEATING
  YESTERDAY        7             2      5        0
  MONTH TO DATE   14             4     10        0
  SINCE JUN 1     14             4     10        0
  SINCE JUL 1   6497          5654    843     6546

 COOLING
  YESTERDAY        0             4     -4        9
  MONTH TO DATE    0             8     -8       18
  SINCE JUN 1      0             8     -8       18
  SINCE JAN 1     89            85      4      115
......................................................


WIND (MPH)
  HIGHEST WIND SPEED    16   HIGHEST WIND DIRECTION     E (80)
  HIGHEST GUST SPEED    20   HIGHEST GUST DIRECTION     E (80)
  AVERAGE WIND SPEED     5.8


SKY COVER
  AVERAGE SKY COVER 0.1


WEATHER CONDITIONS
 THE FOLLOWING WEATHER WAS RECORDED YESTERDAY.
  FOG


RELATIVE HUMIDITY (PERCENT)
 HIGHEST   100           200 AM
 LOWEST     53           400 PM
 AVERAGE    77

..........................................................


THE LAFAYETTE IN CLIMATE NORMALS FOR TODAY
                         NORMAL
 MAXIMUM TEMPERATURE (F)   79
 MINIMUM TEMPERATURE (F)   57


SUNRISE AND SUNSET
JUNE  3 2015..........SUNRISE   619 AM EDT   SUNSET   913 PM EDT
JUNE  4 2015..........SUNRISE   619 AM EDT   SUNSET   914 PM EDT


-  INDICATES NEGATIVE NUMBERS.
R  INDICATES RECORD WAS SET OR TIED.
MM INDICATES DATA IS MISSING.
T  INDICATES TRACE AMOUNT.




$$
