000
CDUS43 KGRR 050518
CLILAN


CLIMATE REPORT
NATIONAL WEATHER SERVICE GRAND RAPIDS, MI
118 AM EDT THU MAY 5 2016


...................................

...THE LANSING MI CLIMATE SUMMARY FOR MAY 4 2016...

CLIMATE NORMAL PERIOD 1981 TO 2010
CLIMATE RECORD PERIOD 1864 TO 2016


WEATHER ITEM   OBSERVED TIME   RECORD YEAR NORMAL DEPARTURE LAST
                VALUE   (LST)  VALUE       VALUE  FROM      YEAR
                                                  NORMAL
..................................................................
TEMPERATURE (F)
 YESTERDAY
  MAXIMUM         54    239 AM  89    1895  65    -11       75
  MINIMUM         47   1159 PM  25    1926  43      4       58
  AVERAGE         51                        54     -3       67

PRECIPITATION (IN)
  YESTERDAY        0.43          1.50 1883   0.10   0.33     0.11
  MONTH TO DATE    0.88                      0.41   0.47     0.11
  SINCE MAR 1      7.64                      5.50   2.14     2.14
  SINCE JAN 1     10.80                      8.62   2.18     4.39

SNOWFALL (IN)
  YESTERDAY        0.0           0.2  1954   0.0    0.0      0.0
  MONTH TO DATE    0.0                       0.0    0.0      0.0
  SINCE MAR 1     16.4                       8.9    7.5      1.9
  SINCE JUL 1     50.0                      51.1   -1.1     35.6
  SNOW DEPTH       0

DEGREE DAYS
 HEATING
  YESTERDAY       14                        11      3        0
  MONTH TO DATE   62                        47     15       15
  SINCE MAR 1   1427                      1510    -83     1527
  SINCE JUL 1   5587                      6445   -858     7021

 COOLING
  YESTERDAY        0                         0      0        2
  MONTH TO DATE    0                         0      0        3
  SINCE MAR 1      1                         7     -6        3
  SINCE JAN 1      1                         7     -6        3
..................................................................


WIND (MPH)
  RESULTANT WIND SPEED   1   RESULTANT WIND DIRECTION  SE (120)
  HIGHEST WIND SPEED    20   HIGHEST WIND DIRECTION    NE (50)
  HIGHEST GUST SPEED    27   HIGHEST GUST DIRECTION    NE (60)
  AVERAGE WIND SPEED     9.6


SKY COVER
  AVERAGE SKY COVER 0.9


WEATHER CONDITIONS
 THE FOLLOWING WEATHER WAS RECORDED YESTERDAY.
  THUNDERSTORM
  HEAVY RAIN
  RAIN
  LIGHT RAIN
  FOG


RELATIVE HUMIDITY (PERCENT)
 HIGHEST    93           100 PM
 LOWEST     59           200 AM
 AVERAGE    76

..........................................................


THE LANSING MI CLIMATE NORMALS FOR TODAY
                         NORMAL    RECORD    YEAR
 MAXIMUM TEMPERATURE (F)   65        92      1895
 MINIMUM TEMPERATURE (F)   43        27      1987


SUNRISE AND SUNSET
MAY  5 2016...........SUNRISE   627 AM EDT   SUNSET   844 PM EDT
MAY  6 2016...........SUNRISE   626 AM EDT   SUNSET   845 PM EDT


-  INDICATES NEGATIVE NUMBERS.
R  INDICATES RECORD WAS SET OR TIED.
MM INDICATES DATA IS MISSING.
T  INDICATES TRACE AMOUNT.




$$
