000
CDUS43 KGRR 242132
CLILAN


CLIMATE REPORT
NATIONAL WEATHER SERVICE GRAND RAPIDS, MI
530 PM EDT FRI OCT 24 2014


...................................

...THE LANSING MI CLIMATE SUMMARY FOR OCTOBER 24 2014...
VALID TODAY AS OF 0500 PM LOCAL TIME.

CLIMATE NORMAL PERIOD 1981 TO 2010
CLIMATE RECORD PERIOD 1864 TO 2014


WEATHER ITEM   OBSERVED TIME   RECORD YEAR NORMAL DEPARTURE LAST
                VALUE   (LST)  VALUE       VALUE  FROM      YEAR
                                                  NORMAL
..................................................................
TEMPERATURE (F)
 TODAY
  MAXIMUM         61    318 PM  84    1963  57      4       46
  MINIMUM         37   1228 AM  15    1869  39     -2       30
  AVERAGE         49                        48      1       38

PRECIPITATION (IN)
  TODAY            0.00          0.96 2010   0.08  -0.08      T
  MONTH TO DATE    3.28                      1.97   1.31     1.84
  SINCE SEP 1      5.82                      5.47   0.35     2.82
  SINCE JAN 1     33.04                     26.56   6.48    35.74

SNOWFALL (IN)
  TODAY            0.0           1.0  1878   0.0    0.0      0.0
  MONTH TO DATE    0.0                       0.2   -0.2       T
  SINCE SEP 1      0.0                       0.2   -0.2       T
  SINCE JUL 1      0.0                       0.2   -0.2       T
  SNOW DEPTH       0

DEGREE DAYS
 HEATING
  TODAY           16                        17     -1       27
  MONTH TO DATE  349                       330     19      270
  SINCE SEP 1    509                       483     26      426
  SINCE JUL 1    549                       518     31      461

 COOLING
  TODAY            0                         0      0        0
  MONTH TO DATE    0                         4     -4       10
  SINCE SEP 1     43                        65    -22       73
  SINCE JAN 1    488                       622   -134      661
..................................................................


WIND (MPH)
  RESULTANT WIND SPEED   3   RESULTANT WIND DIRECTION  SW (220)
  HIGHEST WIND SPEED    14   HIGHEST WIND DIRECTION     W (250)
  HIGHEST GUST SPEED    17   HIGHEST GUST DIRECTION     W (250)
  AVERAGE WIND SPEED     3.9


SKY COVER
  AVERAGE SKY COVER 0.8


WEATHER CONDITIONS
 THE FOLLOWING WEATHER WAS RECORDED TODAY.
  FOG
  HAZE


RELATIVE HUMIDITY (PERCENT)
 HIGHEST    86           600 AM
 LOWEST     60           400 PM
 AVERAGE    73

..........................................................


THE LANSING MI CLIMATE NORMALS FOR TOMORROW
                         NORMAL    RECORD    YEAR
 MAXIMUM TEMPERATURE (F)   56        81      1963
 MINIMUM TEMPERATURE (F)   38        12      1887


SUNRISE AND SUNSET
OCTOBER 24 2014.......SUNRISE   802 AM EDT   SUNSET   642 PM EDT
OCTOBER 25 2014.......SUNRISE   804 AM EDT   SUNSET   641 PM EDT


-  INDICATES NEGATIVE NUMBERS.
R  INDICATES RECORD WAS SET OR TIED.
MM INDICATES DATA IS MISSING.
T  INDICATES TRACE AMOUNT.




$$

63
