000
CDUS43 KGRR 250516
CLILAN


CLIMATE REPORT
NATIONAL WEATHER SERVICE GRAND RAPIDS, MI
1216 AM EST THU DEC 25 2014


...................................

...THE LANSING MI CLIMATE SUMMARY FOR DECEMBER 24 2014...

CLIMATE NORMAL PERIOD 1981 TO 2010
CLIMATE RECORD PERIOD 1864 TO 2014


WEATHER ITEM   OBSERVED TIME   RECORD YEAR NORMAL DEPARTURE LAST
                VALUE   (LST)  VALUE       VALUE  FROM      YEAR
                                                  NORMAL
..................................................................
TEMPERATURE (F)
 YESTERDAY
  MAXIMUM         43    448 AM  62    1893  32     11       17
  MINIMUM         33   1141 PM -13    1897  20     13       10
                                      1884
                                      1870
  AVERAGE         38                        26     12       14

PRECIPITATION (IN)
  YESTERDAY        0.99          1.40 1979   0.05   0.94     0.02
  MONTH TO DATE    1.50                      1.47   0.03     1.71
  SINCE DEC 1      1.50                      1.47   0.03     1.71
  SINCE JAN 1     37.42                     31.37   6.05    41.29

SNOWFALL (IN)
  YESTERDAY        0.4           7.0  1884   0.4    0.0      1.7
  MONTH TO DATE    1.1                       9.7   -8.6     12.3
  SINCE DEC 1      1.1                       9.7   -8.6     12.3
  SINCE JUL 1      7.3                      13.5   -6.2     13.0
  SNOW DEPTH       0

DEGREE DAYS
 HEATING
  YESTERDAY       27                        39    -12       51
  MONTH TO DATE  782                       858    -76      934
  SINCE DEC 1    782                       858    -76      934
  SINCE JUL 1   2378                      2272    106     2380

 COOLING
  YESTERDAY        0                         0      0        0
  MONTH TO DATE    0                         0      0        0
  SINCE DEC 1      0                         0      0        0
  SINCE JAN 1    488                       625   -137      661
..................................................................


WIND (MPH)
  RESULTANT WIND SPEED   5   RESULTANT WIND DIRECTION  NW (310)
  HIGHEST WIND SPEED    21   HIGHEST WIND DIRECTION     N (350)
  HIGHEST GUST SPEED    28   HIGHEST GUST DIRECTION     N (360)
  AVERAGE WIND SPEED    10.2


SKY COVER
  AVERAGE SKY COVER 1.0


WEATHER CONDITIONS
 THE FOLLOWING WEATHER WAS RECORDED YESTERDAY.
  HEAVY RAIN
  RAIN
  LIGHT RAIN
  SNOW
  LIGHT SNOW
  FOG


RELATIVE HUMIDITY (PERCENT)
 HIGHEST   100           200 PM
 LOWEST     89           100 AM
 AVERAGE    95

..........................................................


THE LANSING MI CLIMATE NORMALS FOR TODAY
                         NORMAL    RECORD    YEAR
 MAXIMUM TEMPERATURE (F)   32        65      1982
 MINIMUM TEMPERATURE (F)   20       -17      2000


SUNRISE AND SUNSET
DECEMBER 25 2014......SUNRISE   807 AM EST   SUNSET   510 PM EST
DECEMBER 26 2014......SUNRISE   808 AM EST   SUNSET   510 PM EST


-  INDICATES NEGATIVE NUMBERS.
R  INDICATES RECORD WAS SET OR TIED.
MM INDICATES DATA IS MISSING.
T  INDICATES TRACE AMOUNT.




$$
