000
CDUS45 KCYS 232128
CLILAR


CLIMATE REPORT
NATIONAL WEATHER SERVICE CHEYENNE WY
328 PM MDT TUE SEP 23 2014


...................................

...THE LARAMIE WY AIRPORT CLIMATE SUMMARY FOR SEPTEMBER 23 2014...
VALID AS OF 0300 PM LOCAL TIME.

CLIMATE NORMAL PERIOD 1981 TO 2010
CLIMATE RECORD PERIOD 1948 TO 2014


WEATHER ITEM   OBSERVED TIME   RECORD YEAR NORMAL DEPARTURE LAST
                VALUE   (LST)  VALUE       VALUE  FROM      YEAR
                                                  NORMAL
..................................................................
TEMPERATURE (F)
 TODAY
  MAXIMUM         69    148 PM  81    1966  65      4       58
  MINIMUM         43    516 AM  21    1971  35      8       40
  AVERAGE         56                        50      6       49

PRECIPITATION (IN)
  TODAY            0.00          0.43 1959   0.04  -0.04     0.04
  MONTH TO DATE    0.71                      0.87  -0.16     3.00
  SINCE JAN 1     11.50                      9.02   2.48     9.33

DEGREE DAYS
 HEATING
  TODAY            9                        15     -6       16
  MONTH TO DATE  209                       238    -29      147
  SINCE SEP 1    209                       238    -29      147
  SINCE JUL 1    388                       410    -22      218

 COOLING
  TODAY            0                         0      0        0
  MONTH TO DATE    0                         0      0       24
  SINCE SEP 1      0                         0      0       24
  SINCE JAN 1     67                        66      1      162
..................................................................


WIND (MPH)
  HIGHEST WIND SPEED    25   HIGHEST WIND DIRECTION    NW (300)
  HIGHEST GUST SPEED    32   HIGHEST GUST DIRECTION    NW (300)
  AVERAGE WIND SPEED    13.7


SKY COVER
  AVERAGE SKY COVER 0.3


WEATHER CONDITIONS
 THE FOLLOWING WEATHER WAS RECORDED TODAY.
  NO SIGNIFICANT WEATHER WAS OBSERVED.


RELATIVE HUMIDITY (PERCENT)
 HIGHEST    89           400 AM
 LOWEST     34           200 PM
 AVERAGE    62

..........................................................


THE LARAMIE WY AIRPORT CLIMATE NORMALS FOR TOMORROW
                         NORMAL    RECORD    YEAR
 MAXIMUM TEMPERATURE (F)   65        79      2001
 MINIMUM TEMPERATURE (F)   35        19      1965


SUNRISE AND SUNSET
SEPTEMBER 23 2014.....SUNRISE   651 AM MDT   SUNSET   658 PM MDT
SEPTEMBER 24 2014.....SUNRISE   652 AM MDT   SUNSET   656 PM MDT


-  INDICATES NEGATIVE NUMBERS.
R  INDICATES RECORD WAS SET OR TIED.
MM INDICATES DATA IS MISSING.
T  INDICATES TRACE AMOUNT.




$$
