000
CDUS45 KCYS 220747
CLILAR


CLIMATE REPORT
NATIONAL WEATHER SERVICE CHEYENNE WY
147 AM MDT TUE JUL 22 2014


...................................

...THE LARAMIE WY AIRPORT CLIMATE SUMMARY FOR JULY 21 2014...

CLIMATE NORMAL PERIOD 1981 TO 2010
CLIMATE RECORD PERIOD 1948 TO 2014


WEATHER ITEM   OBSERVED TIME   RECORD YEAR NORMAL DEPARTURE LAST
                VALUE   (LST)  VALUE       VALUE  FROM      YEAR
                                                  NORMAL
..................................................................
TEMPERATURE (F)
 YESTERDAY
  MAXIMUM         87    129 PM  92    2005  81      6       88
  MINIMUM         56   1126 PM  40    1994  49      7       46
                                      1949
  AVERAGE         72                        65      7       67

PRECIPITATION (IN)
  YESTERDAY        0.00          0.51 1966   0.05  -0.05     0.00
  MONTH TO DATE    1.96                      0.93   1.03     1.56
  SINCE JAN 1      7.80                      6.42   1.38     4.97

DEGREE DAYS
 HEATING
  YESTERDAY        0                         2     -2        0
  MONTH TO DATE   35                        52    -17        9
  SINCE JUN 1    277                       293    -16      112
  SINCE JUL 1     35                        52    -17        9

 COOLING
  YESTERDAY        7                         2      5        2
  MONTH TO DATE   33                        24      9       50
  SINCE JUN 1     36                        31      5       86
  SINCE JAN 1     36                        31      5       86
..................................................................


WIND (MPH)
  HIGHEST WIND SPEED    23   HIGHEST WIND DIRECTION    SW (210)
  HIGHEST GUST SPEED    32   HIGHEST GUST DIRECTION     W (270)
  AVERAGE WIND SPEED    13.0


SKY COVER
  AVERAGE SKY COVER 0.0


WEATHER CONDITIONS
 THE FOLLOWING WEATHER WAS RECORDED YESTERDAY.
  NO SIGNIFICANT WEATHER WAS OBSERVED.


RELATIVE HUMIDITY (PERCENT)
 HIGHEST    57           400 AM
 LOWEST     16           500 PM
 AVERAGE    37

..........................................................


THE LARAMIE WY AIRPORT CLIMATE NORMALS FOR TODAY
                         NORMAL    RECORD    YEAR
 MAXIMUM TEMPERATURE (F)   81        94      1982
 MINIMUM TEMPERATURE (F)   49        37      1990


SUNRISE AND SUNSET
JULY 22 2014..........SUNRISE   549 AM MDT   SUNSET   829 PM MDT
JULY 23 2014..........SUNRISE   549 AM MDT   SUNSET   828 PM MDT


-  INDICATES NEGATIVE NUMBERS.
R  INDICATES RECORD WAS SET OR TIED.
MM INDICATES DATA IS MISSING.
T  INDICATES TRACE AMOUNT.




$$
