000
CDUS45 KVEF 300828
CLILAS


CLIMATE REPORT
NATIONAL WEATHER SERVICE LAS VEGAS, NV
128 AM PDT SUN AUG 30 2015


...................................

...THE LAS VEGAS NV CLIMATE SUMMARY FOR AUGUST 29 2015...

CLIMATE NORMAL PERIOD 1981 TO 2010
CLIMATE RECORD PERIOD 1937 TO 2015


WEATHER ITEM   OBSERVED TIME   RECORD YEAR NORMAL DEPARTURE LAST
                VALUE   (LST)  VALUE       VALUE  FROM      YEAR
                                                  NORMAL
..................................................................
TEMPERATURE (F)
 YESTERDAY
  MAXIMUM        107    302 PM 110    1948 100      7      105
                                      1944
  MINIMUM         87    540 AM  57    1947  77     10       78
  AVERAGE         97                        88      9       92

PRECIPITATION (IN)
  YESTERDAY        0.00          0.46 2000   0.01  -0.01     0.00
  MONTH TO DATE    0.68                      0.31   0.37     0.35
  SINCE OCT 1      3.36                      3.92  -0.56     2.29
  SINCE JAN 1      3.06                      2.79   0.27     0.87

SNOWFALL (IN)
  YESTERDAY        0.0           0.0    MM   0.0    0.0      0.0
  MONTH TO DATE    0.0                       0.0    0.0      0.0
  SINCE JUN 1      0.0                       0.0    0.0      0.0
  SINCE JUL 1      0.0                       0.0    0.0      0.0
  SNOW DEPTH       0

DEGREE DAYS
 HEATING
  YESTERDAY        0                         0      0        0
  MONTH TO DATE    0                         0      0        0
  SINCE JUN 1      0                         1     -1        0
  SINCE JUL 1      0                         0      0        0

 COOLING
  YESTERDAY       32                        23      9       27
  MONTH TO DATE  818                       748     70      673
  SINCE JUN 1   2434                      2252    182     2312
  SINCE JAN 1   3037                      2802    235     2970
..................................................................


WIND (MPH)
  RESULTANT WIND SPEED   8   RESULTANT WIND DIRECTION  SW (220)
  HIGHEST WIND SPEED    21   HIGHEST WIND DIRECTION    SW (230)
  HIGHEST GUST SPEED    29   HIGHEST GUST DIRECTION     W (250)
  AVERAGE WIND SPEED     9.2


SKY COVER
  POSSIBLE SUNSHINE  MM
  AVERAGE SKY COVER 0.3


WEATHER CONDITIONS
 THE FOLLOWING WEATHER WAS RECORDED YESTERDAY.
  NO SIGNIFICANT WEATHER WAS OBSERVED.


RELATIVE HUMIDITY (PERCENT)
 HIGHEST    29           200 AM
 LOWEST     12           200 PM
 AVERAGE    21

..........................................................


THE LAS VEGAS NV CLIMATE NORMALS FOR TODAY
                         NORMAL    RECORD    YEAR
 MAXIMUM TEMPERATURE (F)  100       112      1948
 MINIMUM TEMPERATURE (F)   77        55      1947


SUNRISE AND SUNSET
AUGUST 30 2015........SUNRISE   611 AM PDT   SUNSET   711 PM PDT
AUGUST 31 2015........SUNRISE   611 AM PDT   SUNSET   710 PM PDT


-  INDICATES NEGATIVE NUMBERS.
R  INDICATES RECORD WAS SET OR TIED.
MM INDICATES DATA IS MISSING.
T  INDICATES TRACE AMOUNT.




$$
