000
CDUS45 KVEF 250829
CLILAS


CLIMATE REPORT
NATIONAL WEATHER SERVICE LAS VEGAS, NV
127 AM PDT SUN JUN 25 2017


...................................

...THE LAS VEGAS NV CLIMATE SUMMARY FOR JUNE 24 2017...

CLIMATE NORMAL PERIOD 1981 TO 2010
CLIMATE RECORD PERIOD 1937 TO 2017


WEATHER ITEM   OBSERVED TIME   RECORD YEAR NORMAL DEPARTURE LAST
                VALUE   (LST)  VALUE       VALUE  FROM      YEAR
                                                  NORMAL
..................................................................
TEMPERATURE (F)
 YESTERDAY
  MAXIMUM        113R   418 PM 113    1961 101     12      109
  MINIMUM         87    432 AM  56    1963  77     10       85
  AVERAGE        100                        89     11       97

PRECIPITATION (IN)
  YESTERDAY        0.00          0.10 2009   0.00   0.00     0.00
  MONTH TO DATE    0.00                      0.05  -0.05     0.02
  SINCE OCT 1      2.65                      3.19  -0.54     4.28
  SINCE JAN 1      1.59                      2.06  -0.47     2.87

SNOWFALL (IN)
  YESTERDAY        0.0           0.0    MM   0.0    0.0      0.0
  MONTH TO DATE    0.0                       0.0    0.0      0.0
  SINCE JUN 1      0.0                       0.0    0.0      0.0
  SINCE JUL 1      0.0                       0.3   -0.3       T
  SNOW DEPTH       0

DEGREE DAYS
 HEATING
  YESTERDAY        0                         0      0        0
  MONTH TO DATE    0                         0      0        0
  SINCE JUN 1      0                         0      0        0
  SINCE JUL 1   1470                      1950   -480     1696

 COOLING
  YESTERDAY       35                        24     11       32
  MONTH TO DATE  622                       499    123      658
  SINCE JUN 1    622                       499    123      658
  SINCE JAN 1   1299                      1049    250     1194
..................................................................


WIND (MPH)
  RESULTANT WIND SPEED   2   RESULTANT WIND DIRECTION  NE (60)
  HIGHEST WIND SPEED    22   HIGHEST WIND DIRECTION     N (20)
  HIGHEST GUST SPEED    26   HIGHEST GUST DIRECTION     W (260)
  AVERAGE WIND SPEED     5.9


SKY COVER
  POSSIBLE SUNSHINE  MM
  AVERAGE SKY COVER 0.3


WEATHER CONDITIONS
 THE FOLLOWING WEATHER WAS RECORDED YESTERDAY.
  NO SIGNIFICANT WEATHER WAS OBSERVED.


RELATIVE HUMIDITY (PERCENT)
 HIGHEST    11           400 AM
 LOWEST      2           200 PM
 AVERAGE     7

..........................................................


THE LAS VEGAS NV CLIMATE NORMALS FOR TODAY
                         NORMAL    RECORD    YEAR
 MAXIMUM TEMPERATURE (F)  102       115      1970
 MINIMUM TEMPERATURE (F)   78        55      1941


SUNRISE AND SUNSET
JUNE 25 2017..........SUNRISE   525 AM PDT   SUNSET   802 PM PDT
JUNE 26 2017..........SUNRISE   526 AM PDT   SUNSET   802 PM PDT


-  INDICATES NEGATIVE NUMBERS.
R  INDICATES RECORD WAS SET OR TIED.
MM INDICATES DATA IS MISSING.
T  INDICATES TRACE AMOUNT.




$$
