000
CDUS45 KVEF 230827
CLILAS


CLIMATE REPORT
NATIONAL WEATHER SERVICE LAS VEGAS, NV
126 AM PDT WED APR 23 2014


...................................

...THE LAS VEGAS NV CLIMATE SUMMARY FOR APRIL 22 2014...

CLIMATE NORMAL PERIOD 1981 TO 2010
CLIMATE RECORD PERIOD 1937 TO 2014


WEATHER ITEM   OBSERVED TIME   RECORD YEAR NORMAL DEPARTURE LAST
                VALUE   (LST)  VALUE       VALUE  FROM      YEAR
                                                  NORMAL
..................................................................
TEMPERATURE (F)
 YESTERDAY
  MAXIMUM         84   1043 AM  99    2012  80      4       92
  MINIMUM         66   1159 PM  33    1963  58      8       65
  AVERAGE         75                        69      6       79

PRECIPITATION (IN)
  YESTERDAY        0.00          0.11 1955   0.00   0.00     0.00
  MONTH TO DATE    T                         0.12  -0.12     0.03
  SINCE OCT 1      1.72                      2.99  -1.27     2.04
  SINCE JAN 1      0.30                      1.86  -1.56     0.61

SNOWFALL (IN)
  YESTERDAY        0.0           0.0    MM   0.0    0.0      0.0
  MONTH TO DATE    0.0                       0.0    0.0      0.0
  SINCE MAR 1      0.0                       0.0    0.0      0.0
  SINCE JUL 1      0.0                       0.3   -0.3       T
  SNOW DEPTH       0

DEGREE DAYS
 HEATING
  YESTERDAY        0                         1     -1        0
  MONTH TO DATE   35                        56    -21       34
  SINCE MAR 1    120                       245   -125      120
  SINCE JUL 1   1506                      1936   -430     1757

 COOLING
  YESTERDAY       10                         5      5       14
  MONTH TO DATE  166                        75     91      104
  SINCE MAR 1    197                       105     92      190
  SINCE JAN 1    200                       106     94      190
..................................................................


WIND (MPH)
  RESULTANT WIND SPEED  18   RESULTANT WIND DIRECTION  SW (210)
  HIGHEST WIND SPEED    36   HIGHEST WIND DIRECTION    SW (210)
  HIGHEST GUST SPEED    52   HIGHEST GUST DIRECTION    SW (220)
  AVERAGE WIND SPEED    19.7


SKY COVER
  POSSIBLE SUNSHINE  MM
  AVERAGE SKY COVER 0.6


WEATHER CONDITIONS
 THE FOLLOWING WEATHER WAS RECORDED YESTERDAY.
  HAZE


RELATIVE HUMIDITY (PERCENT)
 HIGHEST    15           200 AM
 LOWEST      3           400 PM
 AVERAGE     9

..........................................................


THE LAS VEGAS NV CLIMATE NORMALS FOR TODAY
                         NORMAL    RECORD    YEAR
 MAXIMUM TEMPERATURE (F)   81        98      2012
                                             1949
 MINIMUM TEMPERATURE (F)   58        36      1937


SUNRISE AND SUNSET
APRIL 23 2014.........SUNRISE   557 AM PDT   SUNSET   721 PM PDT
APRIL 24 2014.........SUNRISE   556 AM PDT   SUNSET   722 PM PDT


-  INDICATES NEGATIVE NUMBERS.
R  INDICATES RECORD WAS SET OR TIED.
MM INDICATES DATA IS MISSING.
T  INDICATES TRACE AMOUNT.




$$
