000
CDUS45 KVEF 250040
CLILAS


CLIMATE REPORT
NATIONAL WEATHER SERVICE LAS VEGAS, NV
540 PM PDT WED MAY 24 2017


...................................

...THE LAS VEGAS NV CLIMATE SUMMARY FOR MAY 24 2017...
VALID TODAY AS OF 0500 PM LOCAL TIME.

CLIMATE NORMAL PERIOD 1981 TO 2010
CLIMATE RECORD PERIOD 1937 TO 2017


WEATHER ITEM   OBSERVED TIME   RECORD YEAR NORMAL DEPARTURE LAST
                VALUE   (LST)  VALUE       VALUE  FROM      YEAR
                                                  NORMAL
..................................................................
TEMPERATURE (F)
 TODAY
  MAXIMUM        102    318 PM 105    2001  92     10       79
  MINIMUM         79    447 AM  46    1939  68     11       62
  AVERAGE         91                        80     11       71

PRECIPITATION (IN)
  TODAY            0.00          0.31 1965   0.00   0.00     0.00
  MONTH TO DATE    0.08                      0.09  -0.01     0.04
  SINCE OCT 1      2.65                      3.11  -0.46     4.26
  SINCE JAN 1      1.59                      1.98  -0.39     2.85

SNOWFALL (IN)
  TODAY            0.0           0.0    MM   0.0    0.0      0.0
  MONTH TO DATE    0.0                       0.0    0.0      0.0
  SINCE MAR 1      0.0                       0.0    0.0      0.0
  SINCE JUL 1      0.0                       0.3   -0.3       T
  SNOW DEPTH       0

DEGREE DAYS
 HEATING
  TODAY            0                         0      0        0
  MONTH TO DATE    7                         4      3        3
  SINCE MAR 1     98                       256   -158      117
  SINCE JUL 1   1470                      1947   -477     1696

 COOLING
  TODAY           26                        15     11        6
  MONTH TO DATE  259                       277    -18      228
  SINCE MAR 1    534                       436     98      425
  SINCE JAN 1    537                       437    100      434
..................................................................


WIND (MPH)
  RESULTANT WIND SPEED   9   RESULTANT WIND DIRECTION  SW (210)
  HIGHEST WIND SPEED    25   HIGHEST WIND DIRECTION    SW (220)
  HIGHEST GUST SPEED    33   HIGHEST GUST DIRECTION     W (250)
  AVERAGE WIND SPEED    10.6


SKY COVER
  POSSIBLE SUNSHINE  MM
  AVERAGE SKY COVER 0.2


WEATHER CONDITIONS
 THE FOLLOWING WEATHER WAS RECORDED TODAY.
  NO SIGNIFICANT WEATHER WAS OBSERVED.


RELATIVE HUMIDITY (PERCENT)
 HIGHEST    15           600 AM
 LOWEST      2           100 PM
 AVERAGE     9

..........................................................


THE LAS VEGAS NV CLIMATE NORMALS FOR TOMORROW
                         NORMAL    RECORD    YEAR
 MAXIMUM TEMPERATURE (F)   92       105      2001
                                             1951
 MINIMUM TEMPERATURE (F)   68        47      1977
                                             1965


SUNRISE AND SUNSET
MAY 24 2017...........SUNRISE   528 AM PDT   SUNSET   747 PM PDT
MAY 25 2017...........SUNRISE   528 AM PDT   SUNSET   748 PM PDT


-  INDICATES NEGATIVE NUMBERS.
R  INDICATES RECORD WAS SET OR TIED.
MM INDICATES DATA IS MISSING.
T  INDICATES TRACE AMOUNT.




$$
