000
CDUS46 KLOX 170113
CLILAX


CLIMATE REPORT
NATIONAL WEATHER SERVICE LOS ANGELES/OXNARD CA
613 PM PDT MON OCT 16 2017


...................................

...THE LOS ANGELES AIRPORT CLIMATE SUMMARY FOR OCTOBER 16 2017...
VALID TODAY AS OF 0600 PM LOCAL TIME.

CLIMATE NORMAL PERIOD 1981 TO 2010
CLIMATE RECORD PERIOD 1944 TO 2017


WEATHER ITEM   OBSERVED TIME   RECORD YEAR NORMAL DEPARTURE LAST
                VALUE   (LST)  VALUE       VALUE  FROM      YEAR
                                                  NORMAL
..................................................................
TEMPERATURE (F)
 TODAY
  MAXIMUM         90   1026 AM 103    1958  73     17       72
  MINIMUM         66    530 AM  50    1971  59      7       65
  AVERAGE         78                        66     12       69

PRECIPITATION (IN)
  TODAY            0.00          0.42 1963   0.01  -0.01      T
  MONTH TO DATE    0.00                      0.22  -0.22      T
  SINCE OCT 1      0.00                      0.22  -0.22      T
  SINCE JAN 1     12.15                      9.32   2.83     6.02

SNOWFALL (IN)
  TODAY            0.0
  MONTH TO DATE    0.0
  SINCE SEP 1      0.0
  SINCE JUL 1      0.0

DEGREE DAYS
 HEATING
  TODAY            0                         1     -1        0
  MONTH TO DATE    0                        13    -13        1
  SINCE SEP 1      1                        18    -17        1
  SINCE JUL 1      1                        22    -21        1

 COOLING
  TODAY           13                         2     11        4
  MONTH TO DATE   85                        39     46       48
  SINCE SEP 1    289                       161    128      238
  SINCE JAN 1    854                       507    347      820
..................................................................


WIND (MPH)
  HIGHEST WIND SPEED    20   HIGHEST WIND DIRECTION     W (260)
  HIGHEST GUST SPEED    21   HIGHEST GUST DIRECTION     W (260)
  AVERAGE WIND SPEED     6.0


SKY COVER
  POSSIBLE SUNSHINE  MM
  AVERAGE SKY COVER 0.3


WEATHER CONDITIONS
 THE FOLLOWING WEATHER WAS RECORDED TODAY.
  NO SIGNIFICANT WEATHER WAS OBSERVED.


RELATIVE HUMIDITY (PERCENT)
 HIGHEST    61           700 AM
 LOWEST     10           900 AM
 AVERAGE    36

..........................................................


THE LOS ANGELES AIRPORT CLIMATE NORMALS FOR TOMORROW
                         NORMAL    RECORD    YEAR
 MAXIMUM TEMPERATURE (F)   73       100      1958
 MINIMUM TEMPERATURE (F)   59        48      1971
                                             1946


SUNRISE AND SUNSET
OCTOBER 16 2017.......SUNRISE   700 AM PDT   SUNSET   618 PM PDT
OCTOBER 17 2017.......SUNRISE   700 AM PDT   SUNSET   617 PM PDT


-  INDICATES NEGATIVE NUMBERS.
R  INDICATES RECORD WAS SET OR TIED.
MM INDICATES DATA IS MISSING.
T  INDICATES TRACE AMOUNT.




$$
