580
CDUS46 KLOX 270900
CLILAX


CLIMATE REPORT
NATIONAL WEATHER SERVICE LOS ANGELES/OXNARD CA
200 AM PDT THU APR 27 2017


...................................

...THE LOS ANGELES INTL AIRPORT CA CLIMATE SUMMARY FOR APRIL 26 2017...

CLIMATE NORMAL PERIOD 1981 TO 2010
CLIMATE RECORD PERIOD 1944 TO 2017


WEATHER ITEM   OBSERVED TIME   RECORD YEAR NORMAL DEPARTURE LAST
                VALUE   (LST)  VALUE       VALUE  FROM      YEAR
                                                  NORMAL
..................................................................
TEMPERATURE (F)
 YESTERDAY
  MAXIMUM         71   1125 AM  90    2004  67      4       67
  MINIMUM         57    513 AM  44    1994  55      2       51
  AVERAGE         64                        61      3       59

PRECIPITATION (IN)
  YESTERDAY        0.00          0.74 1960   0.02  -0.02     0.00
  MONTH TO DATE    0.38                      0.64  -0.26     0.29
  SINCE OCT 1     16.19                     12.17   4.02     6.66
  SINCE JAN 1     11.94                      8.45   3.49     5.42

SNOWFALL (IN)
  YESTERDAY        0.0
  MONTH TO DATE    0.0
  SINCE MAR 1      0.0
  SINCE JUL 1      0.0

DEGREE DAYS
 HEATING
  YESTERDAY        1                         4     -3        6
  MONTH TO DATE   67                       141    -74       52
  SINCE MAR 1    179                       362   -183      184
  SINCE JUL 1    952                      1291   -339      880

 COOLING
  YESTERDAY        0                         1     -1        0
  MONTH TO DATE   14                         5      9       34
  SINCE MAR 1     16                        11      5       35
  SINCE JAN 1     16                        20     -4       92
..................................................................


WIND (MPH)
  HIGHEST WIND SPEED    25   HIGHEST WIND DIRECTION    SW (240)
  HIGHEST GUST SPEED    33   HIGHEST GUST DIRECTION    SW (240)
  AVERAGE WIND SPEED    10.0


SKY COVER
  POSSIBLE SUNSHINE  MM
  AVERAGE SKY COVER 0.6


WEATHER CONDITIONS
 THE FOLLOWING WEATHER WAS RECORDED YESTERDAY.
  HAZE


RELATIVE HUMIDITY (PERCENT)
 HIGHEST    87          1000 PM
 LOWEST     53          1100 AM
 AVERAGE    70

..........................................................


THE LOS ANGELES INTL AIRPORT CA CLIMATE NORMALS FOR TODAY
                         NORMAL    RECORD    YEAR
 MAXIMUM TEMPERATURE (F)   67        93      2004
 MINIMUM TEMPERATURE (F)   55        46      1945


SUNRISE AND SUNSET
APRIL 27 2017.........SUNRISE   608 AM PDT   SUNSET   734 PM PDT
APRIL 28 2017.........SUNRISE   607 AM PDT   SUNSET   735 PM PDT


-  INDICATES NEGATIVE NUMBERS.
R  INDICATES RECORD WAS SET OR TIED.
MM INDICATES DATA IS MISSING.
T  INDICATES TRACE AMOUNT.




$$
