000
CDUS46 KLOX 230943
CLILAX


CLIMATE REPORT
NATIONAL WEATHER SERVICE LOS ANGELES/OXNARD CA
243 AM PDT FRI JUN 23 2017


...................................

...THE LOS ANGELES INTL AIRPORT CA CLIMATE SUMMARY FOR JUNE 22 2017...

CLIMATE NORMAL PERIOD 1981 TO 2010
CLIMATE RECORD PERIOD 1944 TO 2017


WEATHER ITEM   OBSERVED TIME   RECORD YEAR NORMAL DEPARTURE LAST
                VALUE   (LST)  VALUE       VALUE  FROM      YEAR
                                                  NORMAL
..................................................................
TEMPERATURE (F)
 YESTERDAY
  MAXIMUM         75   1231 PM  93    1949  72      3       75
  MINIMUM         63    316 AM  56    1964  61      2       63
  AVERAGE         69                        66      3       69

PRECIPITATION (IN)
  YESTERDAY        0.00          T    1982   0.00   0.00     0.00
                                      1973
                                      1972
  MONTH TO DATE    T                         0.07  -0.07      T
  SINCE OCT 1     16.32                     12.52   3.80     7.25
  SINCE JAN 1     12.07                      8.80   3.27     6.01

SNOWFALL (IN)
  YESTERDAY        0.0
  MONTH TO DATE    0.0
  SINCE JUN 1      0.0
  SINCE JUL 1      0.0

DEGREE DAYS
 HEATING
  YESTERDAY        0                         0      0        0
  MONTH TO DATE    4                        24    -20       16
  SINCE JUN 1      4                        24    -20       16
  SINCE JUL 1   1025                      1418   -393      978

 COOLING
  YESTERDAY        4                         2      2        4
  MONTH TO DATE   35                        26      9       52
  SINCE JUN 1     35                        26      9       52
  SINCE JAN 1     93                        66     27      145
..................................................................


WIND (MPH)
  HIGHEST WIND SPEED    15   HIGHEST WIND DIRECTION     W (270)
  HIGHEST GUST SPEED    19   HIGHEST GUST DIRECTION    SW (240)
  AVERAGE WIND SPEED     6.7


SKY COVER
  POSSIBLE SUNSHINE  MM
  AVERAGE SKY COVER 0.6


WEATHER CONDITIONS
 THE FOLLOWING WEATHER WAS RECORDED YESTERDAY.
  FOG
  HAZE


RELATIVE HUMIDITY (PERCENT)
 HIGHEST   100           300 AM
 LOWEST     64           100 PM
 AVERAGE    82

..........................................................


THE LOS ANGELES INTL AIRPORT CA CLIMATE NORMALS FOR TODAY
                         NORMAL    RECORD    YEAR
 MAXIMUM TEMPERATURE (F)   72        90      1978
 MINIMUM TEMPERATURE (F)   61        57      1964
                                             1962
                                             1948


SUNRISE AND SUNSET
JUNE 23 2017..........SUNRISE   544 AM PDT   SUNSET   808 PM PDT
JUNE 24 2017..........SUNRISE   544 AM PDT   SUNSET   808 PM PDT


-  INDICATES NEGATIVE NUMBERS.
R  INDICATES RECORD WAS SET OR TIED.
MM INDICATES DATA IS MISSING.
T  INDICATES TRACE AMOUNT.




$$
