000
CDUS46 KLOX 170913
CLILAX


CLIMATE REPORT
NATIONAL WEATHER SERVICE LOS ANGELES/OXNARD CA
113 AM PST SUN DEC 17 2017


...................................

...THE LOS ANGELES INTL AIRPORT CA CLIMATE SUMMARY FOR DECEMBER 16 2017...

CLIMATE NORMAL PERIOD 1981 TO 2010
CLIMATE RECORD PERIOD 1944 TO 2017


WEATHER ITEM   OBSERVED TIME   RECORD YEAR NORMAL DEPARTURE LAST
                VALUE   (LST)  VALUE       VALUE  FROM      YEAR
                                                  NORMAL
..................................................................
TEMPERATURE (F)
 YESTERDAY
  MAXIMUM         66    210 PM  85    2013  64      2       62
                                      1980
  MINIMUM         53    716 AM  40    2015  48      5       52
                                      1971
                                      1948
  AVERAGE         60                        56      4       57

PRECIPITATION (IN)
  YESTERDAY        T             1.03 2002   0.07  -0.07     0.27
  MONTH TO DATE    T                         0.90  -0.90     0.80
  SINCE OCT 1      0.10                      2.57  -2.47     2.27
  SINCE JAN 1     12.25                     11.67   0.58     8.29

SNOWFALL (IN)
  YESTERDAY        0.0
  MONTH TO DATE    0.0
  SINCE DEC 1      0.0
  SINCE JUL 1      0.0

DEGREE DAYS
 HEATING
  YESTERDAY        5                         9     -4        8
  MONTH TO DATE   30                       129    -99       99
  SINCE DEC 1     30                       129    -99       99
  SINCE JUL 1     61                       311   -250      178

 COOLING
  YESTERDAY        0                         0      0        0
  MONTH TO DATE   17                         0     17        0
  SINCE DEC 1     17                         0     17        0
  SINCE JAN 1   1044                       550    494      962
..................................................................


WIND (MPH)
  HIGHEST WIND SPEED    15   HIGHEST WIND DIRECTION    SE (130)
  HIGHEST GUST SPEED    19   HIGHEST GUST DIRECTION    SE (140)
  AVERAGE WIND SPEED     6.0


SKY COVER
  POSSIBLE SUNSHINE  MM
  AVERAGE SKY COVER 0.4


WEATHER CONDITIONS
 THE FOLLOWING WEATHER WAS RECORDED YESTERDAY.
  HAZE


RELATIVE HUMIDITY (PERCENT)
 HIGHEST    83           700 AM
 LOWEST     60           900 AM
 AVERAGE    72

..........................................................


THE LOS ANGELES INTL AIRPORT CA CLIMATE NORMALS FOR TODAY
                         NORMAL    RECORD    YEAR
 MAXIMUM TEMPERATURE (F)   64        80      1985
                                             1950
 MINIMUM TEMPERATURE (F)   48        39      1945


SUNRISE AND SUNSET
DECEMBER 17 2017......SUNRISE   653 AM PST   SUNSET   447 PM PST
DECEMBER 18 2017......SUNRISE   653 AM PST   SUNSET   447 PM PST


-  INDICATES NEGATIVE NUMBERS.
R  INDICATES RECORD WAS SET OR TIED.
MM INDICATES DATA IS MISSING.
T  INDICATES TRACE AMOUNT.




$$
