000
CDUS46 KLOX 210113
CLILAX


CLIMATE REPORT
NATIONAL WEATHER SERVICE LOS ANGELES/OXNARD CA
613 PM PDT SAT SEP 20 2014


...................................

...THE LOS ANGELES AIRPORT CLIMATE SUMMARY FOR SEPTEMBER 20 2014...
VALID TODAY AS OF 0600 PM LOCAL TIME.

CLIMATE NORMAL PERIOD 1981 TO 2010
CLIMATE RECORD PERIOD 1944 TO 2014


WEATHER ITEM   OBSERVED TIME   RECORD YEAR NORMAL DEPARTURE LAST
                VALUE   (LST)  VALUE       VALUE  FROM      YEAR
                                                  NORMAL
..................................................................
TEMPERATURE (F)
 TODAY
  MAXIMUM         76    254 PM  91    1978  74      2       70
  MINIMUM         66    356 AM  53    1954  63      3       65
  AVERAGE         71                        69      2       68

PRECIPITATION (IN)
  TODAY            0.00          0.25 2005   0.01  -0.01     0.00
  MONTH TO DATE    0.02                      0.10  -0.08     0.00
  SINCE JUL 1      0.19                      0.18   0.01     0.03
  SINCE JAN 1      3.60                      8.99  -5.39     2.64

SNOWFALL (IN)
  TODAY            0.0
  MONTH TO DATE    0.0
  SINCE SEP 1      0.0
  SINCE JUL 1      0.0

DEGREE DAYS
 HEATING
  TODAY            0                         0      0        0
  MONTH TO DATE    0                         0      0        0
  SINCE SEP 1      0                         0      0        0
  SINCE JUL 1      0                         4     -4        1

 COOLING
  TODAY            6                         4      2        3
  MONTH TO DATE  197                        89    108      119
  SINCE SEP 1    197                        89    108      119
  SINCE JAN 1    915                       435    480      549
..................................................................


WIND (MPH)
  HIGHEST WIND SPEED    15   HIGHEST WIND DIRECTION     W (270)
  HIGHEST GUST SPEED    18   HIGHEST GUST DIRECTION     W (260)
  AVERAGE WIND SPEED     5.4


SKY COVER
  POSSIBLE SUNSHINE  MM
  AVERAGE SKY COVER 0.6


WEATHER CONDITIONS
 THE FOLLOWING WEATHER WAS RECORDED TODAY.
  HAZE


RELATIVE HUMIDITY (PERCENT)
 HIGHEST    87           100 AM
 LOWEST     60           200 PM
 AVERAGE    74

..........................................................


THE LOS ANGELES AIRPORT CLIMATE NORMALS FOR TOMORROW
                         NORMAL    RECORD    YEAR
 MAXIMUM TEMPERATURE (F)   74        93      1978
 MINIMUM TEMPERATURE (F)   63        53      1944


SUNRISE AND SUNSET
SEPTEMBER 20 2014.....SUNRISE   640 AM PDT   SUNSET   653 PM PDT
SEPTEMBER 21 2014.....SUNRISE   641 AM PDT   SUNSET   652 PM PDT


-  INDICATES NEGATIVE NUMBERS.
R  INDICATES RECORD WAS SET OR TIED.
MM INDICATES DATA IS MISSING.
T  INDICATES TRACE AMOUNT.




$$
