000
CDUS46 KLOX 270856
CLILAX


CLIMATE REPORT
NATIONAL WEATHER SERVICE LOS ANGELES/OXNARD CA
156 AM PDT WED MAY 27 2015


...................................

...THE LOS ANGELES INTL AIRPORT CA CLIMATE SUMMARY FOR MAY 26 2015...

CLIMATE NORMAL PERIOD 1981 TO 2010
CLIMATE RECORD PERIOD 1944 TO 2015


WEATHER ITEM   OBSERVED TIME   RECORD YEAR NORMAL DEPARTURE LAST
                VALUE   (LST)  VALUE       VALUE  FROM      YEAR
                                                  NORMAL
..................................................................
TEMPERATURE (F)
 YESTERDAY
  MAXIMUM         66    145 PM  85    1968  68     -2       73
  MINIMUM         58   1151 PM  49    1980  58      0       63
                                      1953
  AVERAGE         62                        63     -1       68

PRECIPITATION (IN)
  YESTERDAY        0.00          T    2001   0.01  -0.01     0.00
                                      1992
                                      1985
  MONTH TO DATE    0.43                      0.20   0.23     0.00
  SINCE OCT 1      7.25                     12.43  -5.18     4.42
  SINCE JAN 1      2.55                      8.71  -6.16     3.41

SNOWFALL (IN)
  YESTERDAY        0.0
  MONTH TO DATE    0.0
  SINCE MAR 1      0.0
  SINCE JUL 1      0.0

DEGREE DAYS
 HEATING
  YESTERDAY        3                         2      1        0
  MONTH TO DATE  101                        76     25       20
  SINCE MAR 1    268                       455   -187      203
  SINCE JUL 1    801                      1384   -583      758

 COOLING
  YESTERDAY        0                         0      0        3
  MONTH TO DATE    0                         4     -4      130
  SINCE MAR 1     86                        21     65      177
  SINCE JAN 1    113                        30     83      193
..................................................................


WIND (MPH)
  HIGHEST WIND SPEED    17   HIGHEST WIND DIRECTION     W (260)
  HIGHEST GUST SPEED    22   HIGHEST GUST DIRECTION     W (260)
  AVERAGE WIND SPEED     8.0


SKY COVER
  POSSIBLE SUNSHINE  MM
  AVERAGE SKY COVER 0.8


WEATHER CONDITIONS
 THE FOLLOWING WEATHER WAS RECORDED YESTERDAY.
  NO SIGNIFICANT WEATHER WAS OBSERVED.


RELATIVE HUMIDITY (PERCENT)
 HIGHEST    87           300 AM
 LOWEST     73          1200 PM
 AVERAGE    80

..........................................................


THE LOS ANGELES INTL AIRPORT CA CLIMATE NORMALS FOR TODAY
                         NORMAL    RECORD    YEAR
 MAXIMUM TEMPERATURE (F)   68        83      1968
 MINIMUM TEMPERATURE (F)   58        50      1953
                                             1946
                                             1945


SUNRISE AND SUNSET
MAY 27 2015...........SUNRISE   545 AM PDT   SUNSET   756 PM PDT
MAY 28 2015...........SUNRISE   545 AM PDT   SUNSET   757 PM PDT


-  INDICATES NEGATIVE NUMBERS.
R  INDICATES RECORD WAS SET OR TIED.
MM INDICATES DATA IS MISSING.
T  INDICATES TRACE AMOUNT.




$$
