000
CDUS46 KLOX 270909
CLILAX


CLIMATE REPORT
NATIONAL WEATHER SERVICE LOS ANGELES/OXNARD CA
209 AM PDT SAT AUG 27 2016


...................................

...THE LOS ANGELES INTL AIRPORT CA CLIMATE SUMMARY FOR AUGUST 26 2016...

CLIMATE NORMAL PERIOD 1981 TO 2010
CLIMATE RECORD PERIOD 1944 TO 2016


WEATHER ITEM   OBSERVED TIME   RECORD YEAR NORMAL DEPARTURE LAST
                VALUE   (LST)  VALUE       VALUE  FROM      YEAR
                                                  NORMAL
..................................................................
TEMPERATURE (F)
 YESTERDAY
  MAXIMUM         76   1121 AM  94    1985  75      1       81
  MINIMUM         65   1159 PM  57    1944  64      1       69
  AVERAGE         71                        70      1       75

PRECIPITATION (IN)
  YESTERDAY        0.00          T    2007   0.00   0.00     0.00
                                      2003
                                      1959
  MONTH TO DATE    0.00                      0.04  -0.04     0.00
  SINCE OCT 1      7.25                     12.60  -5.35     7.61
  SINCE JAN 1      6.01                      8.88  -2.87     2.91

SNOWFALL (IN)
  YESTERDAY        0.0
  MONTH TO DATE    0.0
  SINCE JUN 1      0.0
  SINCE JUL 1      0.0

DEGREE DAYS
 HEATING
  YESTERDAY        0                         0      0        0
  MONTH TO DATE    0                         0      0        0
  SINCE JUN 1     16                        27    -11       11
  SINCE JUL 1      0                         2     -2        0

 COOLING
  YESTERDAY        6                         5      1       10
  MONTH TO DATE  152                       124     28      188
  SINCE JUN 1    458                       285    173      415
  SINCE JAN 1    551                       325    226      528
..................................................................


WIND (MPH)
  HIGHEST WIND SPEED    17   HIGHEST WIND DIRECTION     W (280)
  HIGHEST GUST SPEED    22   HIGHEST GUST DIRECTION    SW (230)
  AVERAGE WIND SPEED     7.8


SKY COVER
  POSSIBLE SUNSHINE  MM
  AVERAGE SKY COVER 0.6


WEATHER CONDITIONS
 THE FOLLOWING WEATHER WAS RECORDED YESTERDAY.
  NO SIGNIFICANT WEATHER WAS OBSERVED.


RELATIVE HUMIDITY (PERCENT)
 HIGHEST    78          1200 AM
 LOWEST     53          1100 AM
 AVERAGE    66

..........................................................


THE LOS ANGELES INTL AIRPORT CA CLIMATE NORMALS FOR TODAY
                         NORMAL    RECORD    YEAR
 MAXIMUM TEMPERATURE (F)   75        91      1981
 MINIMUM TEMPERATURE (F)   64        57      1953


SUNRISE AND SUNSET
AUGUST 27 2016........SUNRISE   624 AM PDT   SUNSET   725 PM PDT
AUGUST 28 2016........SUNRISE   625 AM PDT   SUNSET   724 PM PDT


-  INDICATES NEGATIVE NUMBERS.
R  INDICATES RECORD WAS SET OR TIED.
MM INDICATES DATA IS MISSING.
T  INDICATES TRACE AMOUNT.




$$
