000
CDUS46 KLOX 230125
CLILAX


CLIMATE REPORT
NATIONAL WEATHER SERVICE LOS ANGELES/OXNARD CA
625 PM PDT WED MAR 22 2017


...................................

...THE LOS ANGELES AIRPORT CLIMATE SUMMARY FOR MARCH 22 2017...
VALID TODAY AS OF 0600 PM LOCAL TIME.

CLIMATE NORMAL PERIOD 1981 TO 2010
CLIMATE RECORD PERIOD 1944 TO 2017


WEATHER ITEM   OBSERVED TIME   RECORD YEAR NORMAL DEPARTURE LAST
                VALUE   (LST)  VALUE       VALUE  FROM      YEAR
                                                  NORMAL
..................................................................
TEMPERATURE (F)
 TODAY
  MAXIMUM         65   1139 AM  82    1976  65      0       69
  MINIMUM         58    532 AM  41    1952  52      6       54
  AVERAGE         62                        58      4       62

PRECIPITATION (IN)
  TODAY            0.01          0.82 2005   0.05  -0.04     0.00
  MONTH TO DATE    0.08                      1.48  -1.40     1.40
  SINCE OCT 1     15.81                     11.16   4.65     6.31
  SINCE JAN 1     11.56                      7.44   4.12     5.07

SNOWFALL (IN)
  TODAY            0.0
  MONTH TO DATE    0.0
  SINCE MAR 1      0.0
  SINCE JUL 1      0.0

DEGREE DAYS
 HEATING
  TODAY            3                         7     -4        3
  MONTH TO DATE   82                       157    -75       96
  SINCE MAR 1     82                       157    -75       96
  SINCE JUL 1    855                      1086   -231      792

 COOLING
  TODAY            0                         0      0        0
  MONTH TO DATE    2                         0      2        1
  SINCE MAR 1      2                         0      2        1
  SINCE JAN 1      2                         9     -7       58
..................................................................


WIND (MPH)
  HIGHEST WIND SPEED    28   HIGHEST WIND DIRECTION     W (260)
  HIGHEST GUST SPEED    33   HIGHEST GUST DIRECTION     W (260)
  AVERAGE WIND SPEED    12.6


SKY COVER
  POSSIBLE SUNSHINE  MM
  AVERAGE SKY COVER 0.8


WEATHER CONDITIONS
 THE FOLLOWING WEATHER WAS RECORDED TODAY.
  LIGHT RAIN
  FOG


RELATIVE HUMIDITY (PERCENT)
 HIGHEST   100          1200 AM
 LOWEST     72          1200 PM
 AVERAGE    86

..........................................................


THE LOS ANGELES AIRPORT CLIMATE NORMALS FOR TOMORROW
                         NORMAL    RECORD    YEAR
 MAXIMUM TEMPERATURE (F)   65        84      2008
 MINIMUM TEMPERATURE (F)   52        42      1948
                                             1945


SUNRISE AND SUNSET
MARCH 22 2017.........SUNRISE   654 AM PDT   SUNSET   707 PM PDT
MARCH 23 2017.........SUNRISE   653 AM PDT   SUNSET   708 PM PDT


-  INDICATES NEGATIVE NUMBERS.
R  INDICATES RECORD WAS SET OR TIED.
MM INDICATES DATA IS MISSING.
T  INDICATES TRACE AMOUNT.




$$
