000
CDUS46 KLOX 270111
CLILAX


CLIMATE REPORT
NATIONAL WEATHER SERVICE LOS ANGELES/OXNARD CA
511 PM PST FRI DEC 26 2014


...................................

...THE LOS ANGELES AIRPORT CLIMATE SUMMARY FOR DECEMBER 26 2014...
VALID TODAY AS OF 0500 PM LOCAL TIME.

CLIMATE NORMAL PERIOD 1981 TO 2010
CLIMATE RECORD PERIOD 1944 TO 2014


WEATHER ITEM   OBSERVED TIME   RECORD YEAR NORMAL DEPARTURE LAST
                VALUE   (LST)  VALUE       VALUE  FROM      YEAR
                                                  NORMAL
..................................................................
TEMPERATURE (F)
 TODAY
  MAXIMUM         62    105 PM  86    1947  64     -2       80
  MINIMUM         44    740 AM  34    1987  48     -4       50
  AVERAGE         53                        56     -3       65

PRECIPITATION (IN)
  TODAY            0.00          1.57 1977   0.08  -0.08     0.00
  MONTH TO DATE    3.73                      1.62   2.11     0.30
  SINCE JUL 1      4.58                      3.58   1.00     1.04
  SINCE JAN 1      7.99                     12.39  -4.40     3.65

SNOWFALL (IN)
  TODAY            0.0
  MONTH TO DATE    0.0
  SINCE DEC 1      0.0
  SINCE JUL 1      0.0

DEGREE DAYS
 HEATING
  TODAY           12                         9      3        0
  MONTH TO DATE  136                       219    -83      172
  SINCE DEC 1    136                       219    -83      172
  SINCE JUL 1    178                       401   -223      272

 COOLING
  TODAY            0                         0      0        0
  MONTH TO DATE    2                         0      2       14
  SINCE DEC 1      2                         0      2       14
  SINCE JAN 1   1176                       550    626      716
..................................................................


WIND (MPH)
  HIGHEST WIND SPEED    15   HIGHEST WIND DIRECTION     N (350)
  HIGHEST GUST SPEED    20   HIGHEST GUST DIRECTION     N (360)
  AVERAGE WIND SPEED     4.9


SKY COVER
  POSSIBLE SUNSHINE  MM
  AVERAGE SKY COVER 0.0


WEATHER CONDITIONS
 THE FOLLOWING WEATHER WAS RECORDED TODAY.
  NO SIGNIFICANT WEATHER WAS OBSERVED.


RELATIVE HUMIDITY (PERCENT)
 HIGHEST    42           800 AM
 LOWEST     17           100 PM
 AVERAGE    30

..........................................................


THE LOS ANGELES AIRPORT CLIMATE NORMALS FOR TOMORROW
                         NORMAL    RECORD    YEAR
 MAXIMUM TEMPERATURE (F)   64        84      1947
 MINIMUM TEMPERATURE (F)   48        36      1962


SUNRISE AND SUNSET
DECEMBER 26 2014......SUNRISE   657 AM PST   SUNSET   451 PM PST
DECEMBER 27 2014......SUNRISE   657 AM PST   SUNSET   452 PM PST


-  INDICATES NEGATIVE NUMBERS.
R  INDICATES RECORD WAS SET OR TIED.
MM INDICATES DATA IS MISSING.
T  INDICATES TRACE AMOUNT.




$$
