000
CDUS44 KLUB 160125
CLILBB


CLIMATE REPORT
NATIONAL WEATHER SERVICE LUBBOCK, TX
825 PM CDT MON SEP 15 2014


...................................

...THE LUBBOCK CLIMATE SUMMARY FOR SEPTEMBER 15 2014...
VALID TODAY AS OF 0800 PM LOCAL TIME.

CLIMATE NORMAL PERIOD 1981 TO 2010
CLIMATE RECORD PERIOD 1911 TO 2014


WEATHER ITEM   OBSERVED TIME   RECORD YEAR NORMAL DEPARTURE LAST
                VALUE   (LST)  VALUE       VALUE  FROM      YEAR
                                                  NORMAL
..................................................................
TEMPERATURE (F)
 TODAY
  MAXIMUM         78    209 PM  99    1965  85     -7       90
                                      1956
  MINIMUM         62    142 AM  42    1993  59      3       68
  AVERAGE         70                        72     -2       79

PRECIPITATION (IN)
  TODAY            0.00          4.69 1995   0.08  -0.08     0.00
  MONTH TO DATE    1.71                      1.29   0.42     0.04
  SINCE SEP 1      1.71                      1.29   0.42     0.04
  SINCE JAN 1     13.61                     14.36  -0.75     9.82

SNOWFALL (IN)
  TODAY            0.0           0.0  2002   0.0    0.0      0.0
  MONTH TO DATE    0.0                       0.0    0.0      0.0
  SINCE SEP 1      0.0                       0.0    0.0      0.0
  SINCE JUL 1      0.0                       0.0    0.0      0.0
  SNOW DEPTH       0

DEGREE DAYS
 HEATING
  TODAY            0                         1     -1        0
  MONTH TO DATE   25                         2     23        0
  SINCE SEP 1     25                         2     23        0
  SINCE JUL 1     25                         2     23        0

 COOLING
  TODAY            5                         7     -2       14
  MONTH TO DATE  142                       141      1      204
  SINCE SEP 1    142                       141      1      204
  SINCE JAN 1   1771                      1667    104     1932
..................................................................


WIND (MPH)
  RESULTANT WIND SPEED  10   RESULTANT WIND DIRECTION  SW (210)
  HIGHEST WIND SPEED    20   HIGHEST WIND DIRECTION     S (200)
  HIGHEST GUST SPEED    23   HIGHEST GUST DIRECTION     S (200)
  AVERAGE WIND SPEED    10.1


SKY COVER
  AVERAGE SKY COVER 0.9


WEATHER CONDITIONS
 THE FOLLOWING WEATHER WAS RECORDED TODAY.
  NO SIGNIFICANT WEATHER WAS OBSERVED.


RELATIVE HUMIDITY (PERCENT)
 HIGHEST    93          1200 AM
 LOWEST     60           200 PM
 AVERAGE    77

..........................................................


THE LUBBOCK CLIMATE NORMALS FOR TOMORROW
                         NORMAL    RECORD    YEAR
 MAXIMUM TEMPERATURE (F)   84       100      1965
 MINIMUM TEMPERATURE (F)   59        42      1951


SUNRISE AND SUNSET
SEPTEMBER 15 2014.....SUNRISE   731 AM CDT   SUNSET   754 PM CDT
SEPTEMBER 16 2014.....SUNRISE   731 AM CDT   SUNSET   752 PM CDT


-  INDICATES NEGATIVE NUMBERS.
R  INDICATES RECORD WAS SET OR TIED.
MM INDICATES DATA IS MISSING.
T  INDICATES TRACE AMOUNT.




$$
