150
CDUS44 KLUB 250625
CLILBB


CLIMATE REPORT
NATIONAL WEATHER SERVICE LUBBOCK, TX
125 AM CDT TUE APR 25 2017


...................................

...THE LUBBOCK CLIMATE SUMMARY FOR APRIL 24 2017...

CLIMATE NORMAL PERIOD 1981 TO 2010
CLIMATE RECORD PERIOD 1911 TO 2017


WEATHER ITEM   OBSERVED TIME   RECORD YEAR NORMAL DEPARTURE LAST
                VALUE   (LST)  VALUE       VALUE  FROM      YEAR
                                                  NORMAL
..................................................................
TEMPERATURE (F)
 YESTERDAY
  MAXIMUM         94    500 PM  95    1996  78     16       87
                                      1943
  MINIMUM         49    538 AM  25    2013  49      0       58
  AVERAGE         72                        63      9       73

PRECIPITATION (IN)
  YESTERDAY        0.00          1.81 1911   0.05  -0.05     0.00
  MONTH TO DATE    0.81                      1.06  -0.25     1.02
  SINCE MAR 1      1.48                      2.16  -0.68     1.22
  SINCE JAN 1      4.40                      3.56   0.84     1.61

SNOWFALL (IN)
  YESTERDAY        0.0           0.0  2002   0.0    0.0      0.0
  MONTH TO DATE    0.0                       0.2   -0.2       T
  SINCE MAR 1      0.0                       0.8   -0.8       T
  SINCE JUL 1      0.2                       8.2   -8.0     13.3
  SNOW DEPTH       0

DEGREE DAYS
 HEATING
  YESTERDAY        0                         4     -4        0
  MONTH TO DATE  100                       161    -61      116
  SINCE MAR 1    320                       576   -256      365
  SINCE JUL 1   2404                      3315   -911     2765

 COOLING
  YESTERDAY        7                         2      5        8
  MONTH TO DATE   66                        33     33       22
  SINCE MAR 1    112                        40     72       34
  SINCE JAN 1    116                        40     76       38
..................................................................


WIND (MPH)
  RESULTANT WIND SPEED  15   RESULTANT WIND DIRECTION  SW (220)
  HIGHEST WIND SPEED    33   HIGHEST WIND DIRECTION     W (260)
  HIGHEST GUST SPEED    40   HIGHEST GUST DIRECTION     W (250)
  AVERAGE WIND SPEED    17.4


SKY COVER
  AVERAGE SKY COVER 0.5


WEATHER CONDITIONS
 THE FOLLOWING WEATHER WAS RECORDED YESTERDAY.
  NO SIGNIFICANT WEATHER WAS OBSERVED.


RELATIVE HUMIDITY (PERCENT)
 HIGHEST    48           500 AM
 LOWEST      6           500 PM
 AVERAGE    27

..........................................................


THE LUBBOCK CLIMATE NORMALS FOR TODAY
                         NORMAL    RECORD    YEAR
 MAXIMUM TEMPERATURE (F)   78       104      2012
 MINIMUM TEMPERATURE (F)   49        35      1947
                                             1927
                                             1918


SUNRISE AND SUNSET
APRIL 25 2017.........SUNRISE   705 AM CDT   SUNSET   826 PM CDT
APRIL 26 2017.........SUNRISE   704 AM CDT   SUNSET   827 PM CDT


-  INDICATES NEGATIVE NUMBERS.
R  INDICATES RECORD WAS SET OR TIED.
MM INDICATES DATA IS MISSING.
T  INDICATES TRACE AMOUNT.




$$
