000
CDUS44 KLUB 250627
CLILBB


CLIMATE REPORT
NATIONAL WEATHER SERVICE LUBBOCK, TX
127 AM CDT TUE JUL 25 2017


...................................

...THE LUBBOCK CLIMATE SUMMARY FOR JULY 24 2017...

CLIMATE NORMAL PERIOD 1981 TO 2010
CLIMATE RECORD PERIOD 1911 TO 2017


WEATHER ITEM   OBSERVED TIME   RECORD YEAR NORMAL DEPARTURE LAST
                VALUE   (LST)  VALUE       VALUE  FROM      YEAR
                                                  NORMAL
..................................................................
TEMPERATURE (F)
 YESTERDAY
  MAXIMUM         93    155 PM 104    1958  93      0      100
                                      1943
  MINIMUM         70    708 AM  57    1915  68      2       73
  AVERAGE         82                        80      2       87

PRECIPITATION (IN)
  YESTERDAY        0.00          1.66 1941   0.05  -0.05     0.00
  MONTH TO DATE    4.68                      1.53   3.15     0.58
  SINCE JUN 1      6.46                      4.57   1.89     1.62
  SINCE JAN 1     11.95                     10.78   1.17     6.89

SNOWFALL (IN)
  YESTERDAY        0.0           0.0  2002   0.0    0.0      0.0
  MONTH TO DATE    0.0                       0.0    0.0      0.0
  SINCE JUN 1      T                         0.0    0.0      0.0
  SINCE JUL 1      0.0                       0.0    0.0      0.0
  SNOW DEPTH       0

DEGREE DAYS
 HEATING
  YESTERDAY        0                         0      0        0
  MONTH TO DATE    0                         0      0        0
  SINCE JUN 1      0                         2     -2        3
  SINCE JUL 1      0                         0      0        0

 COOLING
  YESTERDAY       17                        15      2       22
  MONTH TO DATE  376                       360     16      516
  SINCE JUN 1    854                       734    120      942
  SINCE JAN 1   1156                       980    176     1169
..................................................................


WIND (MPH)
  RESULTANT WIND SPEED   8   RESULTANT WIND DIRECTION  SE (150)
  HIGHEST WIND SPEED    22   HIGHEST WIND DIRECTION    SE (130)
  HIGHEST GUST SPEED    26   HIGHEST GUST DIRECTION    SE (120)
  AVERAGE WIND SPEED     9.7


SKY COVER
  AVERAGE SKY COVER 0.5


WEATHER CONDITIONS
 THE FOLLOWING WEATHER WAS RECORDED YESTERDAY.
  NO SIGNIFICANT WEATHER WAS OBSERVED.


RELATIVE HUMIDITY (PERCENT)
 HIGHEST    90           600 AM
 LOWEST     33           200 PM
 AVERAGE    62

..........................................................


THE LUBBOCK CLIMATE NORMALS FOR TODAY
                         NORMAL    RECORD    YEAR
 MAXIMUM TEMPERATURE (F)   93       104      1940
 MINIMUM TEMPERATURE (F)   68        59      1956
                                             1916


SUNRISE AND SUNSET
JULY 25 2017..........SUNRISE   655 AM CDT   SUNSET   852 PM CDT
JULY 26 2017..........SUNRISE   655 AM CDT   SUNSET   852 PM CDT


-  INDICATES NEGATIVE NUMBERS.
R  INDICATES RECORD WAS SET OR TIED.
MM INDICATES DATA IS MISSING.
T  INDICATES TRACE AMOUNT.




$$
