471
CDUS44 KLUB 050627
CLILBB


CLIMATE REPORT
NATIONAL WEATHER SERVICE LUBBOCK, TX
1227 AM CST MON DEC 5 2016


...................................

...THE LUBBOCK CLIMATE SUMMARY FOR DECEMBER 4 2016...

CLIMATE NORMAL PERIOD 1981 TO 2010
CLIMATE RECORD PERIOD 1911 TO 2016


WEATHER ITEM   OBSERVED TIME   RECORD YEAR NORMAL DEPARTURE LAST
                VALUE   (LST)  VALUE       VALUE  FROM      YEAR
                                                  NORMAL
..................................................................
TEMPERATURE (F)
 YESTERDAY
  MAXIMUM         54    402 PM  81    1958  56     -2       58
  MINIMUM         34   1159 PM  15    1921  29      5       29
  AVERAGE         44                        43      1       44

PRECIPITATION (IN)
  YESTERDAY        T             1.02 1930   0.02  -0.02     0.00
  MONTH TO DATE    0.43                      0.09   0.34     0.00
  SINCE DEC 1      0.43                      0.09   0.34     0.00
  SINCE JAN 1     13.41                     18.45  -5.04    27.88

SNOWFALL (IN)
  YESTERDAY        0.0           1.5  1925   0.0    0.0      0.0
  MONTH TO DATE    0.0                       0.2   -0.2      0.0
  SINCE DEC 1      0.0                       0.2   -0.2      0.0
  SINCE JUL 1      0.0                       1.1   -1.1       T
  SNOW DEPTH       0

DEGREE DAYS
 HEATING
  YESTERDAY       21                        22     -1       21
  MONTH TO DATE   93                        88      5       88
  SINCE DEC 1     93                        88      5       88
  SINCE JUL 1    457                       730   -273      607

 COOLING
  YESTERDAY        0                         0      0        0
  MONTH TO DATE    0                         0      0        0
  SINCE DEC 1      0                         0      0        0
  SINCE JAN 1   2114                      1804    310     1922
..................................................................


WIND (MPH)
  RESULTANT WIND SPEED   4   RESULTANT WIND DIRECTION  NE (40)
  HIGHEST WIND SPEED    15   HIGHEST WIND DIRECTION    NE (30)
  HIGHEST GUST SPEED    20   HIGHEST GUST DIRECTION    NE (30)
  AVERAGE WIND SPEED     7.6


SKY COVER
  AVERAGE SKY COVER 0.7


WEATHER CONDITIONS
 THE FOLLOWING WEATHER WAS RECORDED YESTERDAY.
  LIGHT RAIN
  FOG
  HAZE


RELATIVE HUMIDITY (PERCENT)
 HIGHEST    93          1200 AM
 LOWEST     35           400 PM
 AVERAGE    64

..........................................................


THE LUBBOCK CLIMATE NORMALS FOR TODAY
                         NORMAL    RECORD    YEAR
 MAXIMUM TEMPERATURE (F)   56        79      1939
 MINIMUM TEMPERATURE (F)   29        10      1950


SUNRISE AND SUNSET
DECEMBER  5 2016......SUNRISE   737 AM CST   SUNSET   539 PM CST
DECEMBER  6 2016......SUNRISE   738 AM CST   SUNSET   539 PM CST


-  INDICATES NEGATIVE NUMBERS.
R  INDICATES RECORD WAS SET OR TIED.
MM INDICATES DATA IS MISSING.
T  INDICATES TRACE AMOUNT.




$$
