000
CDUS44 KLUB 192327
CLILBB


CLIMATE REPORT
NATIONAL WEATHER SERVICE LUBBOCK, TX
526 PM CST SUN FEB 19 2017


...................................

...THE LUBBOCK CLIMATE SUMMARY FOR FEBRUARY 19 2017...
VALID TODAY AS OF 0500 PM LOCAL TIME.

CLIMATE NORMAL PERIOD 1981 TO 2010
CLIMATE RECORD PERIOD 1911 TO 2017


WEATHER ITEM   OBSERVED TIME   RECORD YEAR NORMAL DEPARTURE LAST
                VALUE   (LST)  VALUE       VALUE  FROM      YEAR
                                                  NORMAL
..................................................................
TEMPERATURE (F)
 TODAY
  MAXIMUM         70    245 PM  85    2016  60     10       85
  MINIMUM         46    703 AM   2    1978  31     15       44
  AVERAGE         58                        45     13       65

PRECIPITATION (IN)
  TODAY            T             0.22 1987   0.03  -0.03     0.00
  MONTH TO DATE    0.89                      0.51   0.38     0.00
  SINCE DEC 1      3.41                      1.92   1.49     1.87
  SINCE JAN 1      2.92                      1.16   1.76     0.30

SNOWFALL (IN)
  TODAY            0.0           2.2  1987   0.1   -0.1      0.0
  MONTH TO DATE    T                         1.3   -1.3      0.0
  SINCE DEC 1      0.2                       6.2   -6.0     13.3
  SINCE JUL 1      0.2                       7.1   -6.9     13.3
  SNOW DEPTH       0

DEGREE DAYS
 HEATING
  TODAY            7                        20    -13        0
  MONTH TO DATE  267                       410   -143      338
  SINCE DEC 1   1626                      1933   -307     1732
  SINCE JUL 1   1990                      2575   -585     2251

 COOLING
  TODAY            0                         0      0        0
  MONTH TO DATE    4                         0      4        4
  SINCE DEC 1      4                         0      4        4
  SINCE JAN 1      4                         0      4        4
..................................................................


WIND (MPH)
  RESULTANT WIND SPEED   8   RESULTANT WIND DIRECTION   S (160)
  HIGHEST WIND SPEED    26   HIGHEST WIND DIRECTION    SW (240)
  HIGHEST GUST SPEED    32   HIGHEST GUST DIRECTION    SW (240)
  AVERAGE WIND SPEED    11.9


SKY COVER
  AVERAGE SKY COVER 0.8


WEATHER CONDITIONS
 THE FOLLOWING WEATHER WAS RECORDED TODAY.
  LIGHT RAIN


RELATIVE HUMIDITY (PERCENT)
 HIGHEST    93           100 AM
 LOWEST     25           300 PM
 AVERAGE    59

..........................................................


THE LUBBOCK CLIMATE NORMALS FOR TOMORROW
                         NORMAL    RECORD    YEAR
 MAXIMUM TEMPERATURE (F)   60        85      2016
 MINIMUM TEMPERATURE (F)   31         4      1918


SUNRISE AND SUNSET
FEBRUARY 19 2017......SUNRISE   727 AM CST   SUNSET   636 PM CST
FEBRUARY 20 2017......SUNRISE   726 AM CST   SUNSET   636 PM CST


-  INDICATES NEGATIVE NUMBERS.
R  INDICATES RECORD WAS SET OR TIED.
MM INDICATES DATA IS MISSING.
T  INDICATES TRACE AMOUNT.




$$
