000
CDUS44 KLUB 240131
CLILBB


CLIMATE REPORT
NATIONAL WEATHER SERVICE LUBBOCK, TX
830 PM CDT THU MAR 23 2017


...................................

...THE LUBBOCK CLIMATE SUMMARY FOR MARCH 23 2017...
VALID TODAY AS OF 0800 PM LOCAL TIME.

CLIMATE NORMAL PERIOD 1981 TO 2010
CLIMATE RECORD PERIOD 1911 TO 2017


WEATHER ITEM   OBSERVED TIME   RECORD YEAR NORMAL DEPARTURE LAST
                VALUE   (LST)  VALUE       VALUE  FROM      YEAR
                                                  NORMAL
..................................................................
TEMPERATURE (F)
 TODAY
  MAXIMUM         81    411 PM  87    2015  69     12       70
  MINIMUM         59    659 AM  13    1952  39     20       42
  AVERAGE         70                        54     16       56

PRECIPITATION (IN)
  TODAY            0.00          1.54 1919   0.04  -0.04     0.00
  MONTH TO DATE    T                         0.79  -0.79     0.20
  SINCE MAR 1      T                         0.79  -0.79     0.20
  SINCE JAN 1      2.92                      2.19   0.73     0.59

SNOWFALL (IN)
  TODAY            0.0           0.7  1957   0.0    0.0      0.0
  MONTH TO DATE    0.0                       0.4   -0.4      0.0
  SINCE MAR 1      0.0                       0.4   -0.4      0.0
  SINCE JUL 1      0.2                       7.8   -7.6     13.3
  SNOW DEPTH       0

DEGREE DAYS
 HEATING
  TODAY            0                        12    -12        9
  MONTH TO DATE  165                       331   -166      181
  SINCE MAR 1    165                       331   -166      181
  SINCE JUL 1   2249                      3070   -821     2581

 COOLING
  TODAY            5                         0      5        0
  MONTH TO DATE   47                         0     47        4
  SINCE MAR 1     47                         0     47        4
  SINCE JAN 1     51                         0     51        8
..................................................................


WIND (MPH)
  RESULTANT WIND SPEED  27   RESULTANT WIND DIRECTION   S (170)
  HIGHEST WIND SPEED    44   HIGHEST WIND DIRECTION     S (170)
  HIGHEST GUST SPEED    53   HIGHEST GUST DIRECTION     S (160)
  AVERAGE WIND SPEED    27.6


SKY COVER
  AVERAGE SKY COVER 0.5


WEATHER CONDITIONS
 THE FOLLOWING WEATHER WAS RECORDED TODAY.
  FOG
  HAZE


RELATIVE HUMIDITY (PERCENT)
 HIGHEST    90           300 AM
 LOWEST     30           500 PM
 AVERAGE    60

..........................................................


THE LUBBOCK CLIMATE NORMALS FOR TOMORROW
                         NORMAL    RECORD    YEAR
 MAXIMUM TEMPERATURE (F)   69        88      1929
 MINIMUM TEMPERATURE (F)   39        22      1965


SUNRISE AND SUNSET
MARCH 23 2017.........SUNRISE   747 AM CDT   SUNSET   801 PM CDT
MARCH 24 2017.........SUNRISE   745 AM CDT   SUNSET   802 PM CDT


-  INDICATES NEGATIVE NUMBERS.
R  INDICATES RECORD WAS SET OR TIED.
MM INDICATES DATA IS MISSING.
T  INDICATES TRACE AMOUNT.




$$
