000
CDUS44 KLUB 200627
CLILBB


CLIMATE REPORT
NATIONAL WEATHER SERVICE LUBBOCK, TX
1226 AM CST TUE FEB 20 2018


...................................

...THE LUBBOCK CLIMATE SUMMARY FOR FEBRUARY 19 2018...

CLIMATE NORMAL PERIOD 1981 TO 2010
CLIMATE RECORD PERIOD 1911 TO 2018


WEATHER ITEM   OBSERVED TIME   RECORD YEAR NORMAL DEPARTURE LAST
                VALUE   (LST)  VALUE       VALUE  FROM      YEAR
                                                  NORMAL
..................................................................
TEMPERATURE (F)
 YESTERDAY
  MAXIMUM         77    204 PM  85    2016  60     17       70
  MINIMUM         52    743 AM   2    1978  31     21       46
  AVERAGE         65                        45     20       58

PRECIPITATION (IN)
  YESTERDAY        T             0.22 1987   0.03  -0.03      T
  MONTH TO DATE    0.18                      0.51  -0.33     0.89
  SINCE DEC 1      0.18                      1.92  -1.74     3.41
  SINCE JAN 1      0.18                      1.16  -0.98     2.92

SNOWFALL (IN)
  YESTERDAY        0.0           2.2  1987   0.1   -0.1      0.0
  MONTH TO DATE    0.0                       1.3   -1.3       T
  SINCE DEC 1      0.3                       6.2   -5.9      0.2
  SINCE JUL 1      0.3                       7.1   -6.8      0.2
  SNOW DEPTH       0

DEGREE DAYS
 HEATING
  YESTERDAY        0                        20    -20        7
  MONTH TO DATE  351                       410    -59      267
  SINCE DEC 1   1831                      1933   -102     1626
  SINCE JUL 1   2337                      2575   -238     1990

 COOLING
  YESTERDAY        0                         0      0        0
  MONTH TO DATE    3                         0      3        4
  SINCE DEC 1      3                         0      3        4
  SINCE JAN 1      3                         0      3        4
..................................................................


WIND (MPH)
  RESULTANT WIND SPEED  17   RESULTANT WIND DIRECTION  SW (210)
  HIGHEST WIND SPEED    36   HIGHEST WIND DIRECTION    SW (240)
  HIGHEST GUST SPEED    44   HIGHEST GUST DIRECTION    SW (210)
  AVERAGE WIND SPEED    17.5


SKY COVER
  AVERAGE SKY COVER 0.6


WEATHER CONDITIONS
 THE FOLLOWING WEATHER WAS RECORDED YESTERDAY.
  LIGHT RAIN
  FOG
  BLOWING DUST


RELATIVE HUMIDITY (PERCENT)
 HIGHEST    93           100 AM
 LOWEST     20           300 PM
 AVERAGE    57

..........................................................


THE LUBBOCK CLIMATE NORMALS FOR TODAY
                         NORMAL    RECORD    YEAR
 MAXIMUM TEMPERATURE (F)   60        85      2016
 MINIMUM TEMPERATURE (F)   31         4      1918


SUNRISE AND SUNSET
FEBRUARY 20 2018......SUNRISE   726 AM CST   SUNSET   636 PM CST
FEBRUARY 21 2018......SUNRISE   725 AM CST   SUNSET   637 PM CST


-  INDICATES NEGATIVE NUMBERS.
R  INDICATES RECORD WAS SET OR TIED.
MM INDICATES DATA IS MISSING.
T  INDICATES TRACE AMOUNT.




$$
