000
CDUS44 KLUB 010633
CLILBB


CLIMATE REPORT
NATIONAL WEATHER SERVICE LUBBOCK, TX
132 AM CDT WED JUN 1 2016


...................................

...THE LUBBOCK CLIMATE SUMMARY FOR MAY 31 2016...

CLIMATE NORMAL PERIOD 1981 TO 2010
CLIMATE RECORD PERIOD 1911 TO 2016


WEATHER ITEM   OBSERVED TIME   RECORD YEAR NORMAL DEPARTURE LAST
                VALUE   (LST)  VALUE       VALUE  FROM      YEAR
                                                  NORMAL
..................................................................
TEMPERATURE (F)
 YESTERDAY
  MAXIMUM         82    509 PM 102    1916  88     -6       78
  MINIMUM         62   1159 PM  43    1983  61      1       55
  AVERAGE         72                        74     -2       67

PRECIPITATION (IN)
  YESTERDAY        0.01          2.26 1963   0.10  -0.09     0.00
  MONTH TO DATE    3.66                      2.30   1.36    12.12
  SINCE MAR 1      4.88                      4.81   0.07    13.66
  SINCE JAN 1      5.27                      6.21  -0.94    15.93

SNOWFALL (IN)
  YESTERDAY        0.0           T    1990   0.0    0.0      0.0
  MONTH TO DATE    0.0                       0.0    0.0      0.0
  SINCE MAR 1      T                         0.8   -0.8      1.1
  SINCE JUL 1     13.3                       8.2    5.1     14.7
  SNOW DEPTH       0

DEGREE DAYS
 HEATING
  YESTERDAY        0                         0      0        0
  MONTH TO DATE   83                        39     44       44
  SINCE MAR 1    454                       638   -184      556
  SINCE JUL 1   2854                      3377   -523     3275

 COOLING
  YESTERDAY        7                         9     -2        2
  MONTH TO DATE  176                       190    -14       83
  SINCE MAR 1    223                       246    -23      138
  SINCE JAN 1    227                       246    -19      138
..................................................................


WIND (MPH)
  RESULTANT WIND SPEED   6   RESULTANT WIND DIRECTION   E (100)
  HIGHEST WIND SPEED    30   HIGHEST WIND DIRECTION     S (170)
  HIGHEST GUST SPEED    38   HIGHEST GUST DIRECTION     S (160)
  AVERAGE WIND SPEED    10.9


SKY COVER
  AVERAGE SKY COVER 0.6


WEATHER CONDITIONS
 THE FOLLOWING WEATHER WAS RECORDED YESTERDAY.
  THUNDERSTORM
  LIGHT RAIN


RELATIVE HUMIDITY (PERCENT)
 HIGHEST    78           800 AM
 LOWEST     42           500 PM
 AVERAGE    60

..........................................................


THE LUBBOCK CLIMATE NORMALS FOR TODAY
                         NORMAL    RECORD    YEAR
 MAXIMUM TEMPERATURE (F)   88       107      1998
 MINIMUM TEMPERATURE (F)   61        45      1964
                                             1917


SUNRISE AND SUNSET
JUNE  1 2016..........SUNRISE   638 AM CDT   SUNSET   853 PM CDT
JUNE  2 2016..........SUNRISE   638 AM CDT   SUNSET   853 PM CDT


-  INDICATES NEGATIVE NUMBERS.
R  INDICATES RECORD WAS SET OR TIED.
MM INDICATES DATA IS MISSING.
T  INDICATES TRACE AMOUNT.




$$
