000
CDUS44 KLUB 230632
CLILBB


CLIMATE REPORT
NATIONAL WEATHER SERVICE LUBBOCK, TX
1231 AM CST THU NOV 23 2017


...................................

...THE LUBBOCK CLIMATE SUMMARY FOR NOVEMBER 22 2017...

CLIMATE NORMAL PERIOD 1981 TO 2010
CLIMATE RECORD PERIOD 1911 TO 2017


WEATHER ITEM   OBSERVED TIME   RECORD YEAR NORMAL DEPARTURE LAST
                VALUE   (LST)  VALUE       VALUE  FROM      YEAR
                                                  NORMAL
..................................................................
TEMPERATURE (F)
 YESTERDAY
  MAXIMUM         59    320 PM  82    2006  61     -2       69
  MINIMUM         28    733 AM   6    1957  33     -5       42
  AVERAGE         44                        47     -3       56

PRECIPITATION (IN)
  YESTERDAY        0.00          0.49 1922   0.02  -0.02      T
  MONTH TO DATE    0.03                      0.64  -0.61     0.54
  SINCE SEP 1      3.99                      5.08  -1.09     3.06
  SINCE JAN 1     21.95                     18.15   3.80    12.98

SNOWFALL (IN)
  YESTERDAY        0.0           1.5  1957   0.1   -0.1      0.0
  MONTH TO DATE    0.0                       0.6   -0.6      0.0
  SINCE SEP 1      0.0                       0.6   -0.6      0.0
  SINCE JUL 1      0.0                       0.6   -0.6      0.0
  SNOW DEPTH       0

DEGREE DAYS
 HEATING
  YESTERDAY       21                        18      3        9
  MONTH TO DATE  236                       301    -65      191
  SINCE SEP 1    424                       483    -59      237
  SINCE JUL 1    424                       483    -59      237

 COOLING
  YESTERDAY        0                         0      0        0
  MONTH TO DATE   11                         0     11        7
  SINCE SEP 1    346                       275     71      388
  SINCE JAN 1   1991                      1801    190     2114
..................................................................


WIND (MPH)
  RESULTANT WIND SPEED   5   RESULTANT WIND DIRECTION  SW (240)
  HIGHEST WIND SPEED    15   HIGHEST WIND DIRECTION    SW (220)
  HIGHEST GUST SPEED    18   HIGHEST GUST DIRECTION    SW (210)
  AVERAGE WIND SPEED     8.2


SKY COVER
  AVERAGE SKY COVER 0.4


WEATHER CONDITIONS
 THE FOLLOWING WEATHER WAS RECORDED YESTERDAY.
  NO SIGNIFICANT WEATHER WAS OBSERVED.


RELATIVE HUMIDITY (PERCENT)
 HIGHEST    72           400 AM
 LOWEST     28           300 PM
 AVERAGE    50

..........................................................


THE LUBBOCK CLIMATE NORMALS FOR TODAY
                         NORMAL    RECORD    YEAR
 MAXIMUM TEMPERATURE (F)   60        84      1965
 MINIMUM TEMPERATURE (F)   33        -1      1957


SUNRISE AND SUNSET
NOVEMBER 23 2017......SUNRISE   727 AM CST   SUNSET   541 PM CST
NOVEMBER 24 2017......SUNRISE   728 AM CST   SUNSET   540 PM CST


-  INDICATES NEGATIVE NUMBERS.
R  INDICATES RECORD WAS SET OR TIED.
MM INDICATES DATA IS MISSING.
T  INDICATES TRACE AMOUNT.




$$
