000
CDUS44 KLUB 240625
CLILBB


CLIMATE REPORT
NATIONAL WEATHER SERVICE LUBBOCK, TX
125 AM CDT THU JUL 24 2014


...................................

...THE LUBBOCK CLIMATE SUMMARY FOR JULY 23 2014...

CLIMATE NORMAL PERIOD 1981 TO 2010
CLIMATE RECORD PERIOD 1911 TO 2014


WEATHER ITEM   OBSERVED TIME   RECORD YEAR NORMAL DEPARTURE LAST
                VALUE   (LST)  VALUE       VALUE  FROM      YEAR
                                                  NORMAL
..................................................................
TEMPERATURE (F)
 YESTERDAY
  MAXIMUM         96    332 PM 104    2001  93      3       95
                                      1940
  MINIMUM         67    616 AM  54    1915  68     -1       73
  AVERAGE         82                        80      2       84

PRECIPITATION (IN)
  YESTERDAY        0.00          1.43 1951   0.06  -0.06     0.00
                                      1928
  MONTH TO DATE    2.46                      1.48   0.98     3.21
  SINCE JUN 1      5.05                      4.52   0.53     4.88
  SINCE JAN 1     11.18                     10.73   0.45     8.30

SNOWFALL (IN)
  YESTERDAY        0.0           0.0  2002   0.0    0.0      0.0
  MONTH TO DATE    0.0                       0.0    0.0      0.0
  SINCE JUN 1      0.0                       0.0    0.0      0.0
  SINCE JUL 1      0.0                       0.0    0.0      0.0
  SNOW DEPTH       0

DEGREE DAYS
 HEATING
  YESTERDAY        0                         0      0        0
  MONTH TO DATE    0                         0      0        0
  SINCE JUN 1      0                         2     -2        0
  SINCE JUL 1      0                         0      0        0

 COOLING
  YESTERDAY       17                        15      2       19
  MONTH TO DATE  316                       345    -29      328
  SINCE JUN 1    723                       719      4      802
  SINCE JAN 1   1002                       965     37     1117
..................................................................


WIND (MPH)
  RESULTANT WIND SPEED   5   RESULTANT WIND DIRECTION   E (90)
  HIGHEST WIND SPEED    14   HIGHEST WIND DIRECTION    NE (40)
  HIGHEST GUST SPEED    17   HIGHEST GUST DIRECTION     E (100)
  AVERAGE WIND SPEED     5.9


SKY COVER
  AVERAGE SKY COVER 0.2


WEATHER CONDITIONS
 THE FOLLOWING WEATHER WAS RECORDED YESTERDAY.
  HAZE


RELATIVE HUMIDITY (PERCENT)
 HIGHEST    79           700 AM
 LOWEST     28           300 PM
 AVERAGE    54

..........................................................


THE LUBBOCK CLIMATE NORMALS FOR TODAY
                         NORMAL    RECORD    YEAR
 MAXIMUM TEMPERATURE (F)   93       104      1958
                                             1943
 MINIMUM TEMPERATURE (F)   68        57      1915


SUNRISE AND SUNSET
JULY 24 2014..........SUNRISE   654 AM CDT   SUNSET   853 PM CDT
JULY 25 2014..........SUNRISE   655 AM CDT   SUNSET   853 PM CDT


-  INDICATES NEGATIVE NUMBERS.
R  INDICATES RECORD WAS SET OR TIED.
MM INDICATES DATA IS MISSING.
T  INDICATES TRACE AMOUNT.




$$
