000
CDUS44 KLUB 290244
CLILBB


CLIMATE REPORT
NATIONAL WEATHER SERVICE LUBBOCK, TX
843 PM CST FRI NOV 28 2014


...................................

...THE LUBBOCK CLIMATE SUMMARY FOR NOVEMBER 28 2014...
VALID TODAY AS OF 0800 PM LOCAL TIME.

CLIMATE NORMAL PERIOD 1981 TO 2010
CLIMATE RECORD PERIOD 1911 TO 2014


WEATHER ITEM   OBSERVED TIME   RECORD YEAR NORMAL DEPARTURE LAST
                VALUE   (LST)  VALUE       VALUE  FROM      YEAR
                                                  NORMAL
..................................................................
TEMPERATURE (F)
 TODAY
  MAXIMUM         77    355 PM  83    1949  58     19       57
  MINIMUM         38    734 AM   5    1976  31      7       33
  AVERAGE         58                        44     14       45

PRECIPITATION (IN)
  TODAY            0.00          0.34 1936   0.03  -0.03     0.00
  MONTH TO DATE    2.95                      0.80   2.15     0.54
  SINCE SEP 1     10.27                      5.24   5.03     2.23
  SINCE JAN 1     22.17                     18.31   3.86    12.01

SNOWFALL (IN)
  TODAY           MM             3.7  2001   0.0   MM        0.0
  MONTH TO DATE    0.5                       0.8   -0.3      2.2
  SINCE SEP 1      0.5                       0.8   -0.3      2.2
  SINCE JUL 1      0.5                       0.8   -0.3      2.2
  SNOW DEPTH       0

DEGREE DAYS
 HEATING
  TODAY            7                        20    -13       20
  MONTH TO DATE  533                       418    115      456
  SINCE SEP 1    660                       600     60      619
  SINCE JUL 1    660                       600     60      619

 COOLING
  TODAY            0                         0      0        0
  MONTH TO DATE    0                         0      0        3
  SINCE SEP 1    288                       275     13      395
  SINCE JAN 1   1917                      1801    116     2123
..................................................................


WIND (MPH)
  RESULTANT WIND SPEED  14   RESULTANT WIND DIRECTION  SW (230)
  HIGHEST WIND SPEED    22   HIGHEST WIND DIRECTION    SW (220)
  HIGHEST GUST SPEED    25   HIGHEST GUST DIRECTION    SW (220)
  AVERAGE WIND SPEED    14.5


SKY COVER
  AVERAGE SKY COVER 0.4


WEATHER CONDITIONS
 THE FOLLOWING WEATHER WAS RECORDED TODAY.
  NO SIGNIFICANT WEATHER WAS OBSERVED.


RELATIVE HUMIDITY (PERCENT)
 HIGHEST    70           700 AM
 LOWEST     15           400 PM
 AVERAGE    43

..........................................................


THE LUBBOCK CLIMATE NORMALS FOR TOMORROW
                         NORMAL    RECORD    YEAR
 MAXIMUM TEMPERATURE (F)   58        78      2012
 MINIMUM TEMPERATURE (F)   30         1      1976


SUNRISE AND SUNSET
NOVEMBER 28 2014......SUNRISE   731 AM CST   SUNSET   539 PM CST
NOVEMBER 29 2014......SUNRISE   732 AM CST   SUNSET   539 PM CST


-  INDICATES NEGATIVE NUMBERS.
R  INDICATES RECORD WAS SET OR TIED.
MM INDICATES DATA IS MISSING.
T  INDICATES TRACE AMOUNT.




$$
