000
CDUS43 KLBF 191030
CLILBF

CLIMATE REPORT
NATIONAL WEATHER SERVICE NORTH PLATTE
428 AM CST FRI DEC 19 2014

...................................

...THE NORTH PLATTE NE CLIMATE SUMMARY FOR DECEMBER 18 2014...

CLIMATE NORMAL PERIOD 1981 TO 2010
CLIMATE RECORD PERIOD 1874 TO 2014


WEATHER ITEM   OBSERVED TIME   RECORD YEAR NORMAL DEPARTURE LAST
                VALUE   (LST)  VALUE       VALUE  FROM      YEAR
                                                  NORMAL
..................................................................
TEMPERATURE (F)
 YESTERDAY
  MAXIMUM         29    336 PM  68    2013  38     -9       68
  MINIMUM         17    857 PM -19    1983  11      6       20
  AVERAGE         23                        25     -2       44

PRECIPITATION (IN)
  YESTERDAY        0.00          0.37 1973   0.01  -0.01     0.00
  MONTH TO DATE    0.72                      0.24   0.48     0.06
  SINCE DEC 1      0.72                      0.24   0.48     0.06
  SINCE JAN 1     21.20                     20.06   1.14    21.67

SNOWFALL (IN)
  YESTERDAY        0.0           4.1  1973   0.2   -0.2      0.0
  MONTH TO DATE    2.3                       2.6   -0.3      1.5
  SINCE DEC 1      2.3                       2.6   -0.3      1.5
  SINCE JUL 1      2.7                       8.8   -6.1      4.6
  SNOW DEPTH       T

DEGREE DAYS
 HEATING
  YESTERDAY       42                        40      2       21
  MONTH TO DATE  576                       699   -123      744
  SINCE DEC 1    576                       699   -123      744
  SINCE JUL 1   2096                      2250   -154     2229

 COOLING
  YESTERDAY        0                         0      0        0
  MONTH TO DATE    0                         0      0        0
  SINCE DEC 1      0                         0      0        0
  SINCE JAN 1    744                       768    -24      998
..................................................................


WIND (MPH)
  HIGHEST WIND SPEED    12   HIGHEST WIND DIRECTION    SW (240)
  HIGHEST GUST SPEED    14   HIGHEST GUST DIRECTION    SW (230)
  AVERAGE WIND SPEED     5.5


SKY COVER
  POSSIBLE SUNSHINE  MM
  AVERAGE SKY COVER 0.9


WEATHER CONDITIONS
 THE FOLLOWING WEATHER WAS RECORDED YESTERDAY.
  FOG
  FOG W/VISIBILITY <= 1/4 MILE
  HAZE


RELATIVE HUMIDITY (PERCENT)
 HIGHEST    96          1200 AM
 LOWEST     84          1000 AM
 AVERAGE    90

..........................................................


THE NORTH PLATTE NE CLIMATE NORMALS FOR TODAY
                         NORMAL    RECORD    YEAR
 MAXIMUM TEMPERATURE (F)   38        62      1979
 MINIMUM TEMPERATURE (F)   11       -22      1924


SUNRISE AND SUNSET
DECEMBER 19 2014......SUNRISE   803 AM CST   SUNSET   516 PM CST
DECEMBER 20 2014......SUNRISE   804 AM CST   SUNSET   517 PM CST


-  INDICATES NEGATIVE NUMBERS.
R  INDICATES RECORD WAS SET OR TIED.
MM INDICATES DATA IS MISSING.
T  INDICATES TRACE AMOUNT.

$$
