000
CDUS43 KLBF 220931
CLILBF

CLIMATE REPORT
NATIONAL WEATHER SERVICE NORTH PLATTE
431 AM CDT FRI AUG 22 2014


...................................

...THE NORTH PLATTE NE CLIMATE SUMMARY FOR AUGUST 21 2014...

CLIMATE NORMAL PERIOD 1981 TO 2010
CLIMATE RECORD PERIOD 1874 TO 2014


WEATHER ITEM   OBSERVED TIME   RECORD YEAR NORMAL DEPARTURE LAST
                VALUE   (LST)  VALUE       VALUE  FROM      YEAR
                                                  NORMAL
..................................................................
TEMPERATURE (F)
 YESTERDAY
  MAXIMUM         90    449 PM 101    1878  86      4       93
  MINIMUM         62    340 AM  44    2009  57      5       65
  AVERAGE         76                        72      4       79

PRECIPITATION (IN)
  YESTERDAY        0.00          1.84 1993   0.06  -0.06     0.00
  MONTH TO DATE    2.52                      1.74   0.78     3.33
  SINCE JUN 1     11.41                      8.23   3.18     8.02
  SINCE JAN 1     15.70                     15.67   0.03    14.18

SNOWFALL (IN)
  YESTERDAY        0.0           0.0  2002   0.0    0.0      0.0
                                      2001
  MONTH TO DATE    0.0                       0.0    0.0      0.0
  SINCE JUN 1      T                         0.0    0.0       T
  SINCE JUL 1      0.0                       0.0    0.0      0.0
  SNOW DEPTH       0

DEGREE DAYS
 HEATING
  YESTERDAY        0                         0      0        0
  MONTH TO DATE    0                         0      0        0
  SINCE JUN 1     56                        56      0       60
  SINCE JUL 1     17                         5     12       13

 COOLING
  YESTERDAY       11                         7      4       14
  MONTH TO DATE  204                       175     29      155
  SINCE JUN 1    570                       606    -36      636
  SINCE JAN 1    619                       634    -15      684
..................................................................


WIND (MPH)
  HIGHEST WIND SPEED    13   HIGHEST WIND DIRECTION     W (270)
  HIGHEST GUST SPEED    17   HIGHEST GUST DIRECTION     W (270)
  AVERAGE WIND SPEED     4.8


SKY COVER
  POSSIBLE SUNSHINE  MM
  AVERAGE SKY COVER 0.0


WEATHER CONDITIONS
 THE FOLLOWING WEATHER WAS RECORDED YESTERDAY.
  NO SIGNIFICANT WEATHER WAS OBSERVED.


RELATIVE HUMIDITY (PERCENT)
 HIGHEST    93           300 AM
 LOWEST     41           100 PM
 AVERAGE    67

..........................................................


THE NORTH PLATTE NE CLIMATE NORMALS FOR TODAY
                         NORMAL    RECORD    YEAR
 MAXIMUM TEMPERATURE (F)   86       103      1938
 MINIMUM TEMPERATURE (F)   57        41      1891


SUNRISE AND SUNSET
AUGUST 22 2014........SUNRISE   659 AM CDT   SUNSET   831 PM CDT
AUGUST 23 2014........SUNRISE   700 AM CDT   SUNSET   830 PM CDT


-  INDICATES NEGATIVE NUMBERS.
R  INDICATES RECORD WAS SET OR TIED.
MM INDICATES DATA IS MISSING.
T  INDICATES TRACE AMOUNT.

$$
