794
CDUS43 KLBF 260758
CLILBF


CLIMATE REPORT
NATIONAL WEATHER SERVICE NORTH PLATTE
256 AM CDT MON JUN 26 2017


...................................

...THE NORTH PLATTE NE CLIMATE SUMMARY FOR JUNE 25 2017...

CLIMATE NORMAL PERIOD 1981 TO 2010
CLIMATE RECORD PERIOD 1874 TO 2017


WEATHER ITEM   OBSERVED TIME   RECORD YEAR NORMAL DEPARTURE LAST
                VALUE   (LST)  VALUE       VALUE  FROM      YEAR
                                                  NORMAL
..................................................................
TEMPERATURE (F)
 YESTERDAY
  MAXIMUM         79    401 PM 102    1954  85     -6       82
                                      1936
  MINIMUM         44    155 AM  40    1958  57    -13       60
  AVERAGE         62                        71     -9       71

PRECIPITATION (IN)
  YESTERDAY        0.02          1.46 1881   0.11  -0.09      T
  MONTH TO DATE    0.03                      2.92  -2.89     1.72
  SINCE JUN 1      0.03                      2.92  -2.89     1.72
  SINCE JAN 1      8.57                     10.36  -1.79    12.90

SNOWFALL (IN)
  YESTERDAY        0.0           0.0    MM   0.0    0.0      0.0
  MONTH TO DATE    0.0                       0.0    0.0      0.0
  SINCE JUN 1      0.0                       0.0    0.0      0.0
  SINCE JUL 1     21.3                      28.5   -7.2     32.4
  SNOW DEPTH       0

DEGREE DAYS
 HEATING
  YESTERDAY        3                         1      2        0
  MONTH TO DATE    7                        50    -43       10
  SINCE JUN 1      7                        50    -43       10
  SINCE JUL 1   5672                      6685  -1013     5716

 COOLING
  YESTERDAY        0                         7     -7        6
  MONTH TO DATE  183                       101     82      212
  SINCE JUN 1    183                       101     82      212
  SINCE JAN 1    200                       129     71      222
..................................................................


WIND (MPH)
  HIGHEST WIND SPEED    20   HIGHEST WIND DIRECTION     S (200)
  HIGHEST GUST SPEED    24   HIGHEST GUST DIRECTION     S (200)
  AVERAGE WIND SPEED     6.9


SKY COVER
  POSSIBLE SUNSHINE  MM
  AVERAGE SKY COVER 0.2


WEATHER CONDITIONS
 THE FOLLOWING WEATHER WAS RECORDED YESTERDAY.
  LIGHT RAIN


RELATIVE HUMIDITY (PERCENT)
 HIGHEST    78          1000 PM
 LOWEST     31           100 PM
 AVERAGE    55

..........................................................


THE NORTH PLATTE NE CLIMATE NORMALS FOR TODAY
                         NORMAL    RECORD    YEAR
 MAXIMUM TEMPERATURE (F)   86       107      2012
 MINIMUM TEMPERATURE (F)   57        38      1958


SUNRISE AND SUNSET
JUNE 26 2017..........SUNRISE   612 AM CDT   SUNSET   919 PM CDT
JUNE 27 2017..........SUNRISE   612 AM CDT   SUNSET   919 PM CDT


-  INDICATES NEGATIVE NUMBERS.
R  INDICATES RECORD WAS SET OR TIED.
MM INDICATES DATA IS MISSING.
T  INDICATES TRACE AMOUNT.




$$
