000
CDUS43 KLBF 030954
CLILBF

CLIMATE REPORT
NATIONAL WEATHER SERVICE NORTH PLATTE
452 AM CDT WED JUN 3 2015


...................................

...THE NORTH PLATTE NE CLIMATE SUMMARY FOR JUNE 2 2015...

CLIMATE NORMAL PERIOD 1981 TO 2010
CLIMATE RECORD PERIOD 1874 TO 2015


WEATHER ITEM   OBSERVED TIME   RECORD YEAR NORMAL DEPARTURE LAST
                VALUE   (LST)  VALUE       VALUE  FROM      YEAR
                                                  NORMAL
..................................................................
TEMPERATURE (F)
 YESTERDAY
  MAXIMUM         85    414 PM  93    2002  77      8       82
                                      1931
  MINIMUM         61    609 AM  29    1969  50     11       49
  AVERAGE         73                        63     10       66

PRECIPITATION (IN)
  YESTERDAY        0.07          2.13 2005   0.13  -0.06     0.00
  MONTH TO DATE    0.40                      0.26   0.14     0.64
  SINCE JUN 1      0.40                      0.26   0.14     0.64
  SINCE JAN 1      8.50                      7.70   0.80     4.93

SNOWFALL (IN)
  YESTERDAY        0.0           0.0  2002   0.0    0.0      0.0
                                      2001
  MONTH TO DATE    0.0                       0.0    0.0      0.0
  SINCE JUN 1      0.0                       0.0    0.0      0.0
  SINCE JUL 1     21.3                      28.5   -7.2     29.8
  SNOW DEPTH       0

DEGREE DAYS
 HEATING
  YESTERDAY        0                         4     -4        0
  MONTH TO DATE    0                         8     -8        2
  SINCE JUN 1      0                         8     -8        2
  SINCE JUL 1   6270                      6643   -373     6832

 COOLING
  YESTERDAY        8                         2      6        1
  MONTH TO DATE   11                         4      7        1
  SINCE JUN 1     11                         4      7        1
  SINCE JAN 1     13                        32    -19       50
..................................................................


WIND (MPH)
  HIGHEST WIND SPEED    29   HIGHEST WIND DIRECTION     N (20)
  HIGHEST GUST SPEED    36   HIGHEST GUST DIRECTION     N (20)
  AVERAGE WIND SPEED    10.3


SKY COVER
  POSSIBLE SUNSHINE  MM
  AVERAGE SKY COVER 0.1


WEATHER CONDITIONS
 THE FOLLOWING WEATHER WAS RECORDED YESTERDAY.
  THUNDERSTORM
  LIGHT RAIN


RELATIVE HUMIDITY (PERCENT)
 HIGHEST    84           800 AM
 LOWEST     54          1200 PM
 AVERAGE    69

..........................................................


THE NORTH PLATTE NE CLIMATE NORMALS FOR TODAY
                         NORMAL    RECORD    YEAR
 MAXIMUM TEMPERATURE (F)   77        95      1933
 MINIMUM TEMPERATURE (F)   50        33      1876


SUNRISE AND SUNSET
JUNE  3 2015..........SUNRISE   612 AM CDT   SUNSET   910 PM CDT
JUNE  4 2015..........SUNRISE   611 AM CDT   SUNSET   911 PM CDT


-  INDICATES NEGATIVE NUMBERS.
R  INDICATES RECORD WAS SET OR TIED.
MM INDICATES DATA IS MISSING.
T  INDICATES TRACE AMOUNT.




$$
