000
CDUS42 KILM 252041
CLILBT


CLIMATE REPORT
NATIONAL WEATHER SERVICE WILMINGTON NC
440 PM EDT SAT MAR 25 2017


...................................

...THE LUMBERTON NC CLIMATE SUMMARY FOR MARCH 25 2017...
VALID TODAY AS OF 0400 PM LOCAL TIME.

CLIMATE NORMAL PERIOD 1981 TO 2010
CLIMATE RECORD PERIOD 9999 TO 9999


WEATHER ITEM   OBSERVED TIME   NORMAL DEPARTURE LAST
                VALUE   (LST)  VALUE  FROM      YEAR
                                      NORMAL
......................................................
TEMPERATURE (F)
 TODAY
  MAXIMUM         77    244 PM  69      8       79
  MINIMUM         49    622 AM  44      5       63
  AVERAGE         63            57      6       71

PRECIPITATION (IN)
  TODAY            0.00          0.10  -0.10     0.02
  MONTH TO DATE    2.71          2.64   0.07     0.92
  SINCE MAR 1      2.71          2.64   0.07     0.92
  SINCE JAN 1      6.20          8.51  -2.31     9.20

SNOWFALL (IN)
  TODAY           MM
  MONTH TO DATE   MM
  SINCE MAR 1     MM
  SINCE JUL 1     MM
  SNOW DEPTH      MM

DEGREE DAYS
 HEATING
  TODAY            2             9     -7        0
  MONTH TO DATE  364           299     65      163
  SINCE MAR 1    364           299     65      163
  SINCE JUL 1   2011          2529   -518     1842

 COOLING
  TODAY            0             0      0        6
  MONTH TO DATE   12             0     12       44
  SINCE MAR 1     12             0     12       44
  SINCE JAN 1     22             3     19       45
......................................................


WIND (MPH)
  HIGHEST WIND SPEED    15   HIGHEST WIND DIRECTION    SW (210)
  HIGHEST GUST SPEED    21   HIGHEST GUST DIRECTION    SW (230)
  AVERAGE WIND SPEED     5.3


SKY COVER
  POSSIBLE SUNSHINE  MM
  AVERAGE SKY COVER 0.2


WEATHER CONDITIONS
 THE FOLLOWING WEATHER WAS RECORDED TODAY.
  NO SIGNIFICANT WEATHER WAS OBSERVED.


RELATIVE HUMIDITY (PERCENT)
 HIGHEST   100           500 AM
 LOWEST     38           200 PM
 AVERAGE    69

..........................................................


THE LUMBERTON NC CLIMATE NORMALS FOR TOMORROW
                         NORMAL
 MAXIMUM TEMPERATURE (F)   69
 MINIMUM TEMPERATURE (F)   45


SUNRISE AND SUNSET
MARCH 25 2017.........SUNRISE   713 AM EDT   SUNSET   732 PM EDT
MARCH 26 2017.........SUNRISE   711 AM EDT   SUNSET   733 PM EDT


-  INDICATES NEGATIVE NUMBERS.
R  INDICATES RECORD WAS SET OR TIED.
MM INDICATES DATA IS MISSING.
T  INDICATES TRACE AMOUNT.




$$
