000
CDUS44 KLCH 290812
CLILCH


CLIMATE REPORT
NATIONAL WEATHER SERVICE LAKE CHARLES, LA
311 AM CDT SAT APR 29 2017


...................................

...THE LAKE CHARLES CLIMATE SUMMARY FOR APRIL 28 2017...

CLIMATE NORMAL PERIOD 1981 TO 2010
CLIMATE RECORD PERIOD 1895 TO 2017


WEATHER ITEM   OBSERVED TIME   RECORD YEAR NORMAL DEPARTURE LAST
                VALUE   (LST)  VALUE       VALUE  FROM      YEAR
                                                  NORMAL
..................................................................
TEMPERATURE (F)
 YESTERDAY
  MAXIMUM         85   1218 PM  95    1987  81      4       85
  MINIMUM         73   1202 AM  40    1920  62     11       69
  AVERAGE         79                        71      8       77

PRECIPITATION (IN)
  YESTERDAY        0.02          7.65 1914   0.12  -0.10     0.00
  MONTH TO DATE    2.54                      3.09  -0.55     6.54
  SINCE MAR 1      6.65                      6.75  -0.10     9.99
  SINCE JAN 1     13.60                     15.44  -1.84    15.16

SNOWFALL (IN)
  YESTERDAY        0.0           0.0    MM   0.0    0.0      0.0
  MONTH TO DATE    0.0                       0.0    0.0      0.0
  SINCE MAR 1      0.0                       0.0    0.0      0.0
  SINCE JUL 1      T                         0.1   -0.1      0.0
  SNOW DEPTH       0

DEGREE DAYS
 HEATING
  YESTERDAY        0                         0      0        0
  MONTH TO DATE    7                        44    -37       17
  SINCE MAR 1     84                       206   -122       85
  SINCE JUL 1    742                      1488   -746     1034

 COOLING
  YESTERDAY       14                         6      8       12
  MONTH TO DATE  160                       123     37      138
  SINCE MAR 1    268                       172     96      248
  SINCE JAN 1    399                       195    204      263
..................................................................


WIND (MPH)
  HIGHEST WIND SPEED    23   HIGHEST WIND DIRECTION    SE (150)
  HIGHEST GUST SPEED    29   HIGHEST GUST DIRECTION    SE (150)
  AVERAGE WIND SPEED    14.1


SKY COVER
  POSSIBLE SUNSHINE  MM
  AVERAGE SKY COVER 1.0


WEATHER CONDITIONS
 THE FOLLOWING WEATHER WAS RECORDED YESTERDAY.
  LIGHT RAIN
  FOG
  HAZE


RELATIVE HUMIDITY (PERCENT)
 HIGHEST    94           400 AM
 LOWEST     70          1200 PM
 AVERAGE    82

..........................................................


THE LAKE CHARLES CLIMATE NORMALS FOR TODAY
                         NORMAL    RECORD    YEAR
 MAXIMUM TEMPERATURE (F)   81        93      1915
 MINIMUM TEMPERATURE (F)   62        45      1916


SUNRISE AND SUNSET
APRIL 29 2017.........SUNRISE   631 AM CDT   SUNSET   749 PM CDT
APRIL 30 2017.........SUNRISE   630 AM CDT   SUNSET   750 PM CDT


-  INDICATES NEGATIVE NUMBERS.
R  INDICATES RECORD WAS SET OR TIED.
MM INDICATES DATA IS MISSING.
T  INDICATES TRACE AMOUNT.




$$
