345
CDUS44 KLCH 072245
CLILCH


CLIMATE REPORT
NATIONAL WEATHER SERVICE LAKE CHARLES, LA
445 PM CST WED DEC 7 2016


...................................

...THE LAKE CHARLES CLIMATE SUMMARY FOR DECEMBER 7 2016...
VALID TODAY AS OF 0400 PM LOCAL TIME.

CLIMATE NORMAL PERIOD 1981 TO 2010
CLIMATE RECORD PERIOD 1895 TO 2016


WEATHER ITEM   OBSERVED TIME   RECORD YEAR NORMAL DEPARTURE LAST
                VALUE   (LST)  VALUE       VALUE  FROM      YEAR
                                                  NORMAL
..................................................................
TEMPERATURE (F)
 TODAY
  MAXIMUM         61    329 PM  83    1912  65     -4       71
  MINIMUM         54    929 AM  21    1950  45      9       44
  AVERAGE         58                        55      3       58

PRECIPITATION (IN)
  TODAY            0.00          2.77 1927   0.14  -0.14     0.00
  MONTH TO DATE    8.35                      1.03   7.32     0.32
  SINCE DEC 1      8.35                      1.03   7.32     0.32
  SINCE JAN 1     71.17                     53.84  17.33    61.92

SNOWFALL (IN)
  TODAY            0.0           0.0    MM   0.0    0.0      0.0
  MONTH TO DATE    0.0                       0.0    0.0      0.0
  SINCE DEC 1      0.0                       0.0    0.0      0.0
  SINCE JUL 1      0.0                       0.0    0.0      0.0
  SNOW DEPTH       0

DEGREE DAYS
 HEATING
  TODAY            7                        10     -3        7
  MONTH TO DATE   70                        68      2       71
  SINCE DEC 1     70                        68      2       71
  SINCE JUL 1    164                       275   -111      147

 COOLING
  TODAY            0                         1     -1        0
  MONTH TO DATE    0                         7     -7        0
  SINCE DEC 1      0                         7     -7        0
  SINCE JAN 1   3199                      2796    403     3116
..................................................................


WIND (MPH)
  HIGHEST WIND SPEED    10   HIGHEST WIND DIRECTION    NE (40)
  HIGHEST GUST SPEED    12   HIGHEST GUST DIRECTION    NE (40)
  AVERAGE WIND SPEED     6.4


SKY COVER
  POSSIBLE SUNSHINE  MM
  AVERAGE SKY COVER 1.0


WEATHER CONDITIONS
 THE FOLLOWING WEATHER WAS RECORDED TODAY.
  FOG


RELATIVE HUMIDITY (PERCENT)
 HIGHEST   100           800 AM
 LOWEST     78           200 PM
 AVERAGE    89

..........................................................


THE LAKE CHARLES CLIMATE NORMALS FOR TOMORROW
                         NORMAL    RECORD    YEAR
 MAXIMUM TEMPERATURE (F)   65        82      1966
                                             1912
 MINIMUM TEMPERATURE (F)   45        25      1910


SUNRISE AND SUNSET
DECEMBER  7 2016......SUNRISE   656 AM CST   SUNSET   513 PM CST
DECEMBER  8 2016......SUNRISE   657 AM CST   SUNSET   513 PM CST


-  INDICATES NEGATIVE NUMBERS.
R  INDICATES RECORD WAS SET OR TIED.
MM INDICATES DATA IS MISSING.
T  INDICATES TRACE AMOUNT.




$$
