000
CDUS44 KLCH 260805
CLILCH


CLIMATE REPORT
NATIONAL WEATHER SERVICE LAKE CHARLES, LA
205 AM CST WED NOV 26 2014


...................................

...THE LAKE CHARLES CLIMATE SUMMARY FOR NOVEMBER 25 2014...

CLIMATE NORMAL PERIOD 1981 TO 2010
CLIMATE RECORD PERIOD 1895 TO 2014


WEATHER ITEM   OBSERVED TIME   RECORD YEAR NORMAL DEPARTURE LAST
                VALUE   (LST)  VALUE       VALUE  FROM      YEAR
                                                  NORMAL
..................................................................
TEMPERATURE (F)
 YESTERDAY
  MAXIMUM         60    344 PM  87    1913  69     -9       42
  MINIMUM         39   1159 PM  27    1950  48     -9       39
  AVERAGE         50                        58     -8       41

PRECIPITATION (IN)
  YESTERDAY        0.00         10.00 1895   0.14  -0.14     1.95
  MONTH TO DATE    7.05                      3.71   3.34     2.49
  SINCE SEP 1     14.53                     13.87   0.66    15.72
  SINCE JAN 1     66.60                     52.09  14.51    54.72

SNOWFALL (IN)
  YESTERDAY        0.0           0.0    MM   0.0    0.0     MM
  MONTH TO DATE    0.0                       0.0    0.0      0.0
  SINCE SEP 1      0.0                       0.0    0.0      0.0
  SINCE JUL 1      0.0                       0.0    0.0      0.0
  SNOW DEPTH       0

DEGREE DAYS
 HEATING
  YESTERDAY       15                         8      7       24
  MONTH TO DATE  233                       128    105      147
  SINCE SEP 1    238                       164     74      165
  SINCE JUL 1    238                       164     74      165

 COOLING
  YESTERDAY        0                         1     -1        0
  MONTH TO DATE   16                        49    -33       40
  SINCE SEP 1    675                       653     22      742
  SINCE JAN 1   2685                      2782    -97     2947
..................................................................


WIND (MPH)
  HIGHEST WIND SPEED    14   HIGHEST WIND DIRECTION     N (20)
  HIGHEST GUST SPEED    18   HIGHEST GUST DIRECTION     N (20)
  AVERAGE WIND SPEED     5.3


SKY COVER
  POSSIBLE SUNSHINE  MM
  AVERAGE SKY COVER 0.1


WEATHER CONDITIONS
 THE FOLLOWING WEATHER WAS RECORDED YESTERDAY.
  NO SIGNIFICANT WEATHER WAS OBSERVED.


RELATIVE HUMIDITY (PERCENT)
 HIGHEST    92          1000 PM
 LOWEST     33           300 PM
 AVERAGE    63

..........................................................


THE LAKE CHARLES CLIMATE NORMALS FOR TODAY
                         NORMAL    RECORD    YEAR
 MAXIMUM TEMPERATURE (F)   68        88      1913
 MINIMUM TEMPERATURE (F)   48        25      1912


SUNRISE AND SUNSET
NOVEMBER 26 2014......SUNRISE   647 AM CST   SUNSET   513 PM CST
NOVEMBER 27 2014......SUNRISE   648 AM CST   SUNSET   513 PM CST


-  INDICATES NEGATIVE NUMBERS.
R  INDICATES RECORD WAS SET OR TIED.
MM INDICATES DATA IS MISSING.
T  INDICATES TRACE AMOUNT.




$$
