615
CDUS44 KLCH 200848
CLILCH


CLIMATE REPORT
NATIONAL WEATHER SERVICE LAKE CHARLES, LA
248 AM CST TUE FEB 20 2018


...................................

...THE LAKE CHARLES CLIMATE SUMMARY FOR FEBRUARY 19 2018...

CLIMATE NORMAL PERIOD 1981 TO 2010
CLIMATE RECORD PERIOD 1895 TO 2018


WEATHER ITEM   OBSERVED TIME   RECORD YEAR NORMAL DEPARTURE LAST
                VALUE   (LST)  VALUE       VALUE  FROM      YEAR
                                                  NORMAL
..................................................................
TEMPERATURE (F)
 YESTERDAY
  MAXIMUM         79    323 PM  80    2017  65     14       80
                                      1911
  MINIMUM         63    718 AM  25    1910  46     17       65
  AVERAGE         71                        56     15       73

PRECIPITATION (IN)
  YESTERDAY        0.00          1.70 1947   0.12  -0.12     0.00
  MONTH TO DATE    4.64                      2.43   2.21     1.21
  SINCE DEC 1     17.03                     12.34   4.69    18.17
  SINCE JAN 1     12.13                      7.66   4.47     6.12

SNOWFALL (IN)
  YESTERDAY        0.0           T    1969   0.0    0.0      0.0
                                      1942
  MONTH TO DATE    0.0                       0.1   -0.1      0.0
  SINCE DEC 1      2.2                       0.1    2.1       T
  SINCE JUL 1      2.2                       0.1    2.1       T
  SNOW DEPTH       0

DEGREE DAYS
 HEATING
  YESTERDAY        0                        10    -10        0
  MONTH TO DATE  106                       214   -108       77
  SINCE DEC 1   1007                       998      9      549
  SINCE JUL 1   1155                      1205    -50      643

 COOLING
  YESTERDAY        6                         0      6        8
  MONTH TO DATE   31                         0     31       48
  SINCE DEC 1     56                        30     26      161
  SINCE JAN 1     32                        10     22      105
..................................................................


WIND (MPH)
  HIGHEST WIND SPEED    23   HIGHEST WIND DIRECTION     S (160)
  HIGHEST GUST SPEED    33   HIGHEST GUST DIRECTION    SE (150)
  AVERAGE WIND SPEED    11.9


SKY COVER
  POSSIBLE SUNSHINE  MM
  AVERAGE SKY COVER 0.6


WEATHER CONDITIONS
 THE FOLLOWING WEATHER WAS RECORDED YESTERDAY.
  FOG


RELATIVE HUMIDITY (PERCENT)
 HIGHEST   100           300 AM
 LOWEST     62          1100 AM
 AVERAGE    81

..........................................................


THE LAKE CHARLES CLIMATE NORMALS FOR TODAY
                         NORMAL    RECORD    YEAR
 MAXIMUM TEMPERATURE (F)   66        88      1913
 MINIMUM TEMPERATURE (F)   47        27      1910


SUNRISE AND SUNSET
FEBRUARY 20 2018......SUNRISE   648 AM CST   SUNSET   605 PM CST
FEBRUARY 21 2018......SUNRISE   647 AM CST   SUNSET   606 PM CST


-  INDICATES NEGATIVE NUMBERS.
R  INDICATES RECORD WAS SET OR TIED.
MM INDICATES DATA IS MISSING.
T  INDICATES TRACE AMOUNT.




$$
