000
CDUS44 KLCH 011245
CLILCH


CLIMATE REPORT
NATIONAL WEATHER SERVICE LAKE CHARLES, LA
745 AM CDT TUE SEP 1 2015


...................................

...THE LAKE CHARLES CLIMATE SUMMARY FOR AUGUST 31 2015...

CLIMATE NORMAL PERIOD 1981 TO 2010
CLIMATE RECORD PERIOD 1895 TO 2015


WEATHER ITEM   OBSERVED TIME   RECORD YEAR NORMAL DEPARTURE LAST
                VALUE   (LST)  VALUE       VALUE  FROM      YEAR
                                                  NORMAL
..................................................................
TEMPERATURE (F)
 YESTERDAY
  MAXIMUM         90   1146 AM 107    2000  91     -1       90
  MINIMUM         70    554 AM  63    1968  73     -3       75
                                      1915
                                      1911
  AVERAGE         80                        82     -2       83

PRECIPITATION (IN)
  YESTERDAY        0.00          3.55 1936   0.16  -0.16      T
  MONTH TO DATE    3.38                      4.86  -1.48    15.74
  SINCE JUN 1     11.54                     17.34  -5.80    36.90
  SINCE JAN 1     45.97                     38.22   7.75    52.07

SNOWFALL (IN)
  YESTERDAY        0.0           0.0    MM   0.0    0.0      0.0
  MONTH TO DATE    0.0                       0.0    0.0      0.0
  SINCE JUN 1      0.0                       0.0    0.0      0.0
  SINCE JUL 1      0.0                       0.0    0.0      0.0
  SNOW DEPTH       0

DEGREE DAYS
 HEATING
  YESTERDAY        0                         0      0        0
  MONTH TO DATE    0                         0      0        0
  SINCE JUN 1      0                         0      0        0
  SINCE JUL 1      0                         0      0        0

 COOLING
  YESTERDAY       15                        17     -2       18
  MONTH TO DATE  581                       558     23      559
  SINCE JUN 1   1719                      1591    128     1571
  SINCE JAN 1   2363                      2129    234     2010
..................................................................


WIND (MPH)
  HIGHEST WIND SPEED    16   HIGHEST WIND DIRECTION     E (110)
  HIGHEST GUST SPEED    19   HIGHEST GUST DIRECTION     E (110)
  AVERAGE WIND SPEED     3.9


SKY COVER
  POSSIBLE SUNSHINE  MM
  AVERAGE SKY COVER 0.0


WEATHER CONDITIONS
 THE FOLLOWING WEATHER WAS RECORDED YESTERDAY.
  NO SIGNIFICANT WEATHER WAS OBSERVED.


RELATIVE HUMIDITY (PERCENT)
 HIGHEST    97           300 AM
 LOWEST     59          1000 AM
 AVERAGE    78

..........................................................


THE LAKE CHARLES CLIMATE NORMALS FOR TODAY
                         NORMAL    RECORD    YEAR
 MAXIMUM TEMPERATURE (F)   91       100      1909
 MINIMUM TEMPERATURE (F)   73        60      1915


SUNRISE AND SUNSET
SEPTEMBER  1 2015.....SUNRISE   650 AM CDT   SUNSET   736 PM CDT
SEPTEMBER  2 2015.....SUNRISE   650 AM CDT   SUNSET   734 PM CDT


-  INDICATES NEGATIVE NUMBERS.
R  INDICATES RECORD WAS SET OR TIED.
MM INDICATES DATA IS MISSING.
T  INDICATES TRACE AMOUNT.




$$
