000
CDUS44 KLCH 272215
CLILCH


CLIMATE REPORT
NATIONAL WEATHER SERVICE LAKE CHARLES, LA
514 PM CDT TUE JUN 27 2017


...................................

...THE LAKE CHARLES CLIMATE SUMMARY FOR JUNE 27 2017...
VALID TODAY AS OF 0500 PM LOCAL TIME.

CLIMATE NORMAL PERIOD 1981 TO 2010
CLIMATE RECORD PERIOD 1895 TO 2017


WEATHER ITEM   OBSERVED TIME   RECORD YEAR NORMAL DEPARTURE LAST
                VALUE   (LST)  VALUE       VALUE  FROM      YEAR
                                                  NORMAL
..................................................................
TEMPERATURE (F)
 TODAY
  MAXIMUM         84    953 AM 106    1930  90     -6       95
  MINIMUM         75    553 AM  58    1974  74      1       76
  AVERAGE         80                        82     -2       86

PRECIPITATION (IN)
  TODAY            0.49          6.94 2014   0.23   0.26      T
  MONTH TO DATE    7.71                      6.14   1.57     9.14
  SINCE JUN 1      7.71                      6.14   1.57     9.14
  SINCE JAN 1     34.36                     27.02   7.34    38.46

SNOWFALL (IN)
  TODAY            0.0           0.0    MM   0.0    0.0      0.0
  MONTH TO DATE    0.0                       0.0    0.0      0.0
  SINCE JUN 1      0.0                       0.0    0.0      0.0
  SINCE JUL 1      T                         0.1   -0.1      0.0
  SNOW DEPTH       0

DEGREE DAYS
 HEATING
  TODAY            0                         0      0        0
  MONTH TO DATE    0                         0      0        0
  SINCE JUN 1      0                         0      0        0
  SINCE JUL 1    743                      1490   -747     1034

 COOLING
  TODAY           15                        17     -2       21
  MONTH TO DATE  435                       428      7      452
  SINCE JUN 1    435                       428      7      452
  SINCE JAN 1   1138                       966    172     1068
..................................................................


WIND (MPH)
  HIGHEST WIND SPEED    17   HIGHEST WIND DIRECTION    SE (130)
  HIGHEST GUST SPEED    21   HIGHEST GUST DIRECTION    SE (140)
  AVERAGE WIND SPEED     4.9


SKY COVER
  POSSIBLE SUNSHINE  MM
  AVERAGE SKY COVER 0.2


WEATHER CONDITIONS
 THE FOLLOWING WEATHER WAS RECORDED TODAY.
  THUNDERSTORM
  HEAVY RAIN
  RAIN
  LIGHT RAIN
  FOG
  HAZE


RELATIVE HUMIDITY (PERCENT)
 HIGHEST   100          1200 AM
 LOWEST     79           300 PM
 AVERAGE    90

..........................................................


THE LAKE CHARLES CLIMATE NORMALS FOR TOMORROW
                         NORMAL    RECORD    YEAR
 MAXIMUM TEMPERATURE (F)   90       102      1914
 MINIMUM TEMPERATURE (F)   74        62      1974


SUNRISE AND SUNSET
JUNE 27 2017..........SUNRISE   614 AM CDT   SUNSET   818 PM CDT
JUNE 28 2017..........SUNRISE   614 AM CDT   SUNSET   818 PM CDT


-  INDICATES NEGATIVE NUMBERS.
R  INDICATES RECORD WAS SET OR TIED.
MM INDICATES DATA IS MISSING.
T  INDICATES TRACE AMOUNT.




$$
