000
CDUS44 KLCH 220816
CLILCH


CLIMATE REPORT
NATIONAL WEATHER SERVICE LAKE CHARLES, LA
216 AM CST SAT NOV 22 2014


...................................

...THE LAKE CHARLES CLIMATE SUMMARY FOR NOVEMBER 21 2014...

CLIMATE NORMAL PERIOD 1981 TO 2010
CLIMATE RECORD PERIOD 1895 TO 2014


WEATHER ITEM   OBSERVED TIME   RECORD YEAR NORMAL DEPARTURE LAST
                VALUE   (LST)  VALUE       VALUE  FROM      YEAR
                                                  NORMAL
..................................................................
TEMPERATURE (F)
 YESTERDAY
  MAXIMUM         71    224 PM  89    1896  70      1       78
  MINIMUM         58    255 AM  29    1937  49      9       58
  AVERAGE         65                        60      5       68

PRECIPITATION (IN)
  YESTERDAY        0.00          2.10 1934   0.14  -0.14     0.13
  MONTH TO DATE    3.10                      3.15  -0.05     0.48
  SINCE SEP 1     10.58                     13.31  -2.73    13.71
  SINCE JAN 1     62.65                     51.53  11.12    52.71

SNOWFALL (IN)
  YESTERDAY        0.0           0.0    MM   0.0    0.0      0.0
  MONTH TO DATE    0.0                       0.0    0.0      0.0
  SINCE SEP 1      0.0                       0.0    0.0      0.0
  SINCE JUL 1      0.0                       0.0    0.0      0.0
  SNOW DEPTH       0

DEGREE DAYS
 HEATING
  YESTERDAY        0                         7     -7        0
  MONTH TO DATE  208                        98    110       93
  SINCE SEP 1    213                       134     79      111
  SINCE JUL 1    213                       134     79      111

 COOLING
  YESTERDAY        0                         1     -1        3
  MONTH TO DATE   14                        45    -31       38
  SINCE SEP 1    673                       649     24      740
  SINCE JAN 1   2683                      2778    -95     2945
..................................................................


WIND (MPH)
  HIGHEST WIND SPEED    20   HIGHEST WIND DIRECTION    SE (120)
  HIGHEST GUST SPEED    24   HIGHEST GUST DIRECTION    SE (120)
  AVERAGE WIND SPEED    13.7


SKY COVER
  POSSIBLE SUNSHINE  MM
  AVERAGE SKY COVER 1.0


WEATHER CONDITIONS
 THE FOLLOWING WEATHER WAS RECORDED YESTERDAY.
  NO SIGNIFICANT WEATHER WAS OBSERVED.


RELATIVE HUMIDITY (PERCENT)
 HIGHEST    86           300 AM
 LOWEST     53           100 PM
 AVERAGE    70

..........................................................


THE LAKE CHARLES CLIMATE NORMALS FOR TODAY
                         NORMAL    RECORD    YEAR
 MAXIMUM TEMPERATURE (F)   69        88      1915
 MINIMUM TEMPERATURE (F)   49        29      1898


SUNRISE AND SUNSET
NOVEMBER 22 2014......SUNRISE   644 AM CST   SUNSET   514 PM CST
NOVEMBER 23 2014......SUNRISE   645 AM CST   SUNSET   514 PM CST


-  INDICATES NEGATIVE NUMBERS.
R  INDICATES RECORD WAS SET OR TIED.
MM INDICATES DATA IS MISSING.
T  INDICATES TRACE AMOUNT.




$$
