000
CDUS44 KLCH 201245
CLILCH


CLIMATE REPORT
NATIONAL WEATHER SERVICE LAKE CHARLES, LA
645 AM CST FRI JAN 20 2017


...................................

...THE LAKE CHARLES CLIMATE SUMMARY FOR JANUARY 19 2017...

CLIMATE NORMAL PERIOD 1981 TO 2010
CLIMATE RECORD PERIOD 1895 TO 2017


WEATHER ITEM   OBSERVED TIME   RECORD YEAR NORMAL DEPARTURE LAST
                VALUE   (LST)  VALUE       VALUE  FROM      YEAR
                                                  NORMAL
..................................................................
TEMPERATURE (F)
 YESTERDAY
  MAXIMUM         71   1238 AM  86    1914  61     10       67
  MINIMUM         61   1143 PM  14    1940  42     19       35
  AVERAGE         66                        52     14       51

PRECIPITATION (IN)
  YESTERDAY        1.72          4.00 1898   0.17   1.55     0.00
  MONTH TO DATE    3.22                      3.33  -0.11     2.48
  SINCE DEC 1     15.27                      8.01   7.26     5.72
  SINCE JAN 1      3.22                      3.33  -0.11     2.48

SNOWFALL (IN)
  YESTERDAY        0.0           1.0  1978   0.0    0.0      0.0
  MONTH TO DATE    T                         0.0    0.0      0.0
  SINCE DEC 1      T                         T      0.0      0.0
  SINCE JUL 1      T                         T      0.0      0.0
  SNOW DEPTH       0

DEGREE DAYS
 HEATING
  YESTERDAY        0                        14    -14       14
  MONTH TO DATE  136                       266   -130      290
  SINCE DEC 1    389                       633   -244      496
  SINCE JUL 1    483                       840   -357      572

 COOLING
  YESTERDAY        1                         0      1        0
  MONTH TO DATE   49                         0     49        0
  SINCE DEC 1    105                        20     85       57
  SINCE JAN 1     49                         0     49        0
..................................................................


WIND (MPH)
  HIGHEST WIND SPEED    18   HIGHEST WIND DIRECTION    SE (140)
  HIGHEST GUST SPEED    25   HIGHEST GUST DIRECTION     S (170)
  AVERAGE WIND SPEED     5.5


SKY COVER
  POSSIBLE SUNSHINE  MM
  AVERAGE SKY COVER 0.9


WEATHER CONDITIONS
 THE FOLLOWING WEATHER WAS RECORDED YESTERDAY.
  THUNDERSTORM
  HEAVY RAIN
  RAIN
  LIGHT RAIN
  FOG


RELATIVE HUMIDITY (PERCENT)
 HIGHEST   100           200 AM
 LOWEST     87           500 PM
 AVERAGE    94

..........................................................


THE LAKE CHARLES CLIMATE NORMALS FOR TODAY
                         NORMAL    RECORD    YEAR
 MAXIMUM TEMPERATURE (F)   61        85      1914
 MINIMUM TEMPERATURE (F)   42        19      1940


SUNRISE AND SUNSET
JANUARY 20 2017.......SUNRISE   709 AM CST   SUNSET   540 PM CST
JANUARY 21 2017.......SUNRISE   708 AM CST   SUNSET   541 PM CST


-  INDICATES NEGATIVE NUMBERS.
R  INDICATES RECORD WAS SET OR TIED.
MM INDICATES DATA IS MISSING.
T  INDICATES TRACE AMOUNT.




$$
