000
CDUS44 KLCH 220811
CLILCH


CLIMATE REPORT
NATIONAL WEATHER SERVICE LAKE CHARLES, LA
311 AM CDT FRI MAY 22 2015


...................................

...THE LAKE CHARLES CLIMATE SUMMARY FOR MAY 21 2015...

CLIMATE NORMAL PERIOD 1981 TO 2010
CLIMATE RECORD PERIOD 1895 TO 2015


WEATHER ITEM   OBSERVED TIME   RECORD YEAR NORMAL DEPARTURE LAST
                VALUE   (LST)  VALUE       VALUE  FROM      YEAR
                                                  NORMAL
..................................................................
TEMPERATURE (F)
 YESTERDAY
  MAXIMUM         89   1117 AM  99    2005  86      3       86
  MINIMUM         65   1159 PM  52    1981  68     -3       63
  AVERAGE         77                        77      0       75

PRECIPITATION (IN)
  YESTERDAY        1.39          4.20 1967   0.17   1.22     0.00
  MONTH TO DATE    2.96                      3.31  -0.35     0.12
  SINCE MAR 1     22.35                     10.30  12.05     3.04
  SINCE JAN 1     30.83                     18.99  11.84     9.83

SNOWFALL (IN)
  YESTERDAY        0.0           0.0    MM   0.0    0.0      0.0
  MONTH TO DATE    0.0                       0.0    0.0      0.0
  SINCE MAR 1      T                         0.0    0.0      0.0
  SINCE JUL 1      T                         0.1   -0.1      0.1
  SNOW DEPTH       0

DEGREE DAYS
 HEATING
  YESTERDAY        0                         0      0        0
  MONTH TO DATE    0                         0      0       12
  SINCE MAR 1    105                       207   -102      311
  SINCE JUL 1   1543                      1489     54     1962

 COOLING
  YESTERDAY       12                        12      0       10
  MONTH TO DATE  259                       200     59      154
  SINCE MAR 1    512                       385    127      308
  SINCE JAN 1    518                       408    110      323
..................................................................


WIND (MPH)
  HIGHEST WIND SPEED    33   HIGHEST WIND DIRECTION     N (20)
  HIGHEST GUST SPEED    44   HIGHEST GUST DIRECTION     N (10)
  AVERAGE WIND SPEED     5.6


SKY COVER
  POSSIBLE SUNSHINE  MM
  AVERAGE SKY COVER 0.4


WEATHER CONDITIONS
 THE FOLLOWING WEATHER WAS RECORDED YESTERDAY.
  THUNDERSTORM
  HEAVY RAIN
  RAIN
  LIGHT RAIN
  FOG


RELATIVE HUMIDITY (PERCENT)
 HIGHEST    93          1200 AM
 LOWEST     61          1000 AM
 AVERAGE    77

..........................................................


THE LAKE CHARLES CLIMATE NORMALS FOR TODAY
                         NORMAL    RECORD    YEAR
 MAXIMUM TEMPERATURE (F)   86       100      1915
 MINIMUM TEMPERATURE (F)   68        50      1901


SUNRISE AND SUNSET
MAY 22 2015...........SUNRISE   616 AM CDT   SUNSET   804 PM CDT
MAY 23 2015...........SUNRISE   615 AM CDT   SUNSET   804 PM CDT


-  INDICATES NEGATIVE NUMBERS.
R  INDICATES RECORD WAS SET OR TIED.
MM INDICATES DATA IS MISSING.
T  INDICATES TRACE AMOUNT.




$$
