000
CDUS44 KLCH 190907
CLILCH


CLIMATE REPORT
NATIONAL WEATHER SERVICE LAKE CHARLES, LA
406 AM CDT SAT AUG 19 2017


...................................

...THE LAKE CHARLES CLIMATE SUMMARY FOR AUGUST 18 2017...

CLIMATE NORMAL PERIOD 1981 TO 2010
CLIMATE RECORD PERIOD 1895 TO 2017


WEATHER ITEM   OBSERVED TIME   RECORD YEAR NORMAL DEPARTURE LAST
                VALUE   (LST)  VALUE       VALUE  FROM      YEAR
                                                  NORMAL
..................................................................
TEMPERATURE (F)
 YESTERDAY
  MAXIMUM         96    202 PM 105    1909  92      4       87
  MINIMUM         77    530 AM  66    1992  74      3       74
                                      1913
  AVERAGE         87                        83      4       81

PRECIPITATION (IN)
  YESTERDAY        0.00          2.00 1897   0.16  -0.16     0.01
  MONTH TO DATE    8.48                      2.84   5.64    11.66
  SINCE JUN 1     22.02                     15.32   6.70    23.55
  SINCE JAN 1     48.67                     36.20  12.47    52.87

SNOWFALL (IN)
  YESTERDAY        0.0           0.0    MM   0.0    0.0      0.0
  MONTH TO DATE    0.0                       0.0    0.0      0.0
  SINCE JUN 1      0.0                       0.0    0.0      0.0
  SINCE JUL 1      0.0                       0.0    0.0      0.0
  SNOW DEPTH       0

DEGREE DAYS
 HEATING
  YESTERDAY        0                         0      0        0
  MONTH TO DATE    0                         0      0        0
  SINCE JUN 1      0                         0      0        0
  SINCE JUL 1      0                         0      0        0

 COOLING
  YESTERDAY       22                        18      4       16
  MONTH TO DATE  341                       324     17      345
  SINCE JUN 1   1418                      1357     61     1477
  SINCE JAN 1   2121                      1895    226     2093
..................................................................


WIND (MPH)
  HIGHEST WIND SPEED    10   HIGHEST WIND DIRECTION    SW (210)
  HIGHEST GUST SPEED    14   HIGHEST GUST DIRECTION     S (200)
  AVERAGE WIND SPEED     2.9


SKY COVER
  POSSIBLE SUNSHINE  MM
  AVERAGE SKY COVER 0.2


WEATHER CONDITIONS
 THE FOLLOWING WEATHER WAS RECORDED YESTERDAY.
  THUNDERSTORM


RELATIVE HUMIDITY (PERCENT)
 HIGHEST   100           100 AM
 LOWEST     49           200 PM
 AVERAGE    75

..........................................................


THE LAKE CHARLES CLIMATE NORMALS FOR TODAY
                         NORMAL    RECORD    YEAR
 MAXIMUM TEMPERATURE (F)   92       101      1999
                                             1930
 MINIMUM TEMPERATURE (F)   74        64      1911


SUNRISE AND SUNSET
AUGUST 19 2017........SUNRISE   643 AM CDT   SUNSET   750 PM CDT
AUGUST 20 2017........SUNRISE   643 AM CDT   SUNSET   749 PM CDT


-  INDICATES NEGATIVE NUMBERS.
R  INDICATES RECORD WAS SET OR TIED.
MM INDICATES DATA IS MISSING.
T  INDICATES TRACE AMOUNT.




$$
