000
CDUS43 KLMK 240632
CLILEX


CLIMATE REPORT
NATIONAL WEATHER SERVICE LOUISVILLE KY
131 AM EST SAT FEB 24 2018


...................................

...THE LEXINGTON KY CLIMATE SUMMARY FOR FEBRUARY 23 2018...

CLIMATE NORMAL PERIOD 1981 TO 2010
CLIMATE RECORD PERIOD 1872 TO 2018


WEATHER ITEM   OBSERVED TIME   RECORD YEAR NORMAL DEPARTURE LAST
                VALUE   (LST)  VALUE       VALUE  FROM      YEAR
                                                  NORMAL
..................................................................
TEMPERATURE (F)
 YESTERDAY
  MAXIMUM         73    403 PM  80    1996  48     25       69
  MINIMUM         52   1209 AM   1    1873  30     22       54
  AVERAGE         63                        39     24       62

PRECIPITATION (IN)
  YESTERDAY        0.55          2.99 1909   0.12   0.43      T
  MONTH TO DATE    8.68                      2.61   6.07     1.61
  SINCE DEC 1     13.14                      9.74   3.40    12.50
  SINCE JAN 1     10.77                      5.81   4.96     6.32

SNOWFALL (IN)
  YESTERDAY        0.0           3.0  1907   0.2   -0.2      0.0
  MONTH TO DATE    1.3                       4.1   -2.8       T
  SINCE DEC 1      7.6                      10.5   -2.9      3.4
  SINCE JUL 1      7.6                      10.8   -3.2      3.4
  SNOW DEPTH       0

DEGREE DAYS
 HEATING
  YESTERDAY        2                        26    -24        3
  MONTH TO DATE  503                       662   -159      433
  SINCE DEC 1   2472                      2558    -86     2051
  SINCE JUL 1   3252                      3445   -193     2637

 COOLING
  YESTERDAY        0                         0      0        0
  MONTH TO DATE    7                         0      7        0
  SINCE DEC 1      7                         0      7        0
  SINCE JAN 1      7                         0      7        0
..................................................................


WIND (MPH)
  HIGHEST WIND SPEED    26   HIGHEST WIND DIRECTION     W (260)
  HIGHEST GUST SPEED    46   HIGHEST GUST DIRECTION     W (260)
  AVERAGE WIND SPEED     9.0


SKY COVER
  POSSIBLE SUNSHINE  MM
  AVERAGE SKY COVER 0.7


WEATHER CONDITIONS
 THE FOLLOWING WEATHER WAS RECORDED YESTERDAY.
  HEAVY RAIN
  RAIN
  LIGHT RAIN
  FOG


RELATIVE HUMIDITY (PERCENT)
 HIGHEST    96          1200 AM
 LOWEST     66           400 PM
 AVERAGE    81

..........................................................


THE LEXINGTON KY CLIMATE NORMALS FOR TODAY
                         NORMAL    RECORD    YEAR
 MAXIMUM TEMPERATURE (F)   48        79      2017
 MINIMUM TEMPERATURE (F)   30         1      1967


SUNRISE AND SUNSET
FEBRUARY 24 2018......SUNRISE   717 AM EST   SUNSET   627 PM EST
FEBRUARY 25 2018......SUNRISE   716 AM EST   SUNSET   628 PM EST


-  INDICATES NEGATIVE NUMBERS.
R  INDICATES RECORD WAS SET OR TIED.
MM INDICATES DATA IS MISSING.
T  INDICATES TRACE AMOUNT.




$$
