000
CDUS43 KLMK 220630
CLILEX


CLIMATE REPORT
NATIONAL WEATHER SERVICE LOUISVILLE KY
229 AM EDT THU JUN 22 2017


...................................

...THE LEXINGTON KY CLIMATE SUMMARY FOR JUNE 21 2017...

CLIMATE NORMAL PERIOD 1981 TO 2010
CLIMATE RECORD PERIOD 1872 TO 2017


WEATHER ITEM   OBSERVED TIME   RECORD YEAR NORMAL DEPARTURE LAST
                VALUE   (LST)  VALUE       VALUE  FROM      YEAR
                                                  NORMAL
..................................................................
TEMPERATURE (F)
 YESTERDAY
  MAXIMUM         90    219 PM  97    1988  84      6       90
                                      1953
  MINIMUM         66    445 AM  50    2003  64      2       69
                                      1944
                                      1940
  AVERAGE         78                        74      4       80

PRECIPITATION (IN)
  YESTERDAY        0.00          2.96 1971   0.14  -0.14     0.07
  MONTH TO DATE    1.87                      3.25  -1.38     2.82
  SINCE JUN 1      1.87                      3.25  -1.38     2.82
  SINCE JAN 1     20.73                     22.58  -1.85    21.11

SNOWFALL (IN)
  YESTERDAY        0.0          MM      MM   0.0    0.0      0.0
  MONTH TO DATE    0.0                       0.0    0.0      0.0
  SINCE JUN 1      0.0                       0.0    0.0      0.0
  SINCE JUL 1      3.4                      13.0   -9.6     15.3
  SNOW DEPTH       0

DEGREE DAYS
 HEATING
  YESTERDAY        0                         0      0        0
  MONTH TO DATE    5                         8     -3        1
  SINCE JUN 1      5                         8     -3        1
  SINCE JUL 1   3476                      4608  -1132     3765

 COOLING
  YESTERDAY       13                         9      4       15
  MONTH TO DATE  181                       150     31      207
  SINCE JUN 1    181                       150     31      207
  SINCE JAN 1    378                       257    121      321
..................................................................


WIND (MPH)
  HIGHEST WIND SPEED    17   HIGHEST WIND DIRECTION    SW (220)
  HIGHEST GUST SPEED    22   HIGHEST GUST DIRECTION    SW (240)
  AVERAGE WIND SPEED     9.7


SKY COVER
  POSSIBLE SUNSHINE  MM
  AVERAGE SKY COVER 0.1


WEATHER CONDITIONS
 THE FOLLOWING WEATHER WAS RECORDED YESTERDAY.
  NO SIGNIFICANT WEATHER WAS OBSERVED.


RELATIVE HUMIDITY (PERCENT)
 HIGHEST    78           300 AM
 LOWEST     39           100 PM
 AVERAGE    59

..........................................................


THE LEXINGTON KY CLIMATE NORMALS FOR TODAY
                         NORMAL    RECORD    YEAR
 MAXIMUM TEMPERATURE (F)   85        99      1988
 MINIMUM TEMPERATURE (F)   64        46      1992


SUNRISE AND SUNSET
JUNE 22 2017..........SUNRISE   616 AM EDT   SUNSET   905 PM EDT
JUNE 23 2017..........SUNRISE   617 AM EDT   SUNSET   905 PM EDT


-  INDICATES NEGATIVE NUMBERS.
R  INDICATES RECORD WAS SET OR TIED.
MM INDICATES DATA IS MISSING.
T  INDICATES TRACE AMOUNT.




$$
