000
CDUS43 KLMK 142138
CLILEX


CLIMATE REPORT
NATIONAL WEATHER SERVICE LOUISVILLE KY
436 PM EST SUN FEB 14 2016


...................................

...THE LEXINGTON KY CLIMATE SUMMARY FOR FEBRUARY 14 2016...
VALID TODAY AS OF 0400 PM LOCAL TIME.

CLIMATE NORMAL PERIOD 1981 TO 2010
CLIMATE RECORD PERIOD 1872 TO 2016


WEATHER ITEM   OBSERVED TIME   RECORD YEAR NORMAL DEPARTURE LAST
                VALUE   (LST)  VALUE       VALUE  FROM      YEAR
                                                  NORMAL
..................................................................
TEMPERATURE (F)
 TODAY
  MAXIMUM         22    236 PM  70    1918  45    -23       35
                                      1911
  MINIMUM         16    316 AM  -7    1905  28    -12        9
  AVERAGE         19                        36    -17       22

PRECIPITATION (IN)
  TODAY            0.04          2.28 1908   0.11  -0.07     0.04
  MONTH TO DATE    1.69                      1.58   0.11     0.66
  SINCE DEC 1     10.14                      8.71   1.43     5.81
  SINCE JAN 1      2.93                      4.78  -1.85     2.51

SNOWFALL (IN)
  TODAY            0.6           5.0  1970   0.2    0.4      0.3
  MONTH TO DATE    2.3                       2.7   -0.4      0.7
  SINCE DEC 1     11.9                       9.1    2.8      6.6
  SINCE JUL 1     11.9                       9.4    2.5      8.2
  SNOW DEPTH       0

DEGREE DAYS
 HEATING
  TODAY           46                        28     18       43
  MONTH TO DATE  453                       418     35      448
  SINCE DEC 1   1971                      2314   -343     2303
  SINCE JUL 1   2657                      3201   -544     3310

 COOLING
  TODAY            0                         0      0        0
  MONTH TO DATE    0                         0      0        0
  SINCE DEC 1      0                         0      0        0
  SINCE JAN 1      0                         0      0        0
..................................................................


WIND (MPH)
  HIGHEST WIND SPEED    15   HIGHEST WIND DIRECTION     E (100)
  HIGHEST GUST SPEED    18   HIGHEST GUST DIRECTION    SE (120)
  AVERAGE WIND SPEED     9.5


SKY COVER
  POSSIBLE SUNSHINE  MM
  AVERAGE SKY COVER 0.7


WEATHER CONDITIONS
 THE FOLLOWING WEATHER WAS RECORDED TODAY.
  SNOW
  LIGHT SNOW
  FOG


RELATIVE HUMIDITY (PERCENT)
 HIGHEST    84           400 PM
 LOWEST     54           100 AM
 AVERAGE    69

..........................................................


THE LEXINGTON KY CLIMATE NORMALS FOR TOMORROW
                         NORMAL    RECORD    YEAR
 MAXIMUM TEMPERATURE (F)   46        76      1945
 MINIMUM TEMPERATURE (F)   28         2      1943
                                             1905


SUNRISE AND SUNSET
FEBRUARY 14 2016......SUNRISE   730 AM EST   SUNSET   615 PM EST
FEBRUARY 15 2016......SUNRISE   729 AM EST   SUNSET   617 PM EST


-  INDICATES NEGATIVE NUMBERS.
R  INDICATES RECORD WAS SET OR TIED.
MM INDICATES DATA IS MISSING.
T  INDICATES TRACE AMOUNT.




$$
