000
CDUS44 KSHV 260732
CLILFK


CLIMATE REPORT
NATIONAL WEATHER SERVICE SHREVEPORT, LA
231 AM CDT MON JUN 26 2017


...................................

...THE LUFKIN CLIMATE SUMMARY FOR JUNE 25 2017...

CLIMATE NORMAL PERIOD 1981 TO 2010
CLIMATE RECORD PERIOD 1906 TO 2017


WEATHER ITEM   OBSERVED TIME   RECORD YEAR NORMAL DEPARTURE LAST
                VALUE   (LST)  VALUE       VALUE  FROM      YEAR
                                                  NORMAL
..................................................................
TEMPERATURE (F)
 YESTERDAY
  MAXIMUM         86    334 PM 104    2012  92     -6       93
  MINIMUM         71   1131 PM  54    1974  71      0       74
  AVERAGE         79                        81     -2       84

PRECIPITATION (IN)
  YESTERDAY        T             3.06 1960   0.15  -0.15     0.00
  MONTH TO DATE    5.14                      3.96   1.18     1.96
  SINCE DEC 1     32.57                     27.92   4.65    35.08
  SINCE JAN 1     27.66                     23.48   4.18    31.03

SNOWFALL (IN)
  YESTERDAY        0.0
  MONTH TO DATE    0.0
  SINCE JUN 1      0.0
  SINCE JUL 1      T
  SNOW DEPTH       0

DEGREE DAYS
 HEATING
  YESTERDAY        0                         0      0        0
  MONTH TO DATE    0                         0      0        0
  SINCE JUN 1      0                         0      0        0
  SINCE JUL 1   1145                      1917   -772     1472

 COOLING
  YESTERDAY       14                        16     -2       19
  MONTH TO DATE  363                       369     -6      384
  SINCE JUN 1    363                       369     -6      384
  SINCE JAN 1    888                       838     50      830
..................................................................


WIND (MPH)
  HIGHEST WIND SPEED    15   HIGHEST WIND DIRECTION     E (70)
  HIGHEST GUST SPEED    19   HIGHEST GUST DIRECTION     E (70)
  AVERAGE WIND SPEED     6.9


SKY COVER
  POSSIBLE SUNSHINE  MM
  AVERAGE SKY COVER 0.5


WEATHER CONDITIONS
 THE FOLLOWING WEATHER WAS RECORDED YESTERDAY.
  LIGHT RAIN


RELATIVE HUMIDITY (PERCENT)
 HIGHEST   100           400 AM
 LOWEST     61           300 PM
 AVERAGE    81

..........................................................


THE LUFKIN CLIMATE NORMALS FOR TODAY
                         NORMAL    RECORD    YEAR
 MAXIMUM TEMPERATURE (F)   92       103      2012
                                             1918
 MINIMUM TEMPERATURE (F)   71        58      1974


SUNRISE AND SUNSET
JUNE 26 2017..........SUNRISE   617 AM CDT   SUNSET   827 PM CDT
JUNE 27 2017..........SUNRISE   617 AM CDT   SUNSET   827 PM CDT


-  INDICATES NEGATIVE NUMBERS.
R  INDICATES RECORD WAS SET OR TIED.
MM INDICATES DATA IS MISSING.
T  INDICATES TRACE AMOUNT.




$$
