000
CDUS44 KSHV 190859
CLILFK


CLIMATE REPORT
NATIONAL WEATHER SERVICE SHREVEPORT, LA
254 AM CST FRI JAN 19 2018


...................................

...THE LUFKIN CLIMATE SUMMARY FOR JANUARY 18 2018...

CLIMATE NORMAL PERIOD 1981 TO 2010
CLIMATE RECORD PERIOD 1906 TO 2018


WEATHER ITEM   OBSERVED TIME   RECORD YEAR NORMAL DEPARTURE LAST
                VALUE   (LST)  VALUE       VALUE  FROM      YEAR
                                                  NORMAL
..................................................................
TEMPERATURE (F)
 YESTERDAY
  MAXIMUM         45    306 PM  82    1938  60    -15       61
  MINIMUM         15    732 AM  -2    1930  38    -23       54
  AVERAGE         30                        49    -19       58

PRECIPITATION (IN)
  YESTERDAY        0.00          3.00 2017   0.14  -0.14     3.00
  MONTH TO DATE    1.22                      2.36  -1.14     5.51
  SINCE DEC 1      4.83                      6.80  -1.97    10.42
  SINCE JAN 1      1.22                      2.36  -1.14     5.51

SNOWFALL (IN)
  YESTERDAY        0.0
  MONTH TO DATE    0.1
  SINCE DEC 1      1.1
  SINCE JUL 1      1.1
  SNOW DEPTH       0

DEGREE DAYS
 HEATING
  YESTERDAY       35                        16     19        7
  MONTH TO DATE  460                       300    160      186
  SINCE DEC 1    948                       771    177      558
  SINCE JUL 1   1199                      1078    121      706

 COOLING
  YESTERDAY        0                         0      0        0
  MONTH TO DATE    0                         0      0       25
  SINCE DEC 1      8                        13     -5       56
  SINCE JAN 1      0                         0      0       25
..................................................................


WIND (MPH)
  HIGHEST WIND SPEED     9   HIGHEST WIND DIRECTION    SW (220)
  HIGHEST GUST SPEED    12   HIGHEST GUST DIRECTION    SW (220)
  AVERAGE WIND SPEED     2.3


SKY COVER
  POSSIBLE SUNSHINE  MM
  AVERAGE SKY COVER 0.4


WEATHER CONDITIONS
 THE FOLLOWING WEATHER WAS RECORDED YESTERDAY.
  NO SIGNIFICANT WEATHER WAS OBSERVED.


RELATIVE HUMIDITY (PERCENT)
 HIGHEST    92           400 AM
 LOWEST     27           300 PM
 AVERAGE    60

..........................................................


THE LUFKIN CLIMATE NORMALS FOR TODAY
                         NORMAL    RECORD    YEAR
 MAXIMUM TEMPERATURE (F)   60        82      1933
 MINIMUM TEMPERATURE (F)   38         0      1930


SUNRISE AND SUNSET
JANUARY 19 2018.......SUNRISE   717 AM CST   SUNSET   543 PM CST
JANUARY 20 2018.......SUNRISE   717 AM CST   SUNSET   543 PM CST


-  INDICATES NEGATIVE NUMBERS.
R  INDICATES RECORD WAS SET OR TIED.
MM INDICATES DATA IS MISSING.
T  INDICATES TRACE AMOUNT.




$$
