000
CDUS44 KSHV 160840
CLILFK


CLIMATE REPORT
NATIONAL WEATHER SERVICE SHREVEPORT, LA
235 AM CST MON JAN 16 2017


...................................

...THE LUFKIN CLIMATE SUMMARY FOR JANUARY 15 2017...

CLIMATE NORMAL PERIOD 1981 TO 2010
CLIMATE RECORD PERIOD 1906 TO 2017


WEATHER ITEM   OBSERVED TIME   RECORD YEAR NORMAL DEPARTURE LAST
                VALUE   (LST)  VALUE       VALUE  FROM      YEAR
                                                  NORMAL
..................................................................
TEMPERATURE (F)
 YESTERDAY
  MAXIMUM         70    149 PM  81    1952  60     10       70
  MINIMUM         56   1242 AM  20    1979  38     18       41
  AVERAGE         63                        49     14       56

PRECIPITATION (IN)
  YESTERDAY        0.24          2.05 1924   0.13   0.11     0.00
  MONTH TO DATE    1.36                      1.94  -0.58     1.94
  SINCE DEC 1      6.27                      6.38  -0.11     5.99
  SINCE JAN 1      1.36                      1.94  -0.58     1.94

SNOWFALL (IN)
  YESTERDAY        0.0
  MONTH TO DATE    T
  SINCE DEC 1      T
  SINCE JUL 1      T
  SNOW DEPTH       0

DEGREE DAYS
 HEATING
  YESTERDAY        2                        16    -14        9
  MONTH TO DATE  171                       252    -81      274
  SINCE DEC 1    543                       723   -180      597
  SINCE JUL 1    691                      1030   -339      782

 COOLING
  YESTERDAY        0                         0      0        0
  MONTH TO DATE   21                         0     21        0
  SINCE DEC 1     52                        13     39       33
  SINCE JAN 1     21                         0     21        0
..................................................................


WIND (MPH)
  HIGHEST WIND SPEED    22   HIGHEST WIND DIRECTION    SE (140)
  HIGHEST GUST SPEED    27   HIGHEST GUST DIRECTION    SE (150)
  AVERAGE WIND SPEED     8.9


SKY COVER
  POSSIBLE SUNSHINE  MM
  AVERAGE SKY COVER 0.9


WEATHER CONDITIONS
 THE FOLLOWING WEATHER WAS RECORDED YESTERDAY.
  THUNDERSTORM
  HEAVY RAIN
  RAIN
  LIGHT RAIN
  FOG


RELATIVE HUMIDITY (PERCENT)
 HIGHEST   100          1200 AM
 LOWEST     78           100 PM
 AVERAGE    89

..........................................................


THE LUFKIN CLIMATE NORMALS FOR TODAY
                         NORMAL    RECORD    YEAR
 MAXIMUM TEMPERATURE (F)   60        83      1936
 MINIMUM TEMPERATURE (F)   38        19      1930


SUNRISE AND SUNSET
JANUARY 16 2017.......SUNRISE   718 AM CST   SUNSET   540 PM CST
JANUARY 17 2017.......SUNRISE   718 AM CST   SUNSET   541 PM CST


-  INDICATES NEGATIVE NUMBERS.
R  INDICATES RECORD WAS SET OR TIED.
MM INDICATES DATA IS MISSING.
T  INDICATES TRACE AMOUNT.




$$
