000
CDUS44 KSHV 250751
CLILFK


CLIMATE REPORT
NATIONAL WEATHER SERVICE SHREVEPORT, LA
250 AM CDT TUE APR 25 2017


...................................

...THE LUFKIN CLIMATE SUMMARY FOR APRIL 24 2017...

CLIMATE NORMAL PERIOD 1981 TO 2010
CLIMATE RECORD PERIOD 1906 TO 2017


WEATHER ITEM   OBSERVED TIME   RECORD YEAR NORMAL DEPARTURE LAST
                VALUE   (LST)  VALUE       VALUE  FROM      YEAR
                                                  NORMAL
..................................................................
TEMPERATURE (F)
 YESTERDAY
  MAXIMUM         78    506 PM  90    2011  80     -2       79
                                      1932
  MINIMUM         46    608 AM  41    2005  57    -11       55
  AVERAGE         62                        69     -7       67

PRECIPITATION (IN)
  YESTERDAY        0.00          1.85 1966   0.11  -0.11     0.00
  MONTH TO DATE    5.37                      2.40   2.97     4.66
  SINCE DEC 1     20.25                     18.67   1.58    20.59
  SINCE JAN 1     15.34                     14.23   1.11    16.54

SNOWFALL (IN)
  YESTERDAY        0.0
  MONTH TO DATE    0.0
  SINCE MAR 1      0.0
  SINCE JUL 1      T
  SNOW DEPTH       0

DEGREE DAYS
 HEATING
  YESTERDAY        3                         1      2        0
  MONTH TO DATE   32                        64    -32       39
  SINCE MAR 1    155                       274   -119      148
  SINCE JUL 1   1131                      1908   -777     1470

 COOLING
  YESTERDAY        0                         5     -5        2
  MONTH TO DATE   98                        85     13       61
  SINCE MAR 1    192                       126     66      119
  SINCE JAN 1    274                       145    129      133
..................................................................


WIND (MPH)
  HIGHEST WIND SPEED    10   HIGHEST WIND DIRECTION     S (170)
  HIGHEST GUST SPEED    15   HIGHEST GUST DIRECTION     S (180)
  AVERAGE WIND SPEED     3.5


SKY COVER
  POSSIBLE SUNSHINE  MM
  AVERAGE SKY COVER 0.0


WEATHER CONDITIONS
 THE FOLLOWING WEATHER WAS RECORDED YESTERDAY.
  NO SIGNIFICANT WEATHER WAS OBSERVED.


RELATIVE HUMIDITY (PERCENT)
 HIGHEST   100           100 AM
 LOWEST     35           300 PM
 AVERAGE    68

..........................................................


THE LUFKIN CLIMATE NORMALS FOR TODAY
                         NORMAL    RECORD    YEAR
 MAXIMUM TEMPERATURE (F)   80        91      2015
                                             1975
 MINIMUM TEMPERATURE (F)   58        32      1910


SUNRISE AND SUNSET
APRIL 25 2017.........SUNRISE   640 AM CDT   SUNSET   754 PM CDT
APRIL 26 2017.........SUNRISE   639 AM CDT   SUNSET   755 PM CDT


-  INDICATES NEGATIVE NUMBERS.
R  INDICATES RECORD WAS SET OR TIED.
MM INDICATES DATA IS MISSING.
T  INDICATES TRACE AMOUNT.




$$
