000
CDUS44 KSHV 210736
CLILFK


CLIMATE REPORT
NATIONAL WEATHER SERVICE SHREVEPORT, LA
236 AM CDT MON APR 21 2014


...................................

...THE LUFKIN CLIMATE SUMMARY FOR APRIL 20 2014...

CLIMATE NORMAL PERIOD 1981 TO 2010
CLIMATE RECORD PERIOD 1906 TO 2014


WEATHER ITEM   OBSERVED TIME   RECORD YEAR NORMAL DEPARTURE LAST
                VALUE   (LST)  VALUE       VALUE  FROM      YEAR
                                                  NORMAL
..................................................................
TEMPERATURE (F)
 YESTERDAY
  MAXIMUM         85    252 PM  93    2011  79      6       73
  MINIMUM         55    554 AM  35    1953  56     -1       36
  AVERAGE         70                        68      2       55

PRECIPITATION (IN)
  YESTERDAY        0.00          2.01 1982   0.10  -0.10     0.00
  MONTH TO DATE    2.67                      1.97   0.70     2.19
  SINCE DEC 1     10.25                     18.24  -7.99    15.85
  SINCE JAN 1      8.04                     13.80  -5.76    11.54

SNOWFALL (IN)
  YESTERDAY        0.0
  MONTH TO DATE    0.0
  SINCE MAR 1      0.0
  SINCE JUL 1      3.2
  SNOW DEPTH       0

DEGREE DAYS
 HEATING
  YESTERDAY        0                         2     -2       10
  MONTH TO DATE   56                        59     -3       78
  SINCE MAR 1    306                       269     37      309
  SINCE JUL 1   2109                      1903    206     1575

 COOLING
  YESTERDAY        5                         4      1        0
  MONTH TO DATE   70                        66      4       84
  SINCE MAR 1     87                       107    -20      129
  SINCE JAN 1    105                       126    -21      151
..................................................................


WIND (MPH)
  HIGHEST WIND SPEED    15   HIGHEST WIND DIRECTION    SE (140)
  HIGHEST GUST SPEED    21   HIGHEST GUST DIRECTION    SE (150)
  AVERAGE WIND SPEED     4.8


SKY COVER
  POSSIBLE SUNSHINE  MM
  AVERAGE SKY COVER 0.2


WEATHER CONDITIONS
 THE FOLLOWING WEATHER WAS RECORDED YESTERDAY.
  FOG
  HAZE


RELATIVE HUMIDITY (PERCENT)
 HIGHEST    93           500 AM
 LOWEST     34           200 PM
 AVERAGE    64

..........................................................


THE LUFKIN CLIMATE NORMALS FOR TODAY
                         NORMAL    RECORD    YEAR
 MAXIMUM TEMPERATURE (F)   79        91      2011
 MINIMUM TEMPERATURE (F)   56        37      1918


SUNRISE AND SUNSET
APRIL 21 2014.........SUNRISE   644 AM CDT   SUNSET   752 PM CDT
APRIL 22 2014.........SUNRISE   643 AM CDT   SUNSET   752 PM CDT


-  INDICATES NEGATIVE NUMBERS.
R  INDICATES RECORD WAS SET OR TIED.
MM INDICATES DATA IS MISSING.
T  INDICATES TRACE AMOUNT.




$$
