000
CDUS44 KLCH 292204
CLILFT


CLIMATE REPORT
NATIONAL WEATHER SERVICE LAKE CHARLES, LA
503 PM CDT SAT APR 29 2017


...................................

...THE LAFAYETTE CLIMATE SUMMARY FOR APRIL 29 2017...
VALID TODAY AS OF 0500 PM LOCAL TIME.

CLIMATE NORMAL PERIOD 1981 TO 2010
CLIMATE RECORD PERIOD 1893 TO 2017


WEATHER ITEM   OBSERVED TIME   RECORD YEAR NORMAL DEPARTURE LAST
                VALUE   (LST)  VALUE       VALUE  FROM      YEAR
                                                  NORMAL
..................................................................
TEMPERATURE (F)
 TODAY
  MAXIMUM         88   1210 PM  92    1955  83      5       84
  MINIMUM         81    440 AM  44    1916  62     19       75
  AVERAGE         85                        72     13       80

PRECIPITATION (IN)
  TODAY            0.00          4.36 1960   0.14  -0.14      T
  MONTH TO DATE    4.86                      3.78   1.08     5.70
  SINCE MAR 1      6.64                      7.57  -0.93    11.11
  SINCE JAN 1     10.16                     17.69  -7.53    20.24

SNOWFALL (IN)
  TODAY            0.0           0.0    MM   0.0    0.0      0.0
  MONTH TO DATE    0.0                       0.0    0.0      0.0
  SINCE MAR 1      0.0                       0.0    0.0      0.0
  SINCE JUL 1      0.0                       T      0.0      0.0
  SNOW DEPTH       0

DEGREE DAYS
 HEATING
  TODAY            0                         0      0        0
  MONTH TO DATE    2                        38    -36       10
  SINCE MAR 1     62                       188   -126       71
  SINCE JUL 1    639                      1418   -779      989

 COOLING
  TODAY           20                         8     12       15
  MONTH TO DATE  279                       151    128      179
  SINCE MAR 1    438                       214    224      292
  SINCE JAN 1    622                       246    376      302
..................................................................


WIND (MPH)
  HIGHEST WIND SPEED    25   HIGHEST WIND DIRECTION     S (170)
  HIGHEST GUST SPEED    38   HIGHEST GUST DIRECTION    SE (150)
  AVERAGE WIND SPEED    13.7


SKY COVER
  POSSIBLE SUNSHINE  MM
  AVERAGE SKY COVER 1.0


WEATHER CONDITIONS
 THE FOLLOWING WEATHER WAS RECORDED TODAY.
  NO SIGNIFICANT WEATHER WAS OBSERVED.


RELATIVE HUMIDITY (PERCENT)
 HIGHEST    79           400 AM
 LOWEST     63          1100 AM
 AVERAGE    71

..........................................................


THE LAFAYETTE CLIMATE NORMALS FOR TOMORROW
                         NORMAL    RECORD    YEAR
 MAXIMUM TEMPERATURE (F)   83        92      1955
                                             1901
 MINIMUM TEMPERATURE (F)   63        45      1965


SUNRISE AND SUNSET
APRIL 29 2017.........SUNRISE   626 AM CDT   SUNSET   745 PM CDT
APRIL 30 2017.........SUNRISE   625 AM CDT   SUNSET   745 PM CDT


-  INDICATES NEGATIVE NUMBERS.
R  INDICATES RECORD WAS SET OR TIED.
MM INDICATES DATA IS MISSING.
T  INDICATES TRACE AMOUNT.




$$
