000
CDUS44 KLCH 190907
CLILFT


CLIMATE REPORT
NATIONAL WEATHER SERVICE LAKE CHARLES, LA
406 AM CDT SAT AUG 19 2017


...................................

...THE LAFAYETTE CLIMATE SUMMARY FOR AUGUST 18 2017...

CLIMATE NORMAL PERIOD 1981 TO 2010
CLIMATE RECORD PERIOD 1893 TO 2017


WEATHER ITEM   OBSERVED TIME   RECORD YEAR NORMAL DEPARTURE LAST
                VALUE   (LST)  VALUE       VALUE  FROM      YEAR
                                                  NORMAL
..................................................................
TEMPERATURE (F)
 YESTERDAY
  MAXIMUM         97    339 PM 102    2011  93      4       90
  MINIMUM         77    355 AM  66    1992  75      2       75
  AVERAGE         87                        84      3       83

PRECIPITATION (IN)
  YESTERDAY        0.00          2.52 2002   0.15  -0.15     0.62
  MONTH TO DATE    6.39                      2.67   3.72    24.02
  SINCE JUN 1     24.41                     16.05   8.36    35.98
  SINCE JAN 1     44.96                     38.67   6.29    64.37

DEGREE DAYS
 COOLING
  YESTERDAY       22                        19      3       18
  MONTH TO DATE  344                       342      2      331
  SINCE JUN 1   1364                      1412    -48     1484
  SINCE JAN 1   2284                      2026    258     2141
..................................................................


WIND (MPH)
  HIGHEST WIND SPEED    12   HIGHEST WIND DIRECTION     W (290)
  HIGHEST GUST SPEED    14   HIGHEST GUST DIRECTION     W (280)
  AVERAGE WIND SPEED     4.7


SKY COVER
  POSSIBLE SUNSHINE  MM
  AVERAGE SKY COVER 0.2


WEATHER CONDITIONS
 THE FOLLOWING WEATHER WAS RECORDED YESTERDAY.
  FOG


RELATIVE HUMIDITY (PERCENT)
 HIGHEST   100           200 AM
 LOWEST     43           500 PM
 AVERAGE    72

..........................................................


THE LAFAYETTE CLIMATE NORMALS FOR TODAY
                         NORMAL    RECORD    YEAR
 MAXIMUM TEMPERATURE (F)   93       100      1999
                                             1896
 MINIMUM TEMPERATURE (F)   75        65      1943


SUNRISE AND SUNSET
AUGUST 19 2017........SUNRISE   638 AM CDT   SUNSET   745 PM CDT
AUGUST 20 2017........SUNRISE   638 AM CDT   SUNSET   744 PM CDT


-  INDICATES NEGATIVE NUMBERS.
R  INDICATES RECORD WAS SET OR TIED.
MM INDICATES DATA IS MISSING.
T  INDICATES TRACE AMOUNT.




$$
