000
CDUS44 KLCH 261245
CLILFT


CLIMATE REPORT
NATIONAL WEATHER SERVICE LAKE CHARLES, LA
745 AM CDT THU MAY 26 2016


...................................

...THE LAFAYETTE CLIMATE SUMMARY FOR MAY 25 2016...

CLIMATE NORMAL PERIOD 1981 TO 2010
CLIMATE RECORD PERIOD 1893 TO 2016


WEATHER ITEM   OBSERVED TIME   RECORD YEAR NORMAL DEPARTURE LAST
                VALUE   (LST)  VALUE       VALUE  FROM      YEAR
                                                  NORMAL
..................................................................
TEMPERATURE (F)
 YESTERDAY
  MAXIMUM         89    151 PM  95    2010  88      1       88
                                      1941
                                      1893
  MINIMUM         75    605 AM  52    1940  69      6       68
  AVERAGE         82                        79      3       78

PRECIPITATION (IN)
  YESTERDAY        0.00          1.44 1986   0.17  -0.17     0.22
  MONTH TO DATE    5.21                      3.74   1.47     4.28
  SINCE MAR 1     17.76                     11.46   6.30    19.32
  SINCE JAN 1     26.89                     21.58   5.31    26.42

DEGREE DAYS
 COOLING
  YESTERDAY       17                        14      3       13
  MONTH TO DATE  253                       275    -22      302
  SINCE MAR 1    555                       497     58      608
  SINCE JAN 1    565                       529     36      613
..................................................................


WIND (MPH)
  HIGHEST WIND SPEED    16   HIGHEST WIND DIRECTION     S (190)
  HIGHEST GUST SPEED    22   HIGHEST GUST DIRECTION     S (190)
  AVERAGE WIND SPEED     7.0


SKY COVER
  POSSIBLE SUNSHINE  MM
  AVERAGE SKY COVER 0.4


WEATHER CONDITIONS
 THE FOLLOWING WEATHER WAS RECORDED YESTERDAY.
  FOG


RELATIVE HUMIDITY (PERCENT)
 HIGHEST    94          1200 AM
 LOWEST     61           400 PM
 AVERAGE    78

..........................................................


THE LAFAYETTE CLIMATE NORMALS FOR TODAY
                         NORMAL    RECORD    YEAR
 MAXIMUM TEMPERATURE (F)   88        97      1901
 MINIMUM TEMPERATURE (F)   69        50      1925


SUNRISE AND SUNSET
MAY 26 2016...........SUNRISE   609 AM CDT   SUNSET   802 PM CDT
MAY 27 2016...........SUNRISE   608 AM CDT   SUNSET   803 PM CDT


-  INDICATES NEGATIVE NUMBERS.
R  INDICATES RECORD WAS SET OR TIED.
MM INDICATES DATA IS MISSING.
T  INDICATES TRACE AMOUNT.




$$
