000
CDUS44 KLCH 290816
CLILFT


CLIMATE REPORT
NATIONAL WEATHER SERVICE LAKE CHARLES, LA
316 AM CDT FRI APR 29 2016


...................................

...THE LAFAYETTE CLIMATE SUMMARY FOR APRIL 28 2016...

CLIMATE NORMAL PERIOD 1981 TO 2010
CLIMATE RECORD PERIOD 1893 TO 2016


WEATHER ITEM   OBSERVED TIME   RECORD YEAR NORMAL DEPARTURE LAST
                VALUE   (LST)  VALUE       VALUE  FROM      YEAR
                                                  NORMAL
..................................................................
TEMPERATURE (F)
 YESTERDAY
  MAXIMUM         87    219 PM  93    1987  82      5       70
                                      1933
  MINIMUM         72    618 AM  39    1928  62     10       59
  AVERAGE         80                        72      8       65

PRECIPITATION (IN)
  YESTERDAY        0.00          3.46 1972   0.15  -0.15     0.00
  MONTH TO DATE    5.70                      3.64   2.06    11.12
  SINCE MAR 1     11.11                      7.43   3.68    15.04
  SINCE JAN 1     20.24                     17.55   2.69    22.14

SNOWFALL (IN)
  YESTERDAY        0.0           0.0    MM   0.0    0.0      0.0
  MONTH TO DATE    0.0                       0.0    0.0      0.0
  SINCE MAR 1      0.0                       0.0    0.0       T
  SINCE JUL 1      0.0                       T      0.0       T
  SNOW DEPTH       0

DEGREE DAYS
 HEATING
  YESTERDAY        0                         0      0        0
  MONTH TO DATE   10                        38    -28        2
  SINCE MAR 1     71                       188   -117       85
  SINCE JUL 1    989                      1418   -429     1528

 COOLING
  YESTERDAY       15                         7      8        0
  MONTH TO DATE  164                       143     21      213
  SINCE MAR 1    277                       206     71      303
  SINCE JAN 1    287                       238     49      308
..................................................................


WIND (MPH)
  HIGHEST WIND SPEED    12   HIGHEST WIND DIRECTION     E (90)
  HIGHEST GUST SPEED    19   HIGHEST GUST DIRECTION     E (100)
  AVERAGE WIND SPEED     3.2


SKY COVER
  POSSIBLE SUNSHINE  MM
  AVERAGE SKY COVER 0.8


WEATHER CONDITIONS
 THE FOLLOWING WEATHER WAS RECORDED YESTERDAY.
  THUNDERSTORM


RELATIVE HUMIDITY (PERCENT)
 HIGHEST    94           800 PM
 LOWEST     69          1200 PM
 AVERAGE    82

..........................................................


THE LAFAYETTE CLIMATE NORMALS FOR TODAY
                         NORMAL    RECORD    YEAR
 MAXIMUM TEMPERATURE (F)   83        92      1955
 MINIMUM TEMPERATURE (F)   62        44      1916


SUNRISE AND SUNSET
APRIL 29 2016.........SUNRISE   626 AM CDT   SUNSET   745 PM CDT
APRIL 30 2016.........SUNRISE   625 AM CDT   SUNSET   745 PM CDT


-  INDICATES NEGATIVE NUMBERS.
R  INDICATES RECORD WAS SET OR TIED.
MM INDICATES DATA IS MISSING.
T  INDICATES TRACE AMOUNT.




$$
