000
CDUS41 KOKX 010616
CLILGA


CLIMATE REPORT
NATIONAL WEATHER SERVICE NEW YORK NY
216 AM EDT WED OCT 1 2014


...................................

...THE LAGUARDIA NY CLIMATE SUMMARY FOR SEPTEMBER 30 2014...

CLIMATE NORMAL PERIOD 1981 TO 2010
CLIMATE RECORD PERIOD 1945 TO 2014


WEATHER ITEM   OBSERVED TIME   RECORD YEAR NORMAL DEPARTURE LAST
                VALUE   (LST)  VALUE       VALUE  FROM      YEAR
                                                  NORMAL
..................................................................
TEMPERATURE (F)
 YESTERDAY
  MAXIMUM         71    152 AM  88    1986  71      0       73
  MINIMUM         62   1159 PM  43    1947  57      5       58
  AVERAGE         67                        64      3       66

PRECIPITATION (IN)
  YESTERDAY        0.04          1.80 1983   0.14  -0.10     0.00
  MONTH TO DATE    1.24                      3.73  -2.49     3.29
  SINCE SEP 1      1.24                      3.73  -2.49     3.29
  SINCE JAN 1     36.30                     33.98   2.32    30.63

SNOWFALL (IN)
  YESTERDAY        0.0          MM      MM   0.0    0.0      0.0
  MONTH TO DATE    0.0                       0.0    0.0      0.0
  SINCE OCT 1     52.4                      26.9   25.5     22.2
  SINCE JUL 1      0.0                       0.0    0.0      0.0
  SNOW DEPTH       0

DEGREE DAYS
 HEATING
  YESTERDAY        0                         3     -3        0
  MONTH TO DATE   13                        32    -19       31
  SINCE SEP 1     13                        34    -21       31
  SINCE JUL 1     13                        35    -22       31

 COOLING
  YESTERDAY        2                         2      0        1
  MONTH TO DATE  181                       157     24      132
  SINCE SEP 1    181                       157     24      132
  SINCE JAN 1   1168                      1190    -22     1351
..................................................................


WIND (MPH)
  HIGHEST WIND SPEED    16   HIGHEST WIND DIRECTION    NE (60)
  HIGHEST GUST SPEED    25   HIGHEST GUST DIRECTION    NE (60)
  AVERAGE WIND SPEED     8.4


SKY COVER
  AVERAGE SKY COVER 1.0


WEATHER CONDITIONS
 THE FOLLOWING WEATHER WAS RECORDED YESTERDAY.
  LIGHT RAIN
  FOG


RELATIVE HUMIDITY (PERCENT)
 HIGHEST    87           500 AM
 LOWEST     61           100 AM
 AVERAGE    74

..........................................................


THE LAGUARDIA NY CLIMATE NORMALS FOR TODAY
                         NORMAL    RECORD    YEAR
 MAXIMUM TEMPERATURE (F)   71        87      1950
 MINIMUM TEMPERATURE (F)   56        39      1947


SUNRISE AND SUNSET
OCTOBER  1 2014.......SUNRISE   652 AM EDT   SUNSET   638 PM EDT
OCTOBER  2 2014.......SUNRISE   653 AM EDT   SUNSET   636 PM EDT


-  INDICATES NEGATIVE NUMBERS.
R  INDICATES RECORD WAS SET OR TIED.
MM INDICATES DATA IS MISSING.
T  INDICATES TRACE AMOUNT.




$$
