000
CDUS41 KOKX 200617
CLILGA


CLIMATE REPORT
NATIONAL WEATHER SERVICE NEW YORK NY
117 AM EST TUE FEB 20 2018


...................................

...THE LAGUARDIA NY CLIMATE SUMMARY FOR FEBRUARY 19 2018...

CLIMATE NORMAL PERIOD 1981 TO 2010
CLIMATE RECORD PERIOD 1939 TO 2018


WEATHER ITEM   OBSERVED TIME   RECORD YEAR NORMAL DEPARTURE LAST
                VALUE   (LST)  VALUE       VALUE  FROM      YEAR
                                                  NORMAL
..................................................................
TEMPERATURE (F)
 YESTERDAY
  MAXIMUM         49    530 PM  66    2017  43      6       66
  MINIMUM         33    147 AM   9    2015  29      4       53
  AVERAGE         41                        36      5       60

PRECIPITATION (IN)
  YESTERDAY        0.03          1.70 1972   0.10  -0.07     0.00
  MONTH TO DATE    4.90                      1.82   3.08     1.55
  SINCE DEC 1      9.08                      8.55   0.53     8.63
  SINCE JAN 1      7.02                      4.99   2.03     5.68

SNOWFALL (IN)
  YESTERDAY        0.0           9.0  1979   0.3   -0.3      0.0
  MONTH TO DATE    4.6                       6.3   -1.7     10.3
  SINCE OCT 1     21.3                      19.2    2.1     23.4
  SINCE JUL 1     21.3                      19.2    2.1     23.4
  SNOW DEPTH       0

DEGREE DAYS
 HEATING
  YESTERDAY       24                        29     -5        5
  MONTH TO DATE  492                       578    -86      480
  SINCE DEC 1   2410                      2402      8     2016
  SINCE JUL 1   3001                      3177   -176     2554

 COOLING
  YESTERDAY        0                         0      0        0
  MONTH TO DATE    0                         0      0        0
  SINCE DEC 1      0                         0      0        0
  SINCE JAN 1      0                         0      0        0
..................................................................


WIND (MPH)
  HIGHEST WIND SPEED    17   HIGHEST WIND DIRECTION     S (180)
  HIGHEST GUST SPEED    24   HIGHEST GUST DIRECTION     S (180)
  AVERAGE WIND SPEED     6.8


SKY COVER
  AVERAGE SKY COVER 0.8


WEATHER CONDITIONS
 THE FOLLOWING WEATHER WAS RECORDED YESTERDAY.
  LIGHT RAIN
  FOG


RELATIVE HUMIDITY (PERCENT)
 HIGHEST    93           900 PM
 LOWEST     60          1100 AM
 AVERAGE    77

..........................................................


THE LAGUARDIA NY CLIMATE NORMALS FOR TODAY
                         NORMAL    RECORD    YEAR
 MAXIMUM TEMPERATURE (F)   43        63      1943
 MINIMUM TEMPERATURE (F)   29         3      2015


SUNRISE AND SUNSET
FEBRUARY 20 2018......SUNRISE   643 AM EST   SUNSET   536 PM EST
FEBRUARY 21 2018......SUNRISE   641 AM EST   SUNSET   538 PM EST


-  INDICATES NEGATIVE NUMBERS.
R  INDICATES RECORD WAS SET OR TIED.
MM INDICATES DATA IS MISSING.
T  INDICATES TRACE AMOUNT.




$$
