000
CDUS41 KOKX 180616
CLILGA


CLIMATE REPORT
NATIONAL WEATHER SERVICE NEW YORK NY
215 AM EDT WED OCT 18 2017


...................................

...THE LAGUARDIA NY CLIMATE SUMMARY FOR OCTOBER 17 2017...

CLIMATE NORMAL PERIOD 1981 TO 2010
CLIMATE RECORD PERIOD 1939 TO 2017


WEATHER ITEM   OBSERVED TIME   RECORD YEAR NORMAL DEPARTURE LAST
                VALUE   (LST)  VALUE       VALUE  FROM      YEAR
                                                  NORMAL
..................................................................
TEMPERATURE (F)
 YESTERDAY
  MAXIMUM         61    328 PM  83    2016  65     -4       83
  MINIMUM         45    642 AM  38    1970  51     -6       66
  AVERAGE         53                        58     -5       75

PRECIPITATION (IN)
  YESTERDAY        0.00          0.95 2006   0.12  -0.12      T
  MONTH TO DATE    0.71                      2.12  -1.41     0.62
  SINCE SEP 1      2.55                      5.85  -3.30     3.15
  SINCE JAN 1     35.54                     36.10  -0.56    26.87

SNOWFALL (IN)
  YESTERDAY        0.0          MM      MM   0.0    0.0      0.0
  MONTH TO DATE    0.0                       0.0    0.0      0.0
  SINCE OCT 1      0.0                       0.0    0.0      0.0
  SINCE JUL 1      0.0                       0.0    0.0      0.0
  SNOW DEPTH       0

DEGREE DAYS
 HEATING
  YESTERDAY       12                         8      4        0
  MONTH TO DATE   29                        97    -68       48
  SINCE SEP 1     39                       131    -92       53
  SINCE JUL 1     39                       132    -93       53

 COOLING
  YESTERDAY        0                         0      0       10
  MONTH TO DATE   77                        20     57       21
  SINCE SEP 1    289                       177    112      297
  SINCE JAN 1   1420                      1210    210     1714
..................................................................


WIND (MPH)
  HIGHEST WIND SPEED    16   HIGHEST WIND DIRECTION    NE (30)
  HIGHEST GUST SPEED    22   HIGHEST GUST DIRECTION     N (20)
  AVERAGE WIND SPEED     8.3


SKY COVER
  AVERAGE SKY COVER 0.0


WEATHER CONDITIONS
 THE FOLLOWING WEATHER WAS RECORDED YESTERDAY.
  NO SIGNIFICANT WEATHER WAS OBSERVED.


RELATIVE HUMIDITY (PERCENT)
 HIGHEST    65           400 AM
 LOWEST     29           300 PM
 AVERAGE    47

..........................................................


THE LAGUARDIA NY CLIMATE NORMALS FOR TODAY
                         NORMAL    RECORD    YEAR
 MAXIMUM TEMPERATURE (F)   64        82      2016
 MINIMUM TEMPERATURE (F)   50        35      1939


SUNRISE AND SUNSET
OCTOBER 18 2017.......SUNRISE   710 AM EDT   SUNSET   610 PM EDT
OCTOBER 19 2017.......SUNRISE   711 AM EDT   SUNSET   609 PM EDT


-  INDICATES NEGATIVE NUMBERS.
R  INDICATES RECORD WAS SET OR TIED.
MM INDICATES DATA IS MISSING.
T  INDICATES TRACE AMOUNT.




$$
