000
CDUS41 KOKX 240617
CLILGA


CLIMATE REPORT
NATIONAL WEATHER SERVICE NEW YORK NY
216 AM EDT SUN MAY 24 2015


...................................

...THE LAGUARDIA NY CLIMATE SUMMARY FOR MAY 23 2015...

CLIMATE NORMAL PERIOD 1981 TO 2010
CLIMATE RECORD PERIOD 1945 TO 2015


WEATHER ITEM   OBSERVED TIME   RECORD YEAR NORMAL DEPARTURE LAST
                VALUE   (LST)  VALUE       VALUE  FROM      YEAR
                                                  NORMAL
..................................................................
TEMPERATURE (F)
 YESTERDAY
  MAXIMUM         70    439 PM  94    1964  73     -3       68
  MINIMUM         50    700 AM  45    1963  56     -6       57
  AVERAGE         60                        65     -5       63

PRECIPITATION (IN)
  YESTERDAY        0.00          1.72 1979   0.14  -0.14     1.07
  MONTH TO DATE    0.31                      2.70  -2.39     4.62
  SINCE MAR 1      6.67                     10.67  -4.00    16.51
  SINCE JAN 1     13.75                     16.60  -2.85    23.80

SNOWFALL (IN)
  YESTERDAY        0.0          MM      MM   0.0    0.0      0.0
  MONTH TO DATE    0.0                       0.0    0.0      0.0
  SINCE OCT 1     53.8                      26.9   26.9     52.4
  SINCE JUL 1     53.8                      26.9   26.9     52.4
  SNOW DEPTH       0

DEGREE DAYS
 HEATING
  YESTERDAY        5                         3      2        2
  MONTH TO DATE   50                       116    -66       69
  SINCE MAR 1   1228                      1201     27     1340
  SINCE JUL 1   4950                      4630    320     4997

 COOLING
  YESTERDAY        0                         3     -3        0
  MONTH TO DATE   50                        32     18       26
  SINCE MAR 1     52                        40     12       26
  SINCE JAN 1     52                        40     12       26
..................................................................


WIND (MPH)
  HIGHEST WIND SPEED    26   HIGHEST WIND DIRECTION    NW (320)
  HIGHEST GUST SPEED    38   HIGHEST GUST DIRECTION    NW (310)
  AVERAGE WIND SPEED    11.7


SKY COVER
  AVERAGE SKY COVER 0.1


WEATHER CONDITIONS
 THE FOLLOWING WEATHER WAS RECORDED YESTERDAY.
  HAZE


RELATIVE HUMIDITY (PERCENT)
 HIGHEST    57          1000 PM
 LOWEST     17           400 PM
 AVERAGE    37

..........................................................


THE LAGUARDIA NY CLIMATE NORMALS FOR TODAY
                         NORMAL    RECORD    YEAR
 MAXIMUM TEMPERATURE (F)   74        91      1964
 MINIMUM TEMPERATURE (F)   56        41      1963


SUNRISE AND SUNSET
MAY 24 2015...........SUNRISE   531 AM EDT   SUNSET   814 PM EDT
MAY 25 2015...........SUNRISE   531 AM EDT   SUNSET   815 PM EDT


-  INDICATES NEGATIVE NUMBERS.
R  INDICATES RECORD WAS SET OR TIED.
MM INDICATES DATA IS MISSING.
T  INDICATES TRACE AMOUNT.




$$
