000
CDUS41 KOKX 132132
CLILGA


CLIMATE REPORT
NATIONAL WEATHER SERVICE NEW YORK NY
432 PM EST WED DEC 13 2017


...................................

...THE LAGUARDIA NY CLIMATE SUMMARY FOR DECEMBER 13 2017...
VALID TODAY AS OF 0400 PM LOCAL TIME.

CLIMATE NORMAL PERIOD 1981 TO 2010
CLIMATE RECORD PERIOD 1939 TO 2017


WEATHER ITEM   OBSERVED TIME   RECORD YEAR NORMAL DEPARTURE LAST
                VALUE   (LST)  VALUE       VALUE  FROM      YEAR
                                                  NORMAL
..................................................................
TEMPERATURE (F)
 TODAY
  MAXIMUM         33    350 PM  63    1946  45    -12       45
  MINIMUM         22    807 AM   8    1960  33    -11       39
  AVERAGE         28                        39    -11       42

PRECIPITATION (IN)
  TODAY            0.00          3.65 1941   0.12  -0.12     0.00
  MONTH TO DATE    1.03                      1.60  -0.57     1.20
  SINCE DEC 1      1.03                      1.60  -0.57     1.20
  SINCE JAN 1     41.70                     42.77  -1.07    37.64

SNOWFALL (IN)
  TODAY            0.0           0.7  2007   0.1   -0.1      0.0
  MONTH TO DATE    4.6                       1.4    3.2      0.4
  SINCE OCT 1      4.6                       1.7    2.9      0.4
  SINCE JUL 1      4.6                       1.7    2.9      0.4
  SNOW DEPTH       0

DEGREE DAYS
 HEATING
  TODAY           37                        26     11       23
  MONTH TO DATE  296                       312    -16      291
  SINCE DEC 1    296                       312    -16      291
  SINCE JUL 1    887                      1087   -200      829

 COOLING
  TODAY            0                         0      0        0
  MONTH TO DATE    0                         0      0        0
  SINCE DEC 1      0                         0      0        0
  SINCE JAN 1   1439                      1214    225     1745
..................................................................


WIND (MPH)
  HIGHEST WIND SPEED    36   HIGHEST WIND DIRECTION    NW (300)
  HIGHEST GUST SPEED    47   HIGHEST GUST DIRECTION    NW (300)
  AVERAGE WIND SPEED    24.8


SKY COVER
  AVERAGE SKY COVER 0.4


WEATHER CONDITIONS
 THE FOLLOWING WEATHER WAS RECORDED TODAY.
  NO SIGNIFICANT WEATHER WAS OBSERVED.


RELATIVE HUMIDITY (PERCENT)
 HIGHEST    54           900 AM
 LOWEST     28           300 PM
 AVERAGE    41

..........................................................


THE LAGUARDIA NY CLIMATE NORMALS FOR TOMORROW
                         NORMAL    RECORD    YEAR
 MAXIMUM TEMPERATURE (F)   45        64      2015
 MINIMUM TEMPERATURE (F)   33        12      1976


SUNRISE AND SUNSET
DECEMBER 13 2017......SUNRISE   711 AM EST   SUNSET   428 PM EST
DECEMBER 14 2017......SUNRISE   712 AM EST   SUNSET   429 PM EST


-  INDICATES NEGATIVE NUMBERS.
R  INDICATES RECORD WAS SET OR TIED.
MM INDICATES DATA IS MISSING.
T  INDICATES TRACE AMOUNT.




$$
