000
CDUS46 KLOX 250858
CLILGB


CLIMATE REPORT
NATIONAL WEATHER SERVICE LOS ANGELES/OXNARD CA
1258 AM PST THU DEC 25 2014


...................................

...THE LONG BEACH AIRPORT CA CLIMATE SUMMARY FOR DECEMBER 24 2014...

CLIMATE NORMAL PERIOD 1981 TO 2010
CLIMATE RECORD PERIOD 1958 TO 2014


WEATHER ITEM   OBSERVED TIME   RECORD YEAR NORMAL DEPARTURE LAST
                VALUE   (LST)  VALUE       VALUE  FROM      YEAR
                                                  NORMAL
..................................................................
TEMPERATURE (F)
 YESTERDAY
  MAXIMUM         75   1229 PM  85    1985  66      9       78
  MINIMUM         52    506 AM  32    1974  45      7       49
  AVERAGE         64                        56      8       64

PRECIPITATION (IN)
  YESTERDAY        0.00          1.75 1971   0.07  -0.07     0.00
  MONTH TO DATE    4.37                      1.40   2.97     0.34
  SINCE JUL 1      5.41                      3.27   2.14     1.31
  SINCE JAN 1      8.60                     11.71  -3.11     4.18

SNOWFALL (IN)
  YESTERDAY        0.0
  MONTH TO DATE    0.0
  SINCE DEC 1      0.0
  SINCE JUL 1      0.0

DEGREE DAYS
 HEATING
  YESTERDAY        1                         9     -8        1
  MONTH TO DATE   94                       207   -113      193
  SINCE DEC 1     94                       207   -113      193
  SINCE JUL 1    130                       356   -226      288

 COOLING
  YESTERDAY        0                         0      0        0
  MONTH TO DATE    5                         0      5        8
  SINCE DEC 1      5                         0      5        8
  SINCE JAN 1   1707                      1125    582     1235
..................................................................


WIND (MPH)
  HIGHEST WIND SPEED     9   HIGHEST WIND DIRECTION    SW (240)
  HIGHEST GUST SPEED    13   HIGHEST GUST DIRECTION     W (270)
  AVERAGE WIND SPEED     3.0


SKY COVER
  POSSIBLE SUNSHINE  MM
  AVERAGE SKY COVER 0.0


WEATHER CONDITIONS
 THE FOLLOWING WEATHER WAS RECORDED YESTERDAY.
  NO SIGNIFICANT WEATHER WAS OBSERVED.


RELATIVE HUMIDITY (PERCENT)
 HIGHEST    87           900 PM
 LOWEST     29          1200 PM
 AVERAGE    58

..........................................................


THE LONG BEACH AIRPORT CA CLIMATE NORMALS FOR TODAY
                         NORMAL    RECORD    YEAR
 MAXIMUM TEMPERATURE (F)   67        83      2013
 MINIMUM TEMPERATURE (F)   45        31      1974


SUNRISE AND SUNSET
DECEMBER 25 2014......SUNRISE   655 AM PST   SUNSET   450 PM PST
DECEMBER 26 2014......SUNRISE   656 AM PST   SUNSET   451 PM PST


-  INDICATES NEGATIVE NUMBERS.
R  INDICATES RECORD WAS SET OR TIED.
MM INDICATES DATA IS MISSING.
T  INDICATES TRACE AMOUNT.




$$
