000
CDUS46 KLOX 310926
CLILGB


CLIMATE REPORT
NATIONAL WEATHER SERVICE LOS ANGELES/OXNARD CA
225 AM PDT TUE MAY 31 2016


...................................

...THE LONG BEACH AIRPORT CA CLIMATE SUMMARY FOR MAY 30 2016...

CLIMATE NORMAL PERIOD 1981 TO 2010
CLIMATE RECORD PERIOD 1958 TO 2016


WEATHER ITEM   OBSERVED TIME   RECORD YEAR NORMAL DEPARTURE LAST
                VALUE   (LST)  VALUE       VALUE  FROM      YEAR
                                                  NORMAL
..................................................................
TEMPERATURE (F)
 YESTERDAY
  MAXIMUM         72    316 PM  88    1972  74     -2       76
  MINIMUM         60   1159 PM  51    1961  59      1       60
  AVERAGE         66                        67     -1       68

PRECIPITATION (IN)
  YESTERDAY        0.00          0.03 1985   0.01  -0.01     0.00
  MONTH TO DATE    0.05                      0.21  -0.16     0.77
  SINCE OCT 1      4.98                     11.95  -6.97     7.85
  SINCE JAN 1      3.98                      8.37  -4.39     2.59

SNOWFALL (IN)
  YESTERDAY        0.0
  MONTH TO DATE    0.0
  SINCE MAR 1      0.0
  SINCE JUL 1      0.0

DEGREE DAYS
 HEATING
  YESTERDAY        0                         1     -1        0
  MONTH TO DATE   17                        39    -22       33
  SINCE MAR 1    151                       324   -173      111
  SINCE JUL 1    794                      1215   -421      534

 COOLING
  YESTERDAY        1                         2     -1        3
  MONTH TO DATE   21                        60    -39       29
  SINCE MAR 1     90                        99     -9      219
  SINCE JAN 1    137                       107     30      256
..................................................................


WIND (MPH)
  HIGHEST WIND SPEED    14   HIGHEST WIND DIRECTION    NW (310)
  HIGHEST GUST SPEED    23   HIGHEST GUST DIRECTION     S (170)
  AVERAGE WIND SPEED     5.8


SKY COVER
  POSSIBLE SUNSHINE  MM
  AVERAGE SKY COVER 0.5


WEATHER CONDITIONS
 THE FOLLOWING WEATHER WAS RECORDED YESTERDAY.
  NO SIGNIFICANT WEATHER WAS OBSERVED.


RELATIVE HUMIDITY (PERCENT)
 HIGHEST    84          1200 AM
 LOWEST     57           100 PM
 AVERAGE    71

..........................................................


THE LONG BEACH AIRPORT CA CLIMATE NORMALS FOR TODAY
                         NORMAL    RECORD    YEAR
 MAXIMUM TEMPERATURE (F)   74        88      1972
 MINIMUM TEMPERATURE (F)   59        50      1966


SUNRISE AND SUNSET
MAY 31 2016...........SUNRISE   543 AM PDT   SUNSET   758 PM PDT
JUNE  1 2016..........SUNRISE   543 AM PDT   SUNSET   759 PM PDT


-  INDICATES NEGATIVE NUMBERS.
R  INDICATES RECORD WAS SET OR TIED.
MM INDICATES DATA IS MISSING.
T  INDICATES TRACE AMOUNT.




$$
