000
CDUS46 KLOX 280943
CLILGB


CLIMATE REPORT
NATIONAL WEATHER SERVICE LOS ANGELES/OXNARD CA
242 AM PDT TUE MAR 28 2017


...................................

...THE LONG BEACH AIRPORT CA CLIMATE SUMMARY FOR MARCH 27 2017...

CLIMATE NORMAL PERIOD 1981 TO 2010
CLIMATE RECORD PERIOD 1958 TO 2017


WEATHER ITEM   OBSERVED TIME   RECORD YEAR NORMAL DEPARTURE LAST
                VALUE   (LST)  VALUE       VALUE  FROM      YEAR
                                                  NORMAL
..................................................................
TEMPERATURE (F)
 YESTERDAY
  MAXIMUM         73    125 PM  90    2015  70      3       67
  MINIMUM         53    620 AM  41    1975  51      2       60
  AVERAGE         63                        60      3       64

PRECIPITATION (IN)
  YESTERDAY        0.00          1.80 1979   0.04  -0.04     0.00
  MONTH TO DATE    0.15                      1.70  -1.55     0.91
  SINCE OCT 1     19.40                     10.97   8.43     4.81
  SINCE JAN 1     14.20                      7.39   6.81     3.81

SNOWFALL (IN)
  YESTERDAY        0.0
  MONTH TO DATE    0.0
  SINCE MAR 1      0.0
  SINCE JUL 1      0.0

DEGREE DAYS
 HEATING
  YESTERDAY        2                         5     -3        1
  MONTH TO DATE   66                       158    -92       74
  SINCE MAR 1     66                       158    -92       74
  SINCE JUL 1    844                      1049   -205      717

 COOLING
  YESTERDAY        0                         0      0        0
  MONTH TO DATE   21                         0     21        7
  SINCE MAR 1     21                         0     21        7
  SINCE JAN 1     22                         8     14       54
..................................................................


WIND (MPH)
  HIGHEST WIND SPEED    26   HIGHEST WIND DIRECTION    NW (300)
  HIGHEST GUST SPEED    35   HIGHEST GUST DIRECTION    NW (320)
  AVERAGE WIND SPEED    10.0


SKY COVER
  POSSIBLE SUNSHINE  MM
  AVERAGE SKY COVER 0.1


WEATHER CONDITIONS
 THE FOLLOWING WEATHER WAS RECORDED YESTERDAY.
  NO SIGNIFICANT WEATHER WAS OBSERVED.


RELATIVE HUMIDITY (PERCENT)
 HIGHEST    86           700 AM
 LOWEST     20           700 PM
 AVERAGE    53

..........................................................


THE LONG BEACH AIRPORT CA CLIMATE NORMALS FOR TODAY
                         NORMAL    RECORD    YEAR
 MAXIMUM TEMPERATURE (F)   70        92      2004
 MINIMUM TEMPERATURE (F)   51        43      1991


SUNRISE AND SUNSET
MARCH 28 2017.........SUNRISE   645 AM PDT   SUNSET   711 PM PDT
MARCH 29 2017.........SUNRISE   644 AM PDT   SUNSET   711 PM PDT


-  INDICATES NEGATIVE NUMBERS.
R  INDICATES RECORD WAS SET OR TIED.
MM INDICATES DATA IS MISSING.
T  INDICATES TRACE AMOUNT.




$$
