000
CDUS46 KLOX 210903
CLILGB


CLIMATE REPORT
NATIONAL WEATHER SERVICE LOS ANGELES/OXNARD CA
202 AM PDT MON APR 21 2014


...................................

...THE LONG BEACH AIRPORT CA CLIMATE SUMMARY FOR APRIL 20 2014...

CLIMATE NORMAL PERIOD 1981 TO 2010
CLIMATE RECORD PERIOD 1958 TO 2014


WEATHER ITEM   OBSERVED TIME   RECORD YEAR NORMAL DEPARTURE LAST
                VALUE   (LST)  VALUE       VALUE  FROM      YEAR
                                                  NORMAL
..................................................................
TEMPERATURE (F)
 YESTERDAY
  MAXIMUM         76    334 PM 100    2009  72      4       81
  MINIMUM         58    600 AM  41    1967  54      4       55
  AVERAGE         67                        63      4       68

PRECIPITATION (IN)
  YESTERDAY        0.00          0.48 2007   0.02  -0.02     0.00
  MONTH TO DATE    0.20                      0.46  -0.26     0.01
  SINCE JUL 1      4.33                     11.84  -7.51     6.00
  SINCE JAN 1      3.02                      8.02  -5.00     2.20

SNOWFALL (IN)
  YESTERDAY        0.0
  MONTH TO DATE    0.0
  SINCE MAR 1      0.0
  SINCE JUL 1      0.0

DEGREE DAYS
 HEATING
  YESTERDAY        0                         3     -3        0
  MONTH TO DATE   43                        79    -36       35
  SINCE MAR 1    121                       258   -137      155
  SINCE JUL 1    699                      1149   -450     1019

 COOLING
  YESTERDAY        2                         1      1        3
  MONTH TO DATE   33                        20     13       12
  SINCE MAR 1     56                        30     26       19
  SINCE JAN 1     71                        38     33       24
..................................................................


WIND (MPH)
  HIGHEST WIND SPEED    14   HIGHEST WIND DIRECTION    NW (300)
  HIGHEST GUST SPEED    16   HIGHEST GUST DIRECTION    NW (300)
  AVERAGE WIND SPEED     3.7


SKY COVER
  POSSIBLE SUNSHINE  MM
  AVERAGE SKY COVER 0.2


WEATHER CONDITIONS
 THE FOLLOWING WEATHER WAS RECORDED YESTERDAY.
  NO SIGNIFICANT WEATHER WAS OBSERVED.


RELATIVE HUMIDITY (PERCENT)
 HIGHEST    86           600 AM
 LOWEST     43           500 PM
 AVERAGE    65

..........................................................


THE LONG BEACH AIRPORT CA CLIMATE NORMALS FOR TODAY
                         NORMAL    RECORD    YEAR
 MAXIMUM TEMPERATURE (F)   72        94      1987
 MINIMUM TEMPERATURE (F)   54        44      1973


SUNRISE AND SUNSET
APRIL 21 2014.........SUNRISE   615 AM PDT   SUNSET   728 PM PDT
APRIL 22 2014.........SUNRISE   613 AM PDT   SUNSET   729 PM PDT


-  INDICATES NEGATIVE NUMBERS.
R  INDICATES RECORD WAS SET OR TIED.
MM INDICATES DATA IS MISSING.
T  INDICATES TRACE AMOUNT.




$$
