000
CDHW41 PHFO 091245
CLILIH


CLIMATE REPORT
NATIONAL WEATHER SERVICE HONOLULU HI
245 AM HST FRI DEC 9 2016


...................................

...THE LIHUE HI CLIMATE SUMMARY FOR DECEMBER 8 2016...

CLIMATE NORMAL PERIOD 1981 TO 2010
CLIMATE RECORD PERIOD 1946 TO 2016


WEATHER ITEM   OBSERVED TIME   RECORD YEAR NORMAL DEPARTURE LAST
                VALUE   (LST)  VALUE       VALUE  FROM      YEAR
                                                  NORMAL
..................................................................
TEMPERATURE (F)
 YESTERDAY
  MAXIMUM         75    943 AM  85    1985  79     -4       83
  MINIMUM         69   1159 PM  60    1986  69      0       68
                                      1966
  AVERAGE         72                        74     -2       76

PRECIPITATION (IN)
  YESTERDAY        0.02          5.07 1967   0.16  -0.14      T
  MONTH TO DATE    0.59                      1.27  -0.68     0.30
  SINCE DEC 1      0.59                      1.27  -0.68     0.30
  SINCE JAN 1     12.82                     33.12 -20.30    28.58

SNOWFALL (IN)
  YESTERDAY        0.0
  MONTH TO DATE    0.0
  SINCE DEC 1      0.0
  SINCE JUL 1      0.0
  SNOW DEPTH       0

DEGREE DAYS
 HEATING
  YESTERDAY        0                         0      0        0
  MONTH TO DATE    0                         0      0        0
  SINCE DEC 1      0                         0      0        0
  SINCE JUL 1      0                         0      0        0

 COOLING
  YESTERDAY        7                         9     -2       11
  MONTH TO DATE   74                        72      2       93
  SINCE DEC 1     74                        72      2       93
  SINCE JAN 1   4034                      3763    271     4172
..................................................................


WIND (MPH)
  HIGHEST WIND SPEED    14   HIGHEST WIND DIRECTION     S (190)
  HIGHEST GUST SPEED    16   HIGHEST GUST DIRECTION     S (190)
  AVERAGE WIND SPEED     5.5


SKY COVER
  POSSIBLE SUNSHINE  MM
  AVERAGE SKY COVER 0.9


WEATHER CONDITIONS
 THE FOLLOWING WEATHER WAS RECORDED YESTERDAY.
  LIGHT RAIN


RELATIVE HUMIDITY (PERCENT)
 HIGHEST    90          1200 AM
 LOWEST     84           200 AM
 AVERAGE    87

..........................................................


THE LIHUE HI CLIMATE NORMALS FOR TODAY
                         NORMAL    RECORD    YEAR
 MAXIMUM TEMPERATURE (F)   79        86      1995
 MINIMUM TEMPERATURE (F)   68        60      1966


SUNRISE AND SUNSET
DECEMBER  9 2016......SUNRISE   705 AM HST   SUNSET   555 PM HST
DECEMBER 10 2016......SUNRISE   706 AM HST   SUNSET   555 PM HST


-  INDICATES NEGATIVE NUMBERS.
R  INDICATES RECORD WAS SET OR TIED.
MM INDICATES DATA IS MISSING.
T  INDICATES TRACE AMOUNT.




$$
