000
CDHW41 PHFO 050232
CLILIH


CLIMATE REPORT
NATIONAL WEATHER SERVICE HONOLULU HI
432 PM HST WED MAY 4 2016


...................................

...THE LIHUE HI CLIMATE SUMMARY FOR MAY 4 2016...
VALID TODAY AS OF 0400 PM LOCAL TIME.

CLIMATE NORMAL PERIOD 1981 TO 2010
CLIMATE RECORD PERIOD 1946 TO 2016


WEATHER ITEM   OBSERVED TIME   RECORD YEAR NORMAL DEPARTURE LAST
                VALUE   (LST)  VALUE       VALUE  FROM      YEAR
                                                  NORMAL
..................................................................
TEMPERATURE (F)
 TODAY
  MAXIMUM         84R  1232 PM  84    1982  80      4       83
                                      1981
                                      1961
  MINIMUM         73    330 AM  62    1989  69      4       74
  AVERAGE         79                        75      4       79

PRECIPITATION (IN)
  TODAY            0.09          2.45 1965   0.08   0.01     0.00
  MONTH TO DATE    0.33                      0.32   0.01      T
  SINCE MAR 1      3.79                      7.18  -3.39     3.12
  SINCE JAN 1      4.96                     14.09  -9.13     5.03

SNOWFALL (IN)
  TODAY            0.0
  MONTH TO DATE    0.0
  SINCE MAR 1      0.0
  SINCE JUL 1      0.0
  SNOW DEPTH       0

DEGREE DAYS
 HEATING
  TODAY            0                         0      0        0
  MONTH TO DATE    0                         0      0        0
  SINCE MAR 1      0                         0      0        0
  SINCE JUL 1      0                         0      0        0

 COOLING
  TODAY           14                        10      4       14
  MONTH TO DATE   57                        40     17       52
  SINCE MAR 1    625                       549     76      657
  SINCE JAN 1   1080                       944    136     1113
..................................................................


WIND (MPH)
  HIGHEST WIND SPEED    25   HIGHEST WIND DIRECTION    NE (40)
  HIGHEST GUST SPEED    29   HIGHEST GUST DIRECTION    NE (40)
  AVERAGE WIND SPEED    13.6


SKY COVER
  POSSIBLE SUNSHINE  MM
  AVERAGE SKY COVER 0.9


WEATHER CONDITIONS
 THE FOLLOWING WEATHER WAS RECORDED TODAY.
  LIGHT RAIN
  FOG
  HAZE


RELATIVE HUMIDITY (PERCENT)
 HIGHEST    87          1200 AM
 LOWEST     65           100 PM
 AVERAGE    76

..........................................................


THE LIHUE HI CLIMATE NORMALS FOR TOMORROW
                         NORMAL    RECORD    YEAR
 MAXIMUM TEMPERATURE (F)   80        84      1961
 MINIMUM TEMPERATURE (F)   70        62      1966


SUNRISE AND SUNSET
MAY  4 2016...........SUNRISE   603 AM HST   SUNSET   705 PM HST
MAY  5 2016...........SUNRISE   603 AM HST   SUNSET   705 PM HST


-  INDICATES NEGATIVE NUMBERS.
R  INDICATES RECORD WAS SET OR TIED.
MM INDICATES DATA IS MISSING.
T  INDICATES TRACE AMOUNT.




$$
