000
CDHW41 PHFO 301245
CLILIH


CLIMATE REPORT
NATIONAL WEATHER SERVICE HONOLULU HI
245 AM HST THU MAR 30 2017


...................................

...THE LIHUE HI CLIMATE SUMMARY FOR MARCH 29 2017...

CLIMATE NORMAL PERIOD 1981 TO 2010
CLIMATE RECORD PERIOD 1946 TO 2017


WEATHER ITEM   OBSERVED TIME   RECORD YEAR NORMAL DEPARTURE LAST
                VALUE   (LST)  VALUE       VALUE  FROM      YEAR
                                                  NORMAL
..................................................................
TEMPERATURE (F)
 YESTERDAY
  MAXIMUM         81   1259 PM  87    1963  79      2       82
  MINIMUM         72    517 AM  58    1979  68      4       65
                                      1975
                                      1965
  AVERAGE         77                        73      4       74

PRECIPITATION (IN)
  YESTERDAY        0.00          1.24 2002   0.13  -0.13      T
  MONTH TO DATE    4.11                      4.35  -0.24     2.62
  SINCE MAR 1      4.11                      4.35  -0.24     2.62
  SINCE JAN 1     10.59                     11.26  -0.67     3.79

SNOWFALL (IN)
  YESTERDAY        0.0
  MONTH TO DATE    0.0
  SINCE MAR 1      0.0
  SINCE JUL 1      0.0
  SNOW DEPTH       0

DEGREE DAYS
 HEATING
  YESTERDAY        0                         0      0        0
  MONTH TO DATE    0                         0      0        0
  SINCE MAR 1      0                         0      0        0
  SINCE JUL 1      0                         0      0        0

 COOLING
  YESTERDAY       12                         8      4        9
  MONTH TO DATE  256                       220     36      223
  SINCE MAR 1    256                       220     36      223
  SINCE JAN 1    697                       615     82      678
..................................................................


WIND (MPH)
  HIGHEST WIND SPEED    15   HIGHEST WIND DIRECTION     E (80)
  HIGHEST GUST SPEED    17   HIGHEST GUST DIRECTION     E (80)
  AVERAGE WIND SPEED     9.8


SKY COVER
  POSSIBLE SUNSHINE  MM
  AVERAGE SKY COVER 0.4


WEATHER CONDITIONS
 THE FOLLOWING WEATHER WAS RECORDED YESTERDAY.
  NO SIGNIFICANT WEATHER WAS OBSERVED.


RELATIVE HUMIDITY (PERCENT)
 HIGHEST    82          1000 PM
 LOWEST     62           900 AM
 AVERAGE    72

..........................................................


THE LIHUE HI CLIMATE NORMALS FOR TODAY
                         NORMAL    RECORD    YEAR
 MAXIMUM TEMPERATURE (F)   79        85      1961
 MINIMUM TEMPERATURE (F)   68        56      1975


SUNRISE AND SUNSET
MARCH 30 2017.........SUNRISE   632 AM HST   SUNSET   652 PM HST
MARCH 31 2017.........SUNRISE   631 AM HST   SUNSET   652 PM HST


-  INDICATES NEGATIVE NUMBERS.
R  INDICATES RECORD WAS SET OR TIED.
MM INDICATES DATA IS MISSING.
T  INDICATES TRACE AMOUNT.




$$
