000
CDHW41 PHFO 250253
CLILIH


CLIMATE REPORT
NATIONAL WEATHER SERVICE HONOLULU HI
453 PM HST MON JUL 24 2017


...................................

...THE LIHUE HI CLIMATE SUMMARY FOR JULY 24 2017...
VALID TODAY AS OF 0400 PM LOCAL TIME.

CLIMATE NORMAL PERIOD 1981 TO 2010
CLIMATE RECORD PERIOD 1946 TO 2017


WEATHER ITEM   OBSERVED TIME   RECORD YEAR NORMAL DEPARTURE LAST
                VALUE   (LST)  VALUE       VALUE  FROM      YEAR
                                                  NORMAL
..................................................................
TEMPERATURE (F)
 TODAY
  MAXIMUM         82    357 PM  87    2015  84     -2       82
                                      1982
                                      1976
  MINIMUM         76    512 AM  68    1959  74      2       74
  AVERAGE         79                        79      0       78

PRECIPITATION (IN)
  TODAY            0.36          0.90 1986   0.06   0.30     0.08
  MONTH TO DATE    0.84                      1.39  -0.55     1.43
  SINCE JUN 1      1.59                      3.00  -1.41     2.51
  SINCE JAN 1     16.15                     18.84  -2.69     8.95

SNOWFALL (IN)
  TODAY            0.0
  MONTH TO DATE    0.0
  SINCE JUN 1      0.0
  SINCE JUL 1      0.0
  SNOW DEPTH      MM

DEGREE DAYS
 HEATING
  TODAY            0                         0      0        0
  MONTH TO DATE    0                         0      0        0
  SINCE JUN 1      0                         0      0        0
  SINCE JUL 1      0                         0      0        0

 COOLING
  TODAY           14                        14      0       13
  MONTH TO DATE  329                       336     -7      306
  SINCE JUN 1    727                       730     -3      651
  SINCE JAN 1   2195                      1969    226     2053
..................................................................


WIND (MPH)
  HIGHEST WIND SPEED    25   HIGHEST WIND DIRECTION    NE (40)
  HIGHEST GUST SPEED    32   HIGHEST GUST DIRECTION    NE (40)
  AVERAGE WIND SPEED    MM


SKY COVER
  POSSIBLE SUNSHINE  MM
  AVERAGE SKY COVER  MM


WEATHER CONDITIONS
 THE FOLLOWING WEATHER WAS RECORDED TODAY.
  FOG
  HAZE


RELATIVE HUMIDITY (PERCENT)
 HIGHEST    MM
 LOWEST     MM
 AVERAGE    MM

..........................................................


THE LIHUE HI CLIMATE NORMALS FOR TOMORROW
                         NORMAL    RECORD    YEAR
 MAXIMUM TEMPERATURE (F)   84        88      1982
 MINIMUM TEMPERATURE (F)   74        67      1962


SUNRISE AND SUNSET
JULY 24 2017..........SUNRISE   607 AM HST   SUNSET   721 PM HST
JULY 25 2017..........SUNRISE   607 AM HST   SUNSET   720 PM HST


-  INDICATES NEGATIVE NUMBERS.
R  INDICATES RECORD WAS SET OR TIED.
MM INDICATES DATA IS MISSING.
T  INDICATES TRACE AMOUNT.




$$
