000
CDHW41 PHFO 181245
CLILIH


CLIMATE REPORT
NATIONAL WEATHER SERVICE HONOLULU HI
245 AM HST FRI APR 18 2014


...................................

...THE LIHUE HI CLIMATE SUMMARY FOR APRIL 17 2014...

CLIMATE NORMAL PERIOD 1981 TO 2010
CLIMATE RECORD PERIOD 1946 TO 2014


WEATHER ITEM   OBSERVED TIME   RECORD YEAR NORMAL DEPARTURE LAST
                VALUE   (LST)  VALUE       VALUE  FROM      YEAR
                                                  NORMAL
..................................................................
TEMPERATURE (F)
 YESTERDAY
  MAXIMUM         80    226 PM  85    1981  79      1       79
  MINIMUM         72    720 AM  58    1967  69      3       73
  AVERAGE         76                        74      2       76

PRECIPITATION (IN)
  YESTERDAY        T             0.68 2011   0.06  -0.06     0.00
  MONTH TO DATE    0.26                      1.46  -1.20     1.55
  SINCE MAR 1      2.19                      6.07  -3.88     5.84
  SINCE JAN 1     12.59                     12.98  -0.39    12.72

SNOWFALL (IN)
  YESTERDAY        0.0
  MONTH TO DATE    0.0
  SINCE MAR 1      0.0
  SINCE JUL 1      0.0
  SNOW DEPTH       0

DEGREE DAYS
 HEATING
  YESTERDAY        0                         0      0        0
  MONTH TO DATE    0                         0      0        0
  SINCE MAR 1      0                         0      0        0
  SINCE JUL 1      0                         0      0        0

 COOLING
  YESTERDAY       11                         9      2       11
  MONTH TO DATE  159                       152      7      129
  SINCE MAR 1    370                       391    -21      282
  SINCE JAN 1    746                       786    -40      669
..................................................................


WIND (MPH)
  HIGHEST WIND SPEED    18   HIGHEST WIND DIRECTION    NE (40)
  HIGHEST GUST SPEED    24   HIGHEST GUST DIRECTION     N (20)
  AVERAGE WIND SPEED    15.3


SKY COVER
  POSSIBLE SUNSHINE  MM
  AVERAGE SKY COVER 0.8


WEATHER CONDITIONS
 THE FOLLOWING WEATHER WAS RECORDED YESTERDAY.
  NO SIGNIFICANT WEATHER WAS OBSERVED.


RELATIVE HUMIDITY (PERCENT)
 HIGHEST    87           900 PM
 LOWEST     71          1000 AM
 AVERAGE    79

..........................................................


THE LIHUE HI CLIMATE NORMALS FOR TODAY
                         NORMAL    RECORD    YEAR
 MAXIMUM TEMPERATURE (F)   79        86      1981
 MINIMUM TEMPERATURE (F)   69        59      1967


SUNRISE AND SUNSET
APRIL 18 2014.........SUNRISE   615 AM HST   SUNSET   658 PM HST
APRIL 19 2014.........SUNRISE   614 AM HST   SUNSET   659 PM HST


-  INDICATES NEGATIVE NUMBERS.
R  INDICATES RECORD WAS SET OR TIED.
MM INDICATES DATA IS MISSING.
T  INDICATES TRACE AMOUNT.




$$
