000
CDHW41 PHFO 290236
CLILIH


CLIMATE REPORT
NATIONAL WEATHER SERVICE HONOLULU HI
426 PM HST FRI NOV 28 2014


...................................

...THE LIHUE HI CLIMATE SUMMARY FOR NOVEMBER 28 2014...
VALID TODAY AS OF 0400 PM LOCAL TIME.

CLIMATE NORMAL PERIOD 1981 TO 2010
CLIMATE RECORD PERIOD 1946 TO 2014


WEATHER ITEM   OBSERVED TIME   RECORD YEAR NORMAL DEPARTURE LAST
                VALUE   (LST)  VALUE       VALUE  FROM      YEAR
                                                  NORMAL
..................................................................
TEMPERATURE (F)
 TODAY
  MAXIMUM         81   1211 PM  86    1980  80      1       80
  MINIMUM         70    624 AM  61    1972  70      0       65
  AVERAGE         76                        75      1       73

PRECIPITATION (IN)
  TODAY            0.01          5.02 1954   0.15  -0.14     0.00
  MONTH TO DATE    2.10                      4.15  -2.05     3.18
  SINCE SEP 1      6.24                     10.09  -3.85    13.53
  SINCE JAN 1     30.41                     31.54  -1.13    30.74

SNOWFALL (IN)
  TODAY            0.0
  MONTH TO DATE    0.0
  SINCE SEP 1      0.0
  SINCE JUL 1      0.0
  SNOW DEPTH       0

DEGREE DAYS
 HEATING
  TODAY            0                         0      0        0
  MONTH TO DATE    0                         0      0        0
  SINCE SEP 1      0                         0      0        0
  SINCE JUL 1      0                         0      0        0

 COOLING
  TODAY           11                        10      1        8
  MONTH TO DATE  322                       306     16      269
  SINCE SEP 1   1278                      1147    131     1119
  SINCE JAN 1   3796                      3673    123     3415
..................................................................


WIND (MPH)
  HIGHEST WIND SPEED    28   HIGHEST WIND DIRECTION    NE (50)
  HIGHEST GUST SPEED    33   HIGHEST GUST DIRECTION    NE (40)
  AVERAGE WIND SPEED    20.1


SKY COVER
  POSSIBLE SUNSHINE  MM
  AVERAGE SKY COVER 0.7


WEATHER CONDITIONS
 THE FOLLOWING WEATHER WAS RECORDED TODAY.
  NO SIGNIFICANT WEATHER WAS OBSERVED.


RELATIVE HUMIDITY (PERCENT)
 HIGHEST    84           300 AM
 LOWEST     51          1200 PM
 AVERAGE    68

..........................................................


THE LIHUE HI CLIMATE NORMALS FOR TOMORROW
                         NORMAL    RECORD    YEAR
 MAXIMUM TEMPERATURE (F)   80        86      1980
 MINIMUM TEMPERATURE (F)   70        61      1972
                                             1950


SUNRISE AND SUNSET
NOVEMBER 28 2014......SUNRISE   658 AM HST   SUNSET   553 PM HST
NOVEMBER 29 2014......SUNRISE   658 AM HST   SUNSET   553 PM HST


-  INDICATES NEGATIVE NUMBERS.
R  INDICATES RECORD WAS SET OR TIED.
MM INDICATES DATA IS MISSING.
T  INDICATES TRACE AMOUNT.




$$
