000
CDUS44 KLZK 251006
CLILIT


CLIMATE REPORT
NATIONAL WEATHER SERVICE LITTLE ROCK AR
406 AM CST SUN JAN 25 2015


...................................

...THE LITTLE ROCK ADAMS FIELD CLIMATE SUMMARY FOR JANUARY 24 2015...

CLIMATE NORMAL PERIOD 1981 TO 2010
CLIMATE RECORD PERIOD 1874 TO 2015


WEATHER ITEM   OBSERVED TIME   RECORD YEAR NORMAL DEPARTURE LAST
                VALUE   (LST)  VALUE       VALUE  FROM      YEAR
                                                  NORMAL
..................................................................
TEMPERATURE (F)
 YESTERDAY
  MAXIMUM         63    351 PM  81    1950  51     12       38
  MINIMUM         29    558 AM   2    1963  31     -2       11
  AVERAGE         46                        41      5       25

PRECIPITATION (IN)
  YESTERDAY        0.00          3.01 1949   0.11  -0.11     0.00
  MONTH TO DATE    2.97                      2.77   0.20     2.34
  SINCE DEC 1      6.13                      7.74  -1.61     9.28
  SINCE JAN 1      2.97                      2.77   0.20     2.34

SNOWFALL (IN)
  YESTERDAY        0.0           4.0  1899   0.0    0.0      0.0
  MONTH TO DATE    T                         1.2   -1.2       T
  SINCE DEC 1      T                         1.4   -1.4      1.3
  SINCE JUL 1      0.1                       1.4   -1.3      1.3
  SNOW DEPTH       0

DEGREE DAYS
 HEATING
  YESTERDAY       19                        24     -5       40
  MONTH TO DATE  611                       576     35      645
  SINCE DEC 1   1216                      1259    -43     1331
  SINCE JUL 1   1787                      1773     14     1915

 COOLING
  YESTERDAY        0                         0      0        0
  MONTH TO DATE    0                         0      0        0
  SINCE DEC 1      0                         2     -2        5
  SINCE JAN 1      0                         0      0        0
..................................................................


WIND (MPH)
  HIGHEST WIND SPEED    12   HIGHEST WIND DIRECTION    SW (220)
  HIGHEST GUST SPEED    15   HIGHEST GUST DIRECTION     W (270)
  AVERAGE WIND SPEED     6.3


SKY COVER
  POSSIBLE SUNSHINE  MM
  AVERAGE SKY COVER 0.0


WEATHER CONDITIONS
 THE FOLLOWING WEATHER WAS RECORDED YESTERDAY.
  NO SIGNIFICANT WEATHER WAS OBSERVED.


RELATIVE HUMIDITY (PERCENT)
 HIGHEST    85           400 AM
 LOWEST     21           300 PM
 AVERAGE    53

..........................................................


THE LITTLE ROCK ADAMS FIELD CLIMATE NORMALS FOR TODAY
                         NORMAL    RECORD    YEAR
 MAXIMUM TEMPERATURE (F)   51        83      1950
 MINIMUM TEMPERATURE (F)   31         1      1894


SUNRISE AND SUNSET
JANUARY 25 2015.......SUNRISE   712 AM CST   SUNSET   531 PM CST
JANUARY 26 2015.......SUNRISE   711 AM CST   SUNSET   532 PM CST


-  INDICATES NEGATIVE NUMBERS.
R  INDICATES RECORD WAS SET OR TIED.
MM INDICATES DATA IS MISSING.
T  INDICATES TRACE AMOUNT.




$$
