000
CDUS44 KLZK 230635
CLILIT


CLIMATE REPORT
NATIONAL WEATHER SERVICE LITTLE ROCK AR
1234 AM CST THU FEB 23 2017


...................................

...THE LITTLE ROCK ADAMS FIELD CLIMATE SUMMARY FOR FEBRUARY 22 2017...

CLIMATE NORMAL PERIOD 1981 TO 2010
CLIMATE RECORD PERIOD 1874 TO 2017


WEATHER ITEM   OBSERVED TIME   RECORD YEAR NORMAL DEPARTURE LAST
                VALUE   (LST)  VALUE       VALUE  FROM      YEAR
                                                  NORMAL
..................................................................
TEMPERATURE (F)
 YESTERDAY
  MAXIMUM         62    512 PM  76    1988  57      5       62
  MINIMUM         51   1102 PM  10    1963  36     15       46
  AVERAGE         57                        47     10       54

PRECIPITATION (IN)
  YESTERDAY        0.00          1.94 1994   0.14  -0.14     0.03
                                      1925
  MONTH TO DATE    3.16                      2.80   0.36     0.52
  SINCE DEC 1      9.02                     11.32  -2.30    12.45
  SINCE JAN 1      4.63                      6.35  -1.72     4.07

SNOWFALL (IN)
  YESTERDAY        0.0           1.1  1966   0.1   -0.1      0.0
  MONTH TO DATE    0.0                       1.1   -1.1      0.0
  SINCE DEC 1      0.2                       2.9   -2.7      5.7
  SINCE JUL 1      0.2                       2.9   -2.7      5.7
  SNOW DEPTH       0

DEGREE DAYS
 HEATING
  YESTERDAY        8                        18    -10       11
  MONTH TO DATE  269                       464   -195      340
  SINCE DEC 1   1510                      1896   -386     1452
  SINCE JUL 1   1849                      2410   -561     1776

 COOLING
  YESTERDAY        0                         0      0        0
  MONTH TO DATE    8                         0      8        5
  SINCE DEC 1     10                         3      7       17
  SINCE JAN 1      8                         1      7        6
..................................................................


WIND (MPH)
  HIGHEST WIND SPEED    12   HIGHEST WIND DIRECTION    NW (320)
  HIGHEST GUST SPEED    14   HIGHEST GUST DIRECTION    NW (310)
  AVERAGE WIND SPEED     4.3


SKY COVER
  POSSIBLE SUNSHINE  MM
  AVERAGE SKY COVER 0.9


WEATHER CONDITIONS
 THE FOLLOWING WEATHER WAS RECORDED YESTERDAY.
  FOG
  FOG W/VISIBILITY <= 1/4 MILE


RELATIVE HUMIDITY (PERCENT)
 HIGHEST   100          1200 AM
 LOWEST     84           400 PM
 AVERAGE    92

..........................................................


THE LITTLE ROCK ADAMS FIELD CLIMATE NORMALS FOR TODAY
                         NORMAL    RECORD    YEAR
 MAXIMUM TEMPERATURE (F)   57        82      2012
                                             1982
 MINIMUM TEMPERATURE (F)   37        16      1989


SUNRISE AND SUNSET
FEBRUARY 23 2017......SUNRISE   645 AM CST   SUNSET   600 PM CST
FEBRUARY 24 2017......SUNRISE   644 AM CST   SUNSET   601 PM CST


-  INDICATES NEGATIVE NUMBERS.
R  INDICATES RECORD WAS SET OR TIED.
MM INDICATES DATA IS MISSING.
T  INDICATES TRACE AMOUNT.




$$
