000
CDUS44 KLZK 222158
CLILIT


CLIMATE REPORT
NATIONAL WEATHER SERVICE LITTLE ROCK AR
358 PM CST SUN JAN 22 2017


...................................

...THE LITTLE ROCK ADAMS FIELD CLIMATE SUMMARY FOR JANUARY 22 2017...
VALID TODAY AS OF 0300 PM LOCAL TIME.

CLIMATE NORMAL PERIOD 1981 TO 2010
CLIMATE RECORD PERIOD 1874 TO 2017


WEATHER ITEM   OBSERVED TIME   RECORD YEAR NORMAL DEPARTURE LAST
                VALUE   (LST)  VALUE       VALUE  FROM      YEAR
                                                  NORMAL
..................................................................
TEMPERATURE (F)
 TODAY
  MAXIMUM         56   1201 AM  75    1982  51      5       43
                                      1943
  MINIMUM         48    300 AM   2    1930  31     17       31
  AVERAGE         52                        41     11       37

PRECIPITATION (IN)
  TODAY            0.09          3.62 1962   0.10  -0.01     0.43
  MONTH TO DATE    1.46                      2.55  -1.09     3.40
  SINCE DEC 1      5.85                      7.52  -1.67    11.78
  SINCE JAN 1      1.46                      2.55  -1.09     3.40

SNOWFALL (IN)
  TODAY            0.0           7.0  1995   0.0    0.0      5.0
  MONTH TO DATE    0.2                       1.1   -0.9      5.7
  SINCE DEC 1      0.2                       1.3   -1.1      5.7
  SINCE JUL 1      0.2                       1.3   -1.1      5.7
  SNOW DEPTH       0

DEGREE DAYS
 HEATING
  TODAY           13                        24    -11       28
  MONTH TO DATE  418                       528   -110      548
  SINCE DEC 1   1085                      1211   -126      956
  SINCE JUL 1   1424                      1725   -301     1280

 COOLING
  TODAY            0                         0      0        0
  MONTH TO DATE    0                         0      0        0
  SINCE DEC 1      2                         2      0       11
  SINCE JAN 1      0                         0      0        0
..................................................................


WIND (MPH)
  HIGHEST WIND SPEED    17   HIGHEST WIND DIRECTION    NW (320)
  HIGHEST GUST SPEED    22   HIGHEST GUST DIRECTION    NW (320)
  AVERAGE WIND SPEED     4.4


SKY COVER
  POSSIBLE SUNSHINE  MM
  AVERAGE SKY COVER 0.7


WEATHER CONDITIONS
 THE FOLLOWING WEATHER WAS RECORDED TODAY.
  LIGHT RAIN
  FOG


RELATIVE HUMIDITY (PERCENT)
 HIGHEST   100           100 AM
 LOWEST     93           200 PM
 AVERAGE    97

..........................................................


THE LITTLE ROCK ADAMS FIELD CLIMATE NORMALS FOR TOMORROW
                         NORMAL    RECORD    YEAR
 MAXIMUM TEMPERATURE (F)   51        81      1943
 MINIMUM TEMPERATURE (F)   31         6      1963


SUNRISE AND SUNSET
JANUARY 22 2017.......SUNRISE   713 AM CST   SUNSET   528 PM CST
JANUARY 23 2017.......SUNRISE   713 AM CST   SUNSET   529 PM CST


-  INDICATES NEGATIVE NUMBERS.
R  INDICATES RECORD WAS SET OR TIED.
MM INDICATES DATA IS MISSING.
T  INDICATES TRACE AMOUNT.




$$
