000
CDUS44 KLZK 280707
CLILIT


CLIMATE REPORT
NATIONAL WEATHER SERVICE LITTLE ROCK AR
206 AM CDT SUN MAY 28 2017


...................................

...THE LITTLE ROCK ADAMS FIELD CLIMATE SUMMARY FOR MAY 27 2017...

CLIMATE NORMAL PERIOD 1981 TO 2010
CLIMATE RECORD PERIOD 1874 TO 2017


WEATHER ITEM   OBSERVED TIME   RECORD YEAR NORMAL DEPARTURE LAST
                VALUE   (LST)  VALUE       VALUE  FROM      YEAR
                                                  NORMAL
..................................................................
TEMPERATURE (F)
 YESTERDAY
  MAXIMUM         89    411 PM  96    1964  84      5       82
  MINIMUM         74    122 AM  44    1961  65      9       68
  AVERAGE         82                        74      8       75

PRECIPITATION (IN)
  YESTERDAY        0.00          2.57 1893   0.13  -0.13      T
  MONTH TO DATE    4.59                      4.32   0.27     2.30
  SINCE MAR 1     18.59                     14.14   4.45    22.36
  SINCE JAN 1     23.59                     21.35   2.24    28.05

SNOWFALL (IN)
  YESTERDAY        0.0          MM      MM   0.0    0.0      0.0
  MONTH TO DATE    0.0                       0.0    0.0      0.0
  SINCE MAR 1      0.0                       0.4   -0.4      0.0
  SINCE JUL 1      0.2                       3.5   -3.3      5.7
  SNOW DEPTH       0

DEGREE DAYS
 HEATING
  YESTERDAY        0                         0      0        0
  MONTH TO DATE   26                        18      8        8
  SINCE MAR 1    380                       537   -157      302
  SINCE JUL 1   2294                      3050   -756     2191

 COOLING
  YESTERDAY       17                         9      8       10
  MONTH TO DATE  123                       168    -45      133
  SINCE MAR 1    218                       238    -20      222
  SINCE JAN 1    230                       240    -10      228
..................................................................


WIND (MPH)
  HIGHEST WIND SPEED    20   HIGHEST WIND DIRECTION    SW (210)
  HIGHEST GUST SPEED    26   HIGHEST GUST DIRECTION    SW (220)
  AVERAGE WIND SPEED    10.3


SKY COVER
  POSSIBLE SUNSHINE  MM
  AVERAGE SKY COVER 0.8


WEATHER CONDITIONS
 THE FOLLOWING WEATHER WAS RECORDED YESTERDAY.
  FOG


RELATIVE HUMIDITY (PERCENT)
 HIGHEST   100           100 AM
 LOWEST     63           300 PM
 AVERAGE    82

..........................................................


THE LITTLE ROCK ADAMS FIELD CLIMATE NORMALS FOR TODAY
                         NORMAL    RECORD    YEAR
 MAXIMUM TEMPERATURE (F)   84        96      1962
 MINIMUM TEMPERATURE (F)   65        44      1961


SUNRISE AND SUNSET
MAY 28 2017...........SUNRISE   558 AM CDT   SUNSET   815 PM CDT
MAY 29 2017...........SUNRISE   558 AM CDT   SUNSET   815 PM CDT


-  INDICATES NEGATIVE NUMBERS.
R  INDICATES RECORD WAS SET OR TIED.
MM INDICATES DATA IS MISSING.
T  INDICATES TRACE AMOUNT.




$$
