000
CDUS44 KLZK 230635
CLILIT


CLIMATE REPORT
NATIONAL WEATHER SERVICE LITTLE ROCK AR
134 AM CDT SAT SEP 23 2017


...................................

...THE LITTLE ROCK ADAMS FIELD CLIMATE SUMMARY FOR SEPTEMBER 22 2017...

CLIMATE NORMAL PERIOD 1981 TO 2010
CLIMATE RECORD PERIOD 1874 TO 2017


WEATHER ITEM   OBSERVED TIME   RECORD YEAR NORMAL DEPARTURE LAST
                VALUE   (LST)  VALUE       VALUE  FROM      YEAR
                                                  NORMAL
..................................................................
TEMPERATURE (F)
 YESTERDAY
  MAXIMUM         93    124 PM  98    2005  83     10       94
  MINIMUM         71    631 AM  42    1983  62      9       69
  AVERAGE         82                        73      9       82

PRECIPITATION (IN)
  YESTERDAY        0.00          2.64 1965   0.11  -0.11     0.00
  MONTH TO DATE    0.45                      2.25  -1.80     1.31
  SINCE SEP 1      0.45                      2.25  -1.80     1.31
  SINCE JAN 1     37.74                     33.66   4.08    47.26

SNOWFALL (IN)
  YESTERDAY        0.0          MM      MM   0.0    0.0      0.0
  MONTH TO DATE    0.0                       0.0    0.0      0.0
  SINCE SEP 1      0.0                       0.0    0.0      0.0
  SINCE JUL 1      0.0                       0.0    0.0      0.0
  SNOW DEPTH       0

DEGREE DAYS
 HEATING
  YESTERDAY        0                         1     -1        0
  MONTH TO DATE    1                         1      0        0
  SINCE SEP 1      1                         1      0        0
  SINCE JUL 1      1                         1      0        0

 COOLING
  YESTERDAY       17                         8      9       17
  MONTH TO DATE  210                       259    -49      367
  SINCE SEP 1    210                       259    -49      367
  SINCE JAN 1   1778                      2060   -282     2420
..................................................................


WIND (MPH)
  HIGHEST WIND SPEED    10   HIGHEST WIND DIRECTION    SE (140)
  HIGHEST GUST SPEED    14   HIGHEST GUST DIRECTION     S (190)
  AVERAGE WIND SPEED     2.1


SKY COVER
  POSSIBLE SUNSHINE  MM
  AVERAGE SKY COVER 0.2


WEATHER CONDITIONS
 THE FOLLOWING WEATHER WAS RECORDED YESTERDAY.
  FOG


RELATIVE HUMIDITY (PERCENT)
 HIGHEST   100          1200 AM
 LOWEST     38           200 PM
 AVERAGE    69

..........................................................


THE LITTLE ROCK ADAMS FIELD CLIMATE NORMALS FOR TODAY
                         NORMAL    RECORD    YEAR
 MAXIMUM TEMPERATURE (F)   83        98      1993
 MINIMUM TEMPERATURE (F)   62        44      1995


SUNRISE AND SUNSET
SEPTEMBER 23 2017.....SUNRISE   658 AM CDT   SUNSET   704 PM CDT
SEPTEMBER 24 2017.....SUNRISE   659 AM CDT   SUNSET   702 PM CDT


-  INDICATES NEGATIVE NUMBERS.
R  INDICATES RECORD WAS SET OR TIED.
MM INDICATES DATA IS MISSING.
T  INDICATES TRACE AMOUNT.




$$
