000
CDUS45 KPIH 052341
CLILLJ


CLIMATE REPORT
NATIONAL WEATHER SERVICE POCATELLO ID
535 PM MDT SUN JUL 5 2015


...................................

...THE CHALLIS ID CLIMATE SUMMARY FOR JULY 5 2015...
VALID TODAY AS OF 0500 PM LOCAL TIME.

CLIMATE NORMAL PERIOD 1981 TO 2010
CLIMATE RECORD PERIOD 1898 TO 2015


WEATHER ITEM   OBSERVED TIME   RECORD YEAR NORMAL DEPARTURE LAST
                VALUE   (LST)  VALUE       VALUE  FROM      YEAR
                                                  NORMAL
..................................................................
TEMPERATURE (F)
 TODAY
  MAXIMUM         85    243 PM 100    2007  83      2       93
  MINIMUM         61    444 AM  35    1927  50     11       56
  AVERAGE         73                        66      7       75

PRECIPITATION (IN)
  TODAY            0.00          0.39 1949   0.03  -0.03     0.00
  MONTH TO DATE    T                         0.18  -0.18      T
  SINCE OCT 1      4.30                      7.88  -3.58     3.81
  SINCE JAN 1      2.51                      5.95  -3.44     3.08

SNOWFALL (IN)
  TODAY           MM
  MONTH TO DATE   MM
  SINCE JUN 1     MM
  SINCE JUL 1     MM
  SNOW DEPTH      MM

DEGREE DAYS
 HEATING
  TODAY            0                         1     -1        0
  MONTH TO DATE    0                         9     -9        0
  SINCE JUN 1     47                       174   -127      166
  SINCE JUL 1      0                         9     -9        0

 COOLING
  TODAY            8                         3      5       10
  MONTH TO DATE   56                        12     44       34
  SINCE JUN 1    165                        34    131       40
  SINCE JAN 1    168                        36    132       40
..................................................................


WIND (MPH)
  HIGHEST WIND SPEED    18   HIGHEST WIND DIRECTION    SW (240)
  HIGHEST GUST SPEED    26   HIGHEST GUST DIRECTION     W (280)
  AVERAGE WIND SPEED     6.2


SKY COVER
  POSSIBLE SUNSHINE  MM
  AVERAGE SKY COVER 0.1


WEATHER CONDITIONS
 THE FOLLOWING WEATHER WAS RECORDED TODAY.
  NO SIGNIFICANT WEATHER WAS OBSERVED.


RELATIVE HUMIDITY (PERCENT)
 HIGHEST    40           600 AM
 LOWEST     15          1200 PM
 AVERAGE    28

..........................................................


THE CHALLIS ID CLIMATE NORMALS FOR TOMORROW
                         NORMAL    RECORD    YEAR
 MAXIMUM TEMPERATURE (F)   83        99      2007
 MINIMUM TEMPERATURE (F)   50        34      1914


SUNRISE AND SUNSET
JULY  5 2015..........SUNRISE   558 AM MDT   SUNSET   924 PM MDT
JULY  6 2015..........SUNRISE   559 AM MDT   SUNSET   924 PM MDT


-  INDICATES NEGATIVE NUMBERS.
R  INDICATES RECORD WAS SET OR TIED.
MM INDICATES DATA IS MISSING.
T  INDICATES TRACE AMOUNT.




$$
