000
CDUS45 KPIH 202321
CLILLJ


CLIMATE REPORT
NATIONAL WEATHER SERVICE POCATELLO ID
520 PM MDT THU JUL 20 2017


...................................

...THE CHALLIS ID CLIMATE SUMMARY FOR JULY 20 2017...
VALID TODAY AS OF 0500 PM LOCAL TIME.

CLIMATE NORMAL PERIOD 1981 TO 2010
CLIMATE RECORD PERIOD 1898 TO 2017


WEATHER ITEM   OBSERVED TIME   RECORD YEAR NORMAL DEPARTURE LAST
                VALUE   (LST)  VALUE       VALUE  FROM      YEAR
                                                  NORMAL
..................................................................
TEMPERATURE (F)
 TODAY
  MAXIMUM         92    251 PM 102    1960  88      4       92
  MINIMUM         47    543 AM  34    1897  52     -5       50
  AVERAGE         70                        70      0       71

PRECIPITATION (IN)
  TODAY            0.00          0.45 1995   0.02  -0.02     0.00
  MONTH TO DATE    0.14                      0.53  -0.39     0.01
  SINCE OCT 1      9.06                      8.23   0.83     5.63
  SINCE JAN 1      5.65                      6.30  -0.65     3.29

SNOWFALL (IN)
  TODAY           MM
  MONTH TO DATE   MM
  SINCE JUN 1     MM
  SINCE JUL 1     MM
  SNOW DEPTH      MM

DEGREE DAYS
 HEATING
  TODAY            0                         0      0        0
  MONTH TO DATE    0                        18    -18       28
  SINCE JUN 1    123                       183    -60      101
  SINCE JUL 1      0                        18    -18       28

 COOLING
  TODAY            5                         5      0        6
  MONTH TO DATE  151                        75     76       50
  SINCE JUN 1    188                        97     91      115
  SINCE JAN 1    190                        99     91      115
..................................................................


WIND (MPH)
  HIGHEST WIND SPEED    25   HIGHEST WIND DIRECTION     W (270)
  HIGHEST GUST SPEED    34   HIGHEST GUST DIRECTION     W (260)
  AVERAGE WIND SPEED     5.7


SKY COVER
  POSSIBLE SUNSHINE  MM
  AVERAGE SKY COVER 0.0


WEATHER CONDITIONS
 THE FOLLOWING WEATHER WAS RECORDED TODAY.
  NO SIGNIFICANT WEATHER WAS OBSERVED.


RELATIVE HUMIDITY (PERCENT)
 HIGHEST    46           600 AM
 LOWEST      6           400 PM
 AVERAGE    26

..........................................................


THE CHALLIS ID CLIMATE NORMALS FOR TOMORROW
                         NORMAL    RECORD    YEAR
 MAXIMUM TEMPERATURE (F)   88       102      1960
 MINIMUM TEMPERATURE (F)   52        36      1924


SUNRISE AND SUNSET
JULY 20 2017..........SUNRISE   611 AM MDT   SUNSET   915 PM MDT
JULY 21 2017..........SUNRISE   612 AM MDT   SUNSET   914 PM MDT


-  INDICATES NEGATIVE NUMBERS.
R  INDICATES RECORD WAS SET OR TIED.
MM INDICATES DATA IS MISSING.
T  INDICATES TRACE AMOUNT.




$$
