000
CDUS45 KPIH 032323
CLILLJ


CLIMATE REPORT
NATIONAL WEATHER SERVICE POCATELLO ID
423 PM MST SAT DEC 3 2016


...................................

...THE CHALLIS ID CLIMATE SUMMARY FOR DECEMBER 3 2016...
VALID TODAY AS OF 0400 PM LOCAL TIME.

CLIMATE NORMAL PERIOD 1981 TO 2010
CLIMATE RECORD PERIOD 1898 TO 2016


WEATHER ITEM   OBSERVED TIME   RECORD YEAR NORMAL DEPARTURE LAST
                VALUE   (LST)  VALUE       VALUE  FROM      YEAR
                                                  NORMAL
..................................................................
TEMPERATURE (F)
 TODAY
  MAXIMUM         40    332 PM  60    1918  30     10       24
  MINIMUM         20    706 AM  -9    1984  12      8        2
  AVERAGE         30                        21      9       13

PRECIPITATION (IN)
  TODAY            0.00          0.27 1985   0.03  -0.03     0.00
  MONTH TO DATE    0.01                      0.08  -0.07     0.00
  SINCE OCT 1      2.09                      1.27   0.82     1.51
  SINCE JAN 1      6.07                      9.40  -3.33     6.39

SNOWFALL (IN)
  TODAY           MM
  MONTH TO DATE   MM
  SINCE DEC 1     MM
  SINCE JUL 1     MM
  SNOW DEPTH      MM

DEGREE DAYS
 HEATING
  TODAY           35                        44     -9       52
  MONTH TO DATE  117                       130    -13      165
  SINCE DEC 1    117                       130    -13      165
  SINCE JUL 1   1904                      2173   -269     2031

 COOLING
  TODAY            0                         0      0        0
  MONTH TO DATE    0                         0      0        0
  SINCE DEC 1      0                         0      0        0
  SINCE JAN 1    277                       248     29      315
..................................................................


WIND (MPH)
  HIGHEST WIND SPEED     9   HIGHEST WIND DIRECTION     S (160)
  HIGHEST GUST SPEED    10   HIGHEST GUST DIRECTION     S (160)
  AVERAGE WIND SPEED     2.3


SKY COVER
  POSSIBLE SUNSHINE  MM
  AVERAGE SKY COVER 0.5


WEATHER CONDITIONS
 THE FOLLOWING WEATHER WAS RECORDED TODAY.
  NO SIGNIFICANT WEATHER WAS OBSERVED.


RELATIVE HUMIDITY (PERCENT)
 HIGHEST    88           600 AM
 LOWEST     40           200 PM
 AVERAGE    64

..........................................................


THE CHALLIS ID CLIMATE NORMALS FOR TOMORROW
                         NORMAL    RECORD    YEAR
 MAXIMUM TEMPERATURE (F)   30        59      1918
 MINIMUM TEMPERATURE (F)   12       -13      1984


SUNRISE AND SUNSET
DECEMBER  3 2016......SUNRISE   756 AM MST   SUNSET   458 PM MST
DECEMBER  4 2016......SUNRISE   757 AM MST   SUNSET   457 PM MST


-  INDICATES NEGATIVE NUMBERS.
R  INDICATES RECORD WAS SET OR TIED.
MM INDICATES DATA IS MISSING.
T  INDICATES TRACE AMOUNT.




$$
