000
CDUS45 KPIH 190730
CLILLJ


CLIMATE REPORT
NATIONAL WEATHER SERVICE POCATELLO ID
1229 AM MST FRI JAN 19 2018


...................................

...THE CHALLIS ID CLIMATE SUMMARY FOR JANUARY 18 2018...

CLIMATE NORMAL PERIOD 1981 TO 2010
CLIMATE RECORD PERIOD 1898 TO 2018


WEATHER ITEM   OBSERVED TIME   RECORD YEAR NORMAL DEPARTURE LAST
                VALUE   (LST)  VALUE       VALUE  FROM      YEAR
                                                  NORMAL
..................................................................
TEMPERATURE (F)
 YESTERDAY
  MAXIMUM         50    611 PM  52    1920  30     20       18
  MINIMUM         17    601 AM -22    1930   9      8      -11
  AVERAGE         34                        19     15        4

PRECIPITATION (IN)
  YESTERDAY        0.05          0.30 1951   0.01   0.04     0.05
  MONTH TO DATE    0.14                      0.33  -0.19     1.36
  SINCE OCT 1      1.28                      2.26  -0.98     4.77
  SINCE JAN 1      0.14                      0.33  -0.19     1.36

SNOWFALL (IN)
  YESTERDAY       MM
  MONTH TO DATE   MM
  SINCE DEC 1     MM
  SINCE JUL 1     MM
  SNOW DEPTH      MM

DEGREE DAYS
 HEATING
  YESTERDAY       31                        46    -15       61
  MONTH TO DATE  659                       842   -183     1226
  SINCE DEC 1   1935                      2295   -360     2904
  SINCE JUL 1   3841                      4338   -497     4691

 COOLING
  YESTERDAY        0                         0      0        0
  MONTH TO DATE    0                         0      0        0
  SINCE DEC 1      0                         0      0        0
  SINCE JAN 1      0                         0      0        0
..................................................................


WIND (MPH)
  HIGHEST WIND SPEED    26   HIGHEST WIND DIRECTION     S (160)
  HIGHEST GUST SPEED    35   HIGHEST GUST DIRECTION     S (170)
  AVERAGE WIND SPEED     4.3


SKY COVER
  POSSIBLE SUNSHINE  MM
  AVERAGE SKY COVER 0.4


WEATHER CONDITIONS
 THE FOLLOWING WEATHER WAS RECORDED YESTERDAY.
  RAIN
  LIGHT RAIN
  FOG


RELATIVE HUMIDITY (PERCENT)
 HIGHEST    92           200 AM
 LOWEST     46           600 PM
 AVERAGE    69

..........................................................


THE CHALLIS ID CLIMATE NORMALS FOR TODAY
                         NORMAL    RECORD    YEAR
 MAXIMUM TEMPERATURE (F)   30        50      1919
 MINIMUM TEMPERATURE (F)    9       -28      1922


SUNRISE AND SUNSET
JANUARY 19 2018.......SUNRISE   807 AM MST   SUNSET   528 PM MST
JANUARY 20 2018.......SUNRISE   807 AM MST   SUNSET   530 PM MST


-  INDICATES NEGATIVE NUMBERS.
R  INDICATES RECORD WAS SET OR TIED.
MM INDICATES DATA IS MISSING.
T  INDICATES TRACE AMOUNT.




$$
