000
CDUS45 KPIH 300735
CLILLJ


CLIMATE REPORT
NATIONAL WEATHER SERVICE POCATELLO ID
134 AM MDT TUE AUG 30 2016


...................................

...THE CHALLIS ID CLIMATE SUMMARY FOR AUGUST 29 2016...

CLIMATE NORMAL PERIOD 1981 TO 2010
CLIMATE RECORD PERIOD 1898 TO 2016


WEATHER ITEM   OBSERVED TIME   RECORD YEAR NORMAL DEPARTURE LAST
                VALUE   (LST)  VALUE       VALUE  FROM      YEAR
                                                  NORMAL
..................................................................
TEMPERATURE (F)
 YESTERDAY
  MAXIMUM         90    440 PM  94    1948  81      9       91
  MINIMUM         46    451 AM  28    1927  44      2       57
  AVERAGE         68                        62      6       74

PRECIPITATION (IN)
  YESTERDAY        0.00          0.34 1934   0.03  -0.03      T
  MONTH TO DATE    0.18                      0.74  -0.56     0.46
  SINCE OCT 1      5.82                      9.27  -3.45     5.74
  SINCE JAN 1      3.48                      7.34  -3.86     3.95

SNOWFALL (IN)
  YESTERDAY       MM
  MONTH TO DATE   MM
  SINCE JUN 1     MM
  SINCE JUL 1     MM
  SNOW DEPTH      MM

DEGREE DAYS
 HEATING
  YESTERDAY        0                         4     -4        0
  MONTH TO DATE   34                        44    -10       27
  SINCE JUN 1    135                       230    -95      107
  SINCE JUL 1     62                        65     -3       60

 COOLING
  YESTERDAY        3                         1      2        9
  MONTH TO DATE   72                        83    -11      105
  SINCE JUN 1    264                       237     27      304
  SINCE JAN 1    264                       239     25      307
..................................................................


WIND (MPH)
  HIGHEST WIND SPEED    15   HIGHEST WIND DIRECTION     W (250)
  HIGHEST GUST SPEED    19   HIGHEST GUST DIRECTION    SW (240)
  AVERAGE WIND SPEED     3.6


SKY COVER
  POSSIBLE SUNSHINE  MM
  AVERAGE SKY COVER 0.0


WEATHER CONDITIONS
 THE FOLLOWING WEATHER WAS RECORDED YESTERDAY.
  HAZE


RELATIVE HUMIDITY (PERCENT)
 HIGHEST    55           800 AM
 LOWEST      8           600 PM
 AVERAGE    32

..........................................................


THE CHALLIS ID CLIMATE NORMALS FOR TODAY
                         NORMAL    RECORD    YEAR
 MAXIMUM TEMPERATURE (F)   80        92      1955
 MINIMUM TEMPERATURE (F)   44        20      1927


SUNRISE AND SUNSET
AUGUST 30 2016........SUNRISE   658 AM MDT   SUNSET   816 PM MDT
AUGUST 31 2016........SUNRISE   659 AM MDT   SUNSET   814 PM MDT


-  INDICATES NEGATIVE NUMBERS.
R  INDICATES RECORD WAS SET OR TIED.
MM INDICATES DATA IS MISSING.
T  INDICATES TRACE AMOUNT.




$$
