000
CDUS45 KPIH 240746
CLILLJ


CLIMATE REPORT
NATIONAL WEATHER SERVICE POCATELLO ID
144 AM MDT FRI MAR 24 2017


...................................

...THE CHALLIS ID CLIMATE SUMMARY FOR MARCH 23 2017...

CLIMATE NORMAL PERIOD 1981 TO 2010
CLIMATE RECORD PERIOD 1898 TO 2017


WEATHER ITEM   OBSERVED TIME   RECORD YEAR NORMAL DEPARTURE LAST
                VALUE   (LST)  VALUE       VALUE  FROM      YEAR
                                                  NORMAL
..................................................................
TEMPERATURE (F)
 YESTERDAY
  MAXIMUM         54    331 PM  72    1926  52      2       50
  MINIMUM         29   1120 PM   9    1933  26      3       27
  AVERAGE         42                        39      3       39

PRECIPITATION (IN)
  YESTERDAY        0.00          0.19 2005   0.02  -0.02     0.00
  MONTH TO DATE    0.11                      0.51  -0.40     0.49
  SINCE OCT 1      6.00                      3.57   2.43     3.48
  SINCE JAN 1      2.59                      1.64   0.95     1.14

SNOWFALL (IN)
  YESTERDAY       MM
  MONTH TO DATE   MM
  SINCE MAR 1     MM
  SINCE JUL 1     MM
  SNOW DEPTH      MM

DEGREE DAYS
 HEATING
  YESTERDAY       23                        26     -3       26
  MONTH TO DATE  556                       693   -137      618
  SINCE MAR 1    556                       693   -137      618
  SINCE JUL 1   7001                      6742    259     6553

 COOLING
  YESTERDAY        0                         0      0        0
  MONTH TO DATE    0                         0      0        0
  SINCE MAR 1      0                         0      0        0
  SINCE JAN 1      0                         0      0        0
..................................................................


WIND (MPH)
  HIGHEST WIND SPEED    17   HIGHEST WIND DIRECTION     W (280)
  HIGHEST GUST SPEED    21   HIGHEST GUST DIRECTION     W (280)
  AVERAGE WIND SPEED     6.4


SKY COVER
  POSSIBLE SUNSHINE  MM
  AVERAGE SKY COVER 0.2


WEATHER CONDITIONS
 THE FOLLOWING WEATHER WAS RECORDED YESTERDAY.
  NO SIGNIFICANT WEATHER WAS OBSERVED.


RELATIVE HUMIDITY (PERCENT)
 HIGHEST    70           500 AM
 LOWEST     19           500 PM
 AVERAGE    45

..........................................................


THE CHALLIS ID CLIMATE NORMALS FOR TODAY
                         NORMAL    RECORD    YEAR
 MAXIMUM TEMPERATURE (F)   52        69      1900
 MINIMUM TEMPERATURE (F)   26         8      1965


SUNRISE AND SUNSET
MARCH 24 2017.........SUNRISE   732 AM MDT   SUNSET   755 PM MDT
MARCH 25 2017.........SUNRISE   730 AM MDT   SUNSET   756 PM MDT


-  INDICATES NEGATIVE NUMBERS.
R  INDICATES RECORD WAS SET OR TIED.
MM INDICATES DATA IS MISSING.
T  INDICATES TRACE AMOUNT.




$$
