000
CDUS45 KPIH 260732
CLILLJ


CLIMATE REPORT
NATIONAL WEATHER SERVICE POCATELLO ID
131 AM MDT TUE SEP 26 2017


...................................

...THE CHALLIS ID CLIMATE SUMMARY FOR SEPTEMBER 25 2017...

CLIMATE NORMAL PERIOD 1981 TO 2010
CLIMATE RECORD PERIOD 1898 TO 2017


WEATHER ITEM   OBSERVED TIME   RECORD YEAR NORMAL DEPARTURE LAST
                VALUE   (LST)  VALUE       VALUE  FROM      YEAR
                                                  NORMAL
..................................................................
TEMPERATURE (F)
 YESTERDAY
  MAXIMUM         55    437 PM  88    2015  69    -14       71
  MINIMUM         30    457 AM  19    1926  36     -6       32
  AVERAGE         43                        52     -9       52

PRECIPITATION (IN)
  YESTERDAY        0.00          0.75 2013   0.02  -0.02     0.00
  MONTH TO DATE    1.00                      0.65   0.35     0.39
  SINCE OCT 1     10.42                      9.97   0.45     6.21
  SINCE JAN 1      7.01                      8.04  -1.03     3.87

SNOWFALL (IN)
  YESTERDAY       MM
  MONTH TO DATE   MM
  SINCE SEP 1     MM
  SINCE JUL 1     MM
  SNOW DEPTH      MM

DEGREE DAYS
 HEATING
  YESTERDAY       22                        13      9       13
  MONTH TO DATE  231                       209     22      244
  SINCE SEP 1    231                       209     22      244
  SINCE JUL 1    235                       282    -47      306

 COOLING
  YESTERDAY        0                         0      0        0
  MONTH TO DATE   37                         4     33        4
  SINCE SEP 1     37                         4     33        4
  SINCE JAN 1    378                       246    132      277
..................................................................


WIND (MPH)
  HIGHEST WIND SPEED     8   HIGHEST WIND DIRECTION    SE (120)
  HIGHEST GUST SPEED    12   HIGHEST GUST DIRECTION    SE (130)
  AVERAGE WIND SPEED     2.3


SKY COVER
  POSSIBLE SUNSHINE  MM
  AVERAGE SKY COVER 0.8


WEATHER CONDITIONS
 THE FOLLOWING WEATHER WAS RECORDED YESTERDAY.
  NO SIGNIFICANT WEATHER WAS OBSERVED.


RELATIVE HUMIDITY (PERCENT)
 HIGHEST    92           300 AM
 LOWEST     35           200 PM
 AVERAGE    64

..........................................................


THE CHALLIS ID CLIMATE NORMALS FOR TODAY
                         NORMAL    RECORD    YEAR
 MAXIMUM TEMPERATURE (F)   68        86      2009
                                             1928
 MINIMUM TEMPERATURE (F)   36        20      1926


SUNRISE AND SUNSET
SEPTEMBER 26 2017.....SUNRISE   729 AM MDT   SUNSET   726 PM MDT
SEPTEMBER 27 2017.....SUNRISE   730 AM MDT   SUNSET   724 PM MDT


-  INDICATES NEGATIVE NUMBERS.
R  INDICATES RECORD WAS SET OR TIED.
MM INDICATES DATA IS MISSING.
T  INDICATES TRACE AMOUNT.




$$
