000
CDUS45 KPIH 230735
CLILLJ


CLIMATE REPORT
NATIONAL WEATHER SERVICE POCATELLO ID
132 AM MDT SAT MAY 23 2015


...................................

...THE CHALLIS ID CLIMATE SUMMARY FOR MAY 22 2015...

CLIMATE NORMAL PERIOD 1981 TO 2010
CLIMATE RECORD PERIOD 1898 TO 2015


WEATHER ITEM   OBSERVED TIME   RECORD YEAR NORMAL DEPARTURE LAST
                VALUE   (LST)  VALUE       VALUE  FROM      YEAR
                                                  NORMAL
..................................................................
TEMPERATURE (F)
 YESTERDAY
  MAXIMUM         68    130 PM  90    1967  68      0       79
  MINIMUM         42    540 AM  25    1916  40      2       39
  AVERAGE         55                        54      1       59

PRECIPITATION (IN)
  YESTERDAY        T             0.89 1933   0.05  -0.05     0.00
  MONTH TO DATE    0.61                      0.96  -0.35     0.11
  SINCE OCT 1      3.65                      5.55  -1.90     3.48
  SINCE JAN 1      1.86                      3.62  -1.76     2.75

SNOWFALL (IN)
  YESTERDAY       MM
  MONTH TO DATE   MM
  SINCE MAR 1     MM
  SINCE JUL 1     MM
  SNOW DEPTH      MM

DEGREE DAYS
 HEATING
  YESTERDAY       10                        11     -1        6
  MONTH TO DATE  271                       314    -43      293
  SINCE MAR 1   1595                      1856   -261     1781
  SINCE JUL 1   6733                      7905  -1172     7530

 COOLING
  YESTERDAY        0                         0      0        0
  MONTH TO DATE    0                         0      0        0
  SINCE MAR 1      0                         0      0        0
  SINCE JAN 1      0                         0      0        0
..................................................................


WIND (MPH)
  HIGHEST WIND SPEED    17   HIGHEST WIND DIRECTION     S (200)
  HIGHEST GUST SPEED    23   HIGHEST GUST DIRECTION    SE (130)
  AVERAGE WIND SPEED     5.0


SKY COVER
  POSSIBLE SUNSHINE  MM
  AVERAGE SKY COVER 0.3


WEATHER CONDITIONS
 THE FOLLOWING WEATHER WAS RECORDED YESTERDAY.
  THUNDERSTORM
  LIGHT RAIN


RELATIVE HUMIDITY (PERCENT)
 HIGHEST    89           300 AM
 LOWEST     43           100 PM
 AVERAGE    66

..........................................................


THE CHALLIS ID CLIMATE NORMALS FOR TODAY
                         NORMAL    RECORD    YEAR
 MAXIMUM TEMPERATURE (F)   68        87      1967
 MINIMUM TEMPERATURE (F)   40        20      1916


SUNRISE AND SUNSET
MAY 23 2015...........SUNRISE   602 AM MDT   SUNSET   906 PM MDT
MAY 24 2015...........SUNRISE   601 AM MDT   SUNSET   907 PM MDT


-  INDICATES NEGATIVE NUMBERS.
R  INDICATES RECORD WAS SET OR TIED.
MM INDICATES DATA IS MISSING.
T  INDICATES TRACE AMOUNT.




$$
