000
CDUS46 KMFR 160038
CLILMT


CLIMATE REPORT
NATIONAL WEATHER SERVICE MEDFORD, OR
538 PM PDT MON SEP 15 2014


...................................

...THE KLAMATH FALLS OR CLIMATE SUMMARY FOR SEPTEMBER 15 2014...
VALID TODAY AS OF 0500 PM LOCAL TIME.

CLIMATE NORMAL PERIOD 1981 TO 2010
CLIMATE RECORD PERIOD 1928 TO 2014


WEATHER ITEM   OBSERVED TIME   RECORD YEAR NORMAL DEPARTURE LAST
                VALUE   (LST)  VALUE       VALUE  FROM      YEAR
                                                  NORMAL
..................................................................
TEMPERATURE (F)
 TODAY
  MAXIMUM         87    112 PM  93    1981  76     11       82
  MINIMUM         41    457 AM  26    1970  39      2       45
  AVERAGE         64                        58      6       64

PRECIPITATION (IN)
  TODAY            0.00          0.57 1996   0.01  -0.01     0.00
  MONTH TO DATE    0.00                      0.28  -0.28      T
  SINCE SEP 1      0.00                      0.28  -0.28      T
  SINCE JAN 1      7.51                     10.02  -2.51     4.79

SNOWFALL (IN)
  TODAY           MM                        MM     MM       MM
  MONTH TO DATE   MM                        MM     MM       MM
  SINCE JUL 1     MM                        MM     MM       MM
  SNOW DEPTH      MM

DEGREE DAYS
 HEATING
  TODAY            1                         7     -6        1
  MONTH TO DATE   45                        88    -43       28
  SINCE SEP 1     45                        88    -43       28
  SINCE JUL 1     93                       207   -114       96

 COOLING
  TODAY            0                         0      0        0
  MONTH TO DATE    0                         9     -9       17
  SINCE SEP 1      0                         9     -9       17
  SINCE JAN 1    321                       168    153      285
..................................................................


WIND (MPH)
  HIGHEST WIND SPEED    29   HIGHEST WIND DIRECTION     S (180)
  HIGHEST GUST SPEED    36   HIGHEST GUST DIRECTION     S (190)
  AVERAGE WIND SPEED     7.1


SKY COVER
  POSSIBLE SUNSHINE  MM
  AVERAGE SKY COVER 0.2


WEATHER CONDITIONS
 THE FOLLOWING WEATHER WAS RECORDED TODAY.
  NO SIGNIFICANT WEATHER WAS OBSERVED.


RELATIVE HUMIDITY (PERCENT)
 HIGHEST    76           300 AM
 LOWEST     16           200 PM

..........................................................


THE KLAMATH FALLS OR CLIMATE NORMALS FOR TOMORROW
                         NORMAL    RECORD    YEAR
 MAXIMUM TEMPERATURE (F)   76        92      1981
 MINIMUM TEMPERATURE (F)   39        31      1970


SUNRISE AND SUNSET
SEPTEMBER 15 2014.....SUNRISE   647 AM PDT   SUNSET   716 PM PDT
SEPTEMBER 16 2014.....SUNRISE   648 AM PDT   SUNSET   715 PM PDT


-  INDICATES NEGATIVE NUMBERS.
R  INDICATES RECORD WAS SET OR TIED.
MM INDICATES DATA IS MISSING.
T  INDICATES TRACE AMOUNT.




$$
