000
CDUS46 KMFR 190837
CLILMT


CLIMATE REPORT
NATIONAL WEATHER SERVICE MEDFORD, OR
137 AM PDT TUE SEP 19 2017


...................................

...THE KLAMATH FALLS OR CLIMATE SUMMARY FOR SEPTEMBER 18 2017...

CLIMATE NORMAL PERIOD 1981 TO 2010
CLIMATE RECORD PERIOD 1928 TO 2017


WEATHER ITEM   OBSERVED TIME   RECORD YEAR NORMAL DEPARTURE LAST
                VALUE   (LST)  VALUE       VALUE  FROM      YEAR
                                                  NORMAL
..................................................................
TEMPERATURE (F)
 YESTERDAY
  MAXIMUM         55    401 PM  90    1991  75    -20       81
  MINIMUM         43   1138 PM  27    1954  38      5       44
  AVERAGE         49                        57     -8       63

PRECIPITATION (IN)
  YESTERDAY        T             0.69 1940   0.02  -0.02     0.00
  MONTH TO DATE    0.07                      0.34  -0.27      T
  SINCE OCT 1     12.59                     14.77  -2.18    11.64
  SINCE JAN 1      7.84                     10.08  -2.24     7.11

SNOWFALL (IN)
  YESTERDAY       MM                        MM     MM       MM
  MONTH TO DATE   MM                        MM     MM       MM
  SINCE JUL 1     MM                        MM     MM       MM
  SNOW DEPTH      MM

DEGREE DAYS
 HEATING
  YESTERDAY       16                         8      8        2
  MONTH TO DATE   55                       112    -57      156
  SINCE SEP 1     55                       112    -57      156
  SINCE JUL 1     59                       231   -172      263

 COOLING
  YESTERDAY        0                         0      0        0
  MONTH TO DATE   66                         9     57        0
  SINCE SEP 1     66                         9     57        0
  SINCE JAN 1    420                       168    252      215
..................................................................


WIND (MPH)
  HIGHEST WIND SPEED    28   HIGHEST WIND DIRECTION     W (290)
  HIGHEST GUST SPEED    33   HIGHEST GUST DIRECTION     W (290)
  AVERAGE WIND SPEED    12.4


SKY COVER
  POSSIBLE SUNSHINE  MM
  AVERAGE SKY COVER 0.5


WEATHER CONDITIONS
 THE FOLLOWING WEATHER WAS RECORDED YESTERDAY.
  LIGHT RAIN
  HAZE


RELATIVE HUMIDITY (PERCENT)
 HIGHEST    93           200 AM
 LOWEST     46           200 PM

..........................................................


THE KLAMATH FALLS OR CLIMATE NORMALS FOR TODAY
                         NORMAL    RECORD    YEAR
 MAXIMUM TEMPERATURE (F)   75        91      1991
 MINIMUM TEMPERATURE (F)   38        24      1978


SUNRISE AND SUNSET
SEPTEMBER 19 2017.....SUNRISE   652 AM PDT   SUNSET   709 PM PDT
SEPTEMBER 20 2017.....SUNRISE   653 AM PDT   SUNSET   707 PM PDT


-  INDICATES NEGATIVE NUMBERS.
R  INDICATES RECORD WAS SET OR TIED.
MM INDICATES DATA IS MISSING.
T  INDICATES TRACE AMOUNT.




$$
