000
CDUS46 KMFR 260841
CLILMT


CLIMATE REPORT
NATIONAL WEATHER SERVICE MEDFORD, OR
141 AM PDT SUN OCT 26 2014


...................................

...THE KLAMATH FALLS OR CLIMATE SUMMARY FOR OCTOBER 25 2014...

CLIMATE NORMAL PERIOD 1981 TO 2010
CLIMATE RECORD PERIOD 1928 TO 2014


WEATHER ITEM   OBSERVED TIME   RECORD YEAR NORMAL DEPARTURE LAST
                VALUE   (LST)  VALUE       VALUE  FROM      YEAR
                                                  NORMAL
..................................................................
TEMPERATURE (F)
 YESTERDAY
  MAXIMUM         58    230 PM  77    1988  58      0       70
  MINIMUM         40   1159 PM  18    2006  29     11       24
  AVERAGE         49                        44      5       47

PRECIPITATION (IN)
  YESTERDAY        0.20          0.96 1979   0.06   0.14     0.00
  MONTH TO DATE    1.70                      0.66   1.04     0.01
  SINCE SEP 1      2.65                      1.19   1.46     0.12
  SINCE JAN 1     10.16                     10.93  -0.77     4.91

SNOWFALL (IN)
  YESTERDAY       MM                        MM     MM       MM
  MONTH TO DATE   MM                        MM     MM       MM
  SINCE JUL 1     MM                        MM     MM       MM
  SNOW DEPTH      MM

DEGREE DAYS
 HEATING
  YESTERDAY       16                        22     -6       18
  MONTH TO DATE  324                       423    -99      493
  SINCE SEP 1    452                       660   -208      749
  SINCE JUL 1    500                       779   -279      817

 COOLING
  YESTERDAY        0                         0      0        0
  MONTH TO DATE    0                         0      0        0
  SINCE SEP 1      6                        10     -4       17
  SINCE JAN 1    327                       169    158      285
..................................................................


WIND (MPH)
  HIGHEST WIND SPEED    41   HIGHEST WIND DIRECTION    SW (220)
  HIGHEST GUST SPEED    53   HIGHEST GUST DIRECTION    SW (210)
  AVERAGE WIND SPEED    20.6


SKY COVER
  POSSIBLE SUNSHINE  MM
  AVERAGE SKY COVER 0.6


WEATHER CONDITIONS
 THE FOLLOWING WEATHER WAS RECORDED YESTERDAY.
  LIGHT RAIN


RELATIVE HUMIDITY (PERCENT)
 HIGHEST    83           800 PM
 LOWEST     50          1200 AM

..........................................................


THE KLAMATH FALLS OR CLIMATE NORMALS FOR TODAY
                         NORMAL    RECORD    YEAR
 MAXIMUM TEMPERATURE (F)   57        75      2003
 MINIMUM TEMPERATURE (F)   29        20      2011
                                             2006
                                             1967


SUNRISE AND SUNSET
OCTOBER 26 2014.......SUNRISE   733 AM PDT   SUNSET   608 PM PDT
OCTOBER 27 2014.......SUNRISE   734 AM PDT   SUNSET   607 PM PDT


-  INDICATES NEGATIVE NUMBERS.
R  INDICATES RECORD WAS SET OR TIED.
MM INDICATES DATA IS MISSING.
T  INDICATES TRACE AMOUNT.




$$
