000
CDUS46 KMFR 240836
CLILMT


CLIMATE REPORT
NATIONAL WEATHER SERVICE MEDFORD, OR
135 AM PDT MON JUL 24 2017


...................................

...THE KLAMATH FALLS OR CLIMATE SUMMARY FOR JULY 23 2017...

CLIMATE NORMAL PERIOD 1981 TO 2010
CLIMATE RECORD PERIOD 1928 TO 2017


WEATHER ITEM   OBSERVED TIME   RECORD YEAR NORMAL DEPARTURE LAST
                VALUE   (LST)  VALUE       VALUE  FROM      YEAR
                                                  NORMAL
..................................................................
TEMPERATURE (F)
 YESTERDAY
  MAXIMUM         95    455 PM  97    2003  86      9       85
  MINIMUM         56    457 AM  40    1973  49      7       42
  AVERAGE         76                        67      9       64

PRECIPITATION (IN)
  YESTERDAY        0.00          0.24 1935   0.01  -0.01     0.00
  MONTH TO DATE    0.00                      0.41  -0.41     0.42
  SINCE OCT 1     11.26                     13.93  -2.67    11.64
  SINCE JAN 1      6.51                      9.24  -2.73     7.11

SNOWFALL (IN)
  YESTERDAY       MM                        MM     MM       MM
  MONTH TO DATE   MM                        MM     MM       MM
  SINCE JUL 1     MM                        MM     MM       MM
  SNOW DEPTH      MM

DEGREE DAYS
 HEATING
  YESTERDAY        0                         1     -1        1
  MONTH TO DATE    1                        39    -38       72
  SINCE JUN 1    168                       256    -88      240
  SINCE JUL 1      1                        39    -38       72

 COOLING
  YESTERDAY       11                         3      8        0
  MONTH TO DATE   86                        54     32       15
  SINCE JUN 1    149                        65     84       64
  SINCE JAN 1    152                        66     86       64
..................................................................


WIND (MPH)
  HIGHEST WIND SPEED    16   HIGHEST WIND DIRECTION    NW (330)
  HIGHEST GUST SPEED    18   HIGHEST GUST DIRECTION    NW (330)
  AVERAGE WIND SPEED     6.1


SKY COVER
  POSSIBLE SUNSHINE  MM
  AVERAGE SKY COVER 0.0


WEATHER CONDITIONS
 THE FOLLOWING WEATHER WAS RECORDED YESTERDAY.
  HAZE


RELATIVE HUMIDITY (PERCENT)
 HIGHEST    73          1100 PM
 LOWEST     15           500 PM

..........................................................


THE KLAMATH FALLS OR CLIMATE NORMALS FOR TODAY
                         NORMAL    RECORD    YEAR
 MAXIMUM TEMPERATURE (F)   86        97      1996
 MINIMUM TEMPERATURE (F)   49        35      2014


SUNRISE AND SUNSET
JULY 24 2017..........SUNRISE   553 AM PDT   SUNSET   834 PM PDT
JULY 25 2017..........SUNRISE   553 AM PDT   SUNSET   833 PM PDT


-  INDICATES NEGATIVE NUMBERS.
R  INDICATES RECORD WAS SET OR TIED.
MM INDICATES DATA IS MISSING.
T  INDICATES TRACE AMOUNT.




$$
