000
CDUS46 KMFR 140036
CLILMT


CLIMATE REPORT
NATIONAL WEATHER SERVICE MEDFORD, OR
536 PM PDT SUN JUL 13 2014


...................................

...THE KLAMATH FALLS OR CLIMATE SUMMARY FOR JULY 13 2014...
VALID TODAY AS OF 0500 PM LOCAL TIME.

CLIMATE NORMAL PERIOD 1981 TO 2010
CLIMATE RECORD PERIOD 1928 TO 2014


WEATHER ITEM   OBSERVED TIME   RECORD YEAR NORMAL DEPARTURE LAST
                VALUE   (LST)  VALUE       VALUE  FROM      YEAR
                                                  NORMAL
..................................................................
TEMPERATURE (F)
 TODAY
  MAXIMUM         95    306 PM  97    1999  84     11       85
  MINIMUM         59    502 AM  36    1995  48     11       45
  AVERAGE         77                        66     11       65

PRECIPITATION (IN)
  TODAY            0.00          0.16 1956   0.01  -0.01     0.00
  MONTH TO DATE    0.09                      0.29  -0.20      T
  SINCE SEP 1      7.33                     14.34  -7.01     8.21
  SINCE JAN 1      6.59                      9.12  -2.53     4.55

SNOWFALL (IN)
  TODAY           MM                        MM     MM       MM
  MONTH TO DATE   MM                        MM     MM       MM
  SINCE JUL 1     MM                        MM     MM       MM
  SNOW DEPTH      MM

DEGREE DAYS
 HEATING
  TODAY            0                         1     -1        0
  MONTH TO DATE    0                        29    -29        1
  SINCE JUN 1    175                       246    -71      179
  SINCE JUL 1      0                        29    -29        1

 COOLING
  TODAY           12                         3      9        0
  MONTH TO DATE  108                        24     84       74
  SINCE JUN 1    115                        35     80      120
  SINCE JAN 1    115                        36     79      120
..................................................................


WIND (MPH)
  HIGHEST WIND SPEED    23   HIGHEST WIND DIRECTION    NW (330)
  HIGHEST GUST SPEED    27   HIGHEST GUST DIRECTION    NW (330)
  AVERAGE WIND SPEED     4.9


SKY COVER
  POSSIBLE SUNSHINE  MM
  AVERAGE SKY COVER 0.2


WEATHER CONDITIONS
 THE FOLLOWING WEATHER WAS RECORDED TODAY.
  NO SIGNIFICANT WEATHER WAS OBSERVED.


RELATIVE HUMIDITY (PERCENT)
 HIGHEST    84           300 AM
 LOWEST     20           200 PM

..........................................................


THE KLAMATH FALLS OR CLIMATE NORMALS FOR TOMORROW
                         NORMAL    RECORD    YEAR
 MAXIMUM TEMPERATURE (F)   84        97      1987
 MINIMUM TEMPERATURE (F)   48        36      1993


SUNRISE AND SUNSET
JULY 13 2014..........SUNRISE   543 AM PDT   SUNSET   842 PM PDT
JULY 14 2014..........SUNRISE   543 AM PDT   SUNSET   842 PM PDT


-  INDICATES NEGATIVE NUMBERS.
R  INDICATES RECORD WAS SET OR TIED.
MM INDICATES DATA IS MISSING.
T  INDICATES TRACE AMOUNT.




$$
