000
CDUS46 KMFR 010844
CLILMT


CLIMATE REPORT
NATIONAL WEATHER SERVICE MEDFORD, OR
144 AM PDT TUE SEP 1 2015


...................................

...THE KLAMATH FALLS OR CLIMATE SUMMARY FOR AUGUST 31 2015...

CLIMATE NORMAL PERIOD 1981 TO 2010
CLIMATE RECORD PERIOD 1928 TO 2015


WEATHER ITEM   OBSERVED TIME   RECORD YEAR NORMAL DEPARTURE LAST
                VALUE   (LST)  VALUE       VALUE  FROM      YEAR
                                                  NORMAL
..................................................................
TEMPERATURE (F)
 YESTERDAY
  MAXIMUM         80    411 PM  95    1998  80      0       77
  MINIMUM         38    556 AM  31    2010  44     -6       38
                                      1999
  AVERAGE         59                        62     -3       58

PRECIPITATION (IN)
  YESTERDAY        0.00          0.71 1963   0.03  -0.03     0.00
  MONTH TO DATE    0.42                      0.43  -0.01     0.92
  SINCE OCT 1     12.82                     14.43  -1.61     8.14
  SINCE JAN 1      6.36                      9.74  -3.38     7.51

SNOWFALL (IN)
  YESTERDAY       MM                        MM     MM       MM
  MONTH TO DATE   MM                        MM     MM       MM
  SINCE JUL 1     MM                        MM     MM       MM
  SNOW DEPTH      MM

DEGREE DAYS
 HEATING
  YESTERDAY        6                         4      2        7
  MONTH TO DATE   34                        68    -34       38
  SINCE JUN 1    104                       336   -232      223
  SINCE JUL 1     52                       119    -67       48

 COOLING
  YESTERDAY        0                         1     -1        0
  MONTH TO DATE   68                        65      3       93
  SINCE JUN 1    287                       158    129      321
  SINCE JAN 1    290                       159    131      321
..................................................................


WIND (MPH)
  HIGHEST WIND SPEED    18   HIGHEST WIND DIRECTION     N (340)
  HIGHEST GUST SPEED    25   HIGHEST GUST DIRECTION    SW (230)
  AVERAGE WIND SPEED     4.2


SKY COVER
  POSSIBLE SUNSHINE  MM
  AVERAGE SKY COVER 0.0


WEATHER CONDITIONS
 THE FOLLOWING WEATHER WAS RECORDED YESTERDAY.
  NO SIGNIFICANT WEATHER WAS OBSERVED.


RELATIVE HUMIDITY (PERCENT)
 HIGHEST    93           400 AM
 LOWEST     26           400 PM

..........................................................


THE KLAMATH FALLS OR CLIMATE NORMALS FOR TODAY
                         NORMAL    RECORD    YEAR
 MAXIMUM TEMPERATURE (F)   80        98      1998
 MINIMUM TEMPERATURE (F)   43        31      2008


SUNRISE AND SUNSET
SEPTEMBER  1 2015.....SUNRISE   632 AM PDT   SUNSET   741 PM PDT
SEPTEMBER  2 2015.....SUNRISE   633 AM PDT   SUNSET   739 PM PDT


-  INDICATES NEGATIVE NUMBERS.
R  INDICATES RECORD WAS SET OR TIED.
MM INDICATES DATA IS MISSING.
T  INDICATES TRACE AMOUNT.




$$
