000
CDUS46 KMFR 230840
CLILMT


CLIMATE REPORT
NATIONAL WEATHER SERVICE MEDFORD, OR
140 AM PDT THU OCT 23 2014


...................................

...THE KLAMATH FALLS OR CLIMATE SUMMARY FOR OCTOBER 22 2014...

CLIMATE NORMAL PERIOD 1981 TO 2010
CLIMATE RECORD PERIOD 1928 TO 2014


WEATHER ITEM   OBSERVED TIME   RECORD YEAR NORMAL DEPARTURE LAST
                VALUE   (LST)  VALUE       VALUE  FROM      YEAR
                                                  NORMAL
..................................................................
TEMPERATURE (F)
 YESTERDAY
  MAXIMUM         56    323 PM  75    2003  60     -4       72
                                      1965
  MINIMUM         41   1229 AM  16    1961  30     11       27
  AVERAGE         49                        45      4       50

PRECIPITATION (IN)
  YESTERDAY        0.01          1.02 1931   0.04  -0.03     0.00
  MONTH TO DATE    0.68                      0.49   0.19     0.01
  SINCE SEP 1      1.63                      1.02   0.61     0.12
  SINCE JAN 1      9.14                     10.76  -1.62     4.91

SNOWFALL (IN)
  YESTERDAY       MM                        MM     MM       MM
  MONTH TO DATE   MM                        MM     MM       MM
  SINCE JUL 1     MM                        MM     MM       MM
  SNOW DEPTH      MM

DEGREE DAYS
 HEATING
  YESTERDAY       16                        20     -4       15
  MONTH TO DATE  278                       359    -81      442
  SINCE SEP 1    406                       596   -190      698
  SINCE JUL 1    454                       715   -261      766

 COOLING
  YESTERDAY        0                         0      0        0
  MONTH TO DATE    0                         0      0        0
  SINCE SEP 1      6                        10     -4       17
  SINCE JAN 1    327                       169    158      285
..................................................................


WIND (MPH)
  HIGHEST WIND SPEED    23   HIGHEST WIND DIRECTION     S (160)
  HIGHEST GUST SPEED    29   HIGHEST GUST DIRECTION    SE (150)
  AVERAGE WIND SPEED    10.0


SKY COVER
  POSSIBLE SUNSHINE  MM
  AVERAGE SKY COVER 0.9


WEATHER CONDITIONS
 THE FOLLOWING WEATHER WAS RECORDED YESTERDAY.
  LIGHT RAIN


RELATIVE HUMIDITY (PERCENT)
 HIGHEST    82           300 AM
 LOWEST     55           200 PM

..........................................................


THE KLAMATH FALLS OR CLIMATE NORMALS FOR TODAY
                         NORMAL    RECORD    YEAR
 MAXIMUM TEMPERATURE (F)   59        76      1999
 MINIMUM TEMPERATURE (F)   30        19      2001


SUNRISE AND SUNSET
OCTOBER 23 2014.......SUNRISE   729 AM PDT   SUNSET   613 PM PDT
OCTOBER 24 2014.......SUNRISE   730 AM PDT   SUNSET   611 PM PDT


-  INDICATES NEGATIVE NUMBERS.
R  INDICATES RECORD WAS SET OR TIED.
MM INDICATES DATA IS MISSING.
T  INDICATES TRACE AMOUNT.




$$
