934
CDUS46 KMFR 210836
CLILMT


CLIMATE REPORT
NATIONAL WEATHER SERVICE MEDFORD, OR
1236 AM PST SAT JAN 21 2017


...................................

...THE KLAMATH FALLS OR CLIMATE SUMMARY FOR JANUARY 20 2017...

CLIMATE NORMAL PERIOD 1981 TO 2010
CLIMATE RECORD PERIOD 1928 TO 2017


WEATHER ITEM   OBSERVED TIME   RECORD YEAR NORMAL DEPARTURE LAST
                VALUE   (LST)  VALUE       VALUE  FROM      YEAR
                                                  NORMAL
..................................................................
TEMPERATURE (F)
 YESTERDAY
  MAXIMUM         39    246 PM  56    1981  40     -1       40
  MINIMUM         30   1127 PM  -6    1962  21      9       27
  AVERAGE         35                        30      5       34

PRECIPITATION (IN)
  YESTERDAY        T             1.82 1964   0.04  -0.04      T
  MONTH TO DATE    1.32                      1.42  -0.10     1.39
  SINCE OCT 1      6.07                      6.11  -0.04     5.92
  SINCE JAN 1      1.32                      1.42  -0.10     1.39

SNOWFALL (IN)
  YESTERDAY       MM                        MM     MM       MM
  MONTH TO DATE   MM                        MM     MM       MM
  SINCE JUL 1     MM                        MM     MM       MM
  SNOW DEPTH      MM

DEGREE DAYS
 HEATING
  YESTERDAY       30                        35     -5       31
  MONTH TO DATE  837                       706    131      745
  SINCE DEC 1   1955                      1805    150     1843
  SINCE JUL 1   3615                      3607      8     3431

 COOLING
  YESTERDAY        0                         0      0        0
  MONTH TO DATE    0                         0      0        0
  SINCE DEC 1      0                         0      0        0
  SINCE JAN 1      0                         0      0        0
..................................................................


WIND (MPH)
  HIGHEST WIND SPEED    28   HIGHEST WIND DIRECTION    SE (130)
  HIGHEST GUST SPEED    33   HIGHEST GUST DIRECTION    SE (130)
  AVERAGE WIND SPEED    13.5


SKY COVER
  POSSIBLE SUNSHINE  MM
  AVERAGE SKY COVER 0.8


WEATHER CONDITIONS
 THE FOLLOWING WEATHER WAS RECORDED YESTERDAY.
  LIGHT SNOW
  FOG


RELATIVE HUMIDITY (PERCENT)
 HIGHEST    92           800 PM
 LOWEST     70           100 PM

..........................................................


THE KLAMATH FALLS OR CLIMATE NORMALS FOR TODAY
                         NORMAL    RECORD    YEAR
 MAXIMUM TEMPERATURE (F)   40        56      1981
 MINIMUM TEMPERATURE (F)   21       -13      1962


SUNRISE AND SUNSET
JANUARY 21 2017.......SUNRISE   729 AM PST   SUNSET   508 PM PST
JANUARY 22 2017.......SUNRISE   728 AM PST   SUNSET   509 PM PST


-  INDICATES NEGATIVE NUMBERS.
R  INDICATES RECORD WAS SET OR TIED.
MM INDICATES DATA IS MISSING.
T  INDICATES TRACE AMOUNT.




$$
