000
CDUS46 KMFR 010835
CLILMT


CLIMATE REPORT
NATIONAL WEATHER SERVICE MEDFORD, OR
135 AM PDT SAT OCT 1 2016


...................................

...THE KLAMATH FALLS OR CLIMATE SUMMARY FOR SEPTEMBER 30 2016...

CLIMATE NORMAL PERIOD 1981 TO 2010
CLIMATE RECORD PERIOD 1928 TO 2016


WEATHER ITEM   OBSERVED TIME   RECORD YEAR NORMAL DEPARTURE LAST
                VALUE   (LST)  VALUE       VALUE  FROM      YEAR
                                                  NORMAL
..................................................................
TEMPERATURE (F)
 YESTERDAY
  MAXIMUM         70   1213 PM  89    2010  71     -1       67
  MINIMUM         32   1155 PM  20    1950  35     -3       32
  AVERAGE         51                        53     -2       50

PRECIPITATION (IN)
  YESTERDAY        0.00          0.37 1951   0.01  -0.01      T
  MONTH TO DATE    0.12                      0.53  -0.41     0.08
  SINCE OCT 1     11.76                     14.96  -3.20    12.90
  SINCE JAN 1      7.23                     10.27  -3.04     6.44

SNOWFALL (IN)
  YESTERDAY       MM                        MM     MM       MM
  MONTH TO DATE   MM                        MM     MM       MM
  SINCE JUL 1     MM                        MM     MM       MM
  SNOW DEPTH      MM

DEGREE DAYS
 HEATING
  YESTERDAY       14                        12      2       15
  MONTH TO DATE  267                       236     31      236
  SINCE SEP 1    267                       237     30      236
  SINCE JUL 1    374                       356     18      288

 COOLING
  YESTERDAY        0                         0      0        0
  MONTH TO DATE    0                        10    -10       16
  SINCE SEP 1      0                        10    -10       16
  SINCE JAN 1    215                       169     46      306
..................................................................


WIND (MPH)
  HIGHEST WIND SPEED    26   HIGHEST WIND DIRECTION    SW (210)
  HIGHEST GUST SPEED    35   HIGHEST GUST DIRECTION     S (170)
  AVERAGE WIND SPEED    11.7


SKY COVER
  POSSIBLE SUNSHINE  MM
  AVERAGE SKY COVER 0.0


WEATHER CONDITIONS
 THE FOLLOWING WEATHER WAS RECORDED YESTERDAY.
  NO SIGNIFICANT WEATHER WAS OBSERVED.


RELATIVE HUMIDITY (PERCENT)
 HIGHEST    75          1100 PM
 LOWEST     19           400 PM

..........................................................


THE KLAMATH FALLS OR CLIMATE NORMALS FOR TODAY
                         NORMAL    RECORD    YEAR
 MAXIMUM TEMPERATURE (F)   71        88      2010
 MINIMUM TEMPERATURE (F)   34        23      1950


SUNRISE AND SUNSET
OCTOBER  1 2016.......SUNRISE   705 AM PDT   SUNSET   647 PM PDT
OCTOBER  2 2016.......SUNRISE   706 AM PDT   SUNSET   646 PM PDT


-  INDICATES NEGATIVE NUMBERS.
R  INDICATES RECORD WAS SET OR TIED.
MM INDICATES DATA IS MISSING.
T  INDICATES TRACE AMOUNT.




$$
