000
CDUS46 KMFR 240836
CLILMT


CLIMATE REPORT
NATIONAL WEATHER SERVICE MEDFORD, OR
135 AM PDT WED AUG 24 2016


...................................

...THE KLAMATH FALLS OR CLIMATE SUMMARY FOR AUGUST 23 2016...

CLIMATE NORMAL PERIOD 1981 TO 2010
CLIMATE RECORD PERIOD 1928 TO 2016


WEATHER ITEM   OBSERVED TIME   RECORD YEAR NORMAL DEPARTURE LAST
                VALUE   (LST)  VALUE       VALUE  FROM      YEAR
                                                  NORMAL
..................................................................
TEMPERATURE (F)
 YESTERDAY
  MAXIMUM         83    448 PM  95    1996  82      1       90
  MINIMUM         40    525 AM  33    1960  46     -6       46
  AVERAGE         62                        64     -2       68

PRECIPITATION (IN)
  YESTERDAY        0.00          0.25 1965   0.01  -0.01     0.00
  MONTH TO DATE    0.00                      0.27  -0.27     0.42
  SINCE OCT 1     11.64                     14.27  -2.63    12.82
  SINCE JAN 1      7.11                      9.58  -2.47     6.36

SNOWFALL (IN)
  YESTERDAY       MM                        MM     MM       MM
  MONTH TO DATE   MM                        MM     MM       MM
  SINCE JUL 1     MM                        MM     MM       MM
  SNOW DEPTH      MM

DEGREE DAYS
 HEATING
  YESTERDAY        3                         3      0        0
  MONTH TO DATE   25                        40    -15       17
  SINCE JUN 1    265                       307    -42       87
  SINCE JUL 1     97                        90      7       35

 COOLING
  YESTERDAY        0                         1     -1        3
  MONTH TO DATE   85                        55     30       57
  SINCE JUN 1    213                       148     65      276
  SINCE JAN 1    213                       149     64      279
..................................................................


WIND (MPH)
  HIGHEST WIND SPEED    16   HIGHEST WIND DIRECTION    NW (330)
  HIGHEST GUST SPEED    20   HIGHEST GUST DIRECTION    NW (330)
  AVERAGE WIND SPEED     3.8


SKY COVER
  POSSIBLE SUNSHINE  MM
  AVERAGE SKY COVER 0.0


WEATHER CONDITIONS
 THE FOLLOWING WEATHER WAS RECORDED YESTERDAY.
  NO SIGNIFICANT WEATHER WAS OBSERVED.


RELATIVE HUMIDITY (PERCENT)
 HIGHEST    92           500 AM
 LOWEST     12           500 PM

..........................................................


THE KLAMATH FALLS OR CLIMATE NORMALS FOR TODAY
                         NORMAL    RECORD    YEAR
 MAXIMUM TEMPERATURE (F)   82        95      1996
 MINIMUM TEMPERATURE (F)   45        36      2012
                                             1960


SUNRISE AND SUNSET
AUGUST 24 2016........SUNRISE   625 AM PDT   SUNSET   753 PM PDT
AUGUST 25 2016........SUNRISE   626 AM PDT   SUNSET   751 PM PDT


-  INDICATES NEGATIVE NUMBERS.
R  INDICATES RECORD WAS SET OR TIED.
MM INDICATES DATA IS MISSING.
T  INDICATES TRACE AMOUNT.




$$
