000
CDUS45 KRIW 300743
CLILND


CLIMATE REPORT
NATIONAL WEATHER SERVICE RIVERTON WY
128 AM MDT MON MAR 30 2015


...................................

...THE LANDER WY CLIMATE SUMMARY FOR MARCH 29 2015...

CLIMATE NORMAL PERIOD 1981 TO 2010
CLIMATE RECORD PERIOD 1891 TO 2015


WEATHER ITEM   OBSERVED TIME   RECORD YEAR NORMAL DEPARTURE LAST
                VALUE   (LST)  VALUE       VALUE  FROM      YEAR
                                                  NORMAL
..................................................................
TEMPERATURE (F)
 YESTERDAY
  MAXIMUM         65    504 PM  72    1943  52     13       60
  MINIMUM         33    636 AM  -4    1987  27      6       31
  AVERAGE         49                        39     10       46

PRECIPITATION (IN)
  YESTERDAY        0.00          0.99 1998   0.05  -0.05     0.00
  MONTH TO DATE    0.55                      1.06  -0.51     0.82
  SINCE MAR 1      0.55                      1.06  -0.51     0.82
  SINCE JAN 1      2.11                      2.05   0.06     1.62

SNOWFALL (IN)
  YESTERDAY        0.0                       0.6   -0.6      0.0
  MONTH TO DATE    8.9                      14.9   -6.0     11.3
  SINCE MAR 1      8.9                      14.9   -6.0     11.3
  SINCE JUL 1     62.8                      68.5   -5.7     66.6
  SNOW DEPTH       0

DEGREE DAYS
 HEATING
  YESTERDAY       16                        26    -10       19
  MONTH TO DATE  743                       865   -122      844
  SINCE MAR 1    743                       865   -122      844
  SINCE JUL 1   5867                      6569   -702     6580

 COOLING
  YESTERDAY        0                         0      0        0
  MONTH TO DATE    0                         0      0        0
  SINCE MAR 1      0                         0      0        0
  SINCE JAN 1      0                         0      0        0
..................................................................


WIND (MPH)
  HIGHEST WIND SPEED    24   HIGHEST WIND DIRECTION    NW (320)
  HIGHEST GUST SPEED    32   HIGHEST GUST DIRECTION    NW (310)
  AVERAGE WIND SPEED     6.0


SKY COVER
  POSSIBLE SUNSHINE  MM
  AVERAGE SKY COVER 0.0


WEATHER CONDITIONS
 THE FOLLOWING WEATHER WAS RECORDED YESTERDAY.
  NO SIGNIFICANT WEATHER WAS OBSERVED.


RELATIVE HUMIDITY (PERCENT)
 HIGHEST    44           500 AM
 LOWEST     14           500 PM
 AVERAGE    29

..........................................................


THE LANDER WY CLIMATE NORMALS FOR TODAY
                         NORMAL    RECORD    YEAR
 MAXIMUM TEMPERATURE (F)   52        76      1966
 MINIMUM TEMPERATURE (F)   28         2      1936


SUNRISE AND SUNSET
MARCH 30 2015.........SUNRISE   701 AM MDT   SUNSET   739 PM MDT
MARCH 31 2015.........SUNRISE   659 AM MDT   SUNSET   740 PM MDT


-  INDICATES NEGATIVE NUMBERS.
R  INDICATES RECORD WAS SET OR TIED.
MM INDICATES DATA IS MISSING.
T  INDICATES TRACE AMOUNT.




$$
