000
CDUS45 KRIW 270731
CLILND


CLIMATE REPORT
NATIONAL WEATHER SERVICE RIVERTON WY
1229 AM MST MON FEB 27 2017


...................................

...THE LANDER WY CLIMATE SUMMARY FOR FEBRUARY 26 2017...

CLIMATE NORMAL PERIOD 1981 TO 2010
CLIMATE RECORD PERIOD 1891 TO 2017


WEATHER ITEM   OBSERVED TIME   RECORD YEAR NORMAL DEPARTURE LAST
                VALUE   (LST)  VALUE       VALUE  FROM      YEAR
                                                  NORMAL
..................................................................
TEMPERATURE (F)
 YESTERDAY
  MAXIMUM         24    341 PM  62    1932  40    -16       58
  MINIMUM         -2    419 AM -14    1935  17    -19       25
  AVERAGE         11                        29    -18       42

PRECIPITATION (IN)
  YESTERDAY        0.00          0.79 1911   0.03  -0.03     0.00
  MONTH TO DATE    1.09                      0.53   0.56     0.50
  SINCE DEC 1      3.26                      1.52   1.74     1.40
  SINCE JAN 1      2.36                      0.94   1.42     0.92

SNOWFALL (IN)
  YESTERDAY        0.0                       0.4   -0.4      0.0
  MONTH TO DATE   19.6                       9.5   10.1      3.9
  SINCE DEC 1     47.0                      27.2   19.8     18.0
  SINCE JUL 1     61.0                      52.8    8.2     37.0
  SNOW DEPTH       9

DEGREE DAYS
 HEATING
  YESTERDAY       54                        36     18       23
  MONTH TO DATE  933                      1043   -110      850
  SINCE DEC 1   4052                      3760    292     3569
  SINCE JUL 1   5608                      5633    -25     5081

 COOLING
  YESTERDAY        0                         0      0        0
  MONTH TO DATE    0                         0      0        0
  SINCE DEC 1      0                         0      0        0
  SINCE JAN 1      0                         0      0        0
..................................................................


WIND (MPH)
  HIGHEST WIND SPEED    16   HIGHEST WIND DIRECTION     W (260)
  HIGHEST GUST SPEED    20   HIGHEST GUST DIRECTION     W (250)
  AVERAGE WIND SPEED     4.1


SKY COVER
  POSSIBLE SUNSHINE  MM
  AVERAGE SKY COVER 0.0


WEATHER CONDITIONS
 THE FOLLOWING WEATHER WAS RECORDED YESTERDAY.
  NO SIGNIFICANT WEATHER WAS OBSERVED.


RELATIVE HUMIDITY (PERCENT)
 HIGHEST    69           300 AM
 LOWEST     41           100 PM
 AVERAGE    55

..........................................................


THE LANDER WY CLIMATE NORMALS FOR TODAY
                         NORMAL    RECORD    YEAR
 MAXIMUM TEMPERATURE (F)   41        68      1932
 MINIMUM TEMPERATURE (F)   18       -16      1960


SUNRISE AND SUNSET
FEBRUARY 27 2017......SUNRISE   653 AM MST   SUNSET   602 PM MST
FEBRUARY 28 2017......SUNRISE   652 AM MST   SUNSET   604 PM MST


-  INDICATES NEGATIVE NUMBERS.
R  INDICATES RECORD WAS SET OR TIED.
MM INDICATES DATA IS MISSING.
T  INDICATES TRACE AMOUNT.




$$
