979
CDUS45 KRIW 230736
CLILND


CLIMATE REPORT
NATIONAL WEATHER SERVICE RIVERTON WY
134 AM MDT THU MAR 23 2017


...................................

...THE LANDER WY CLIMATE SUMMARY FOR MARCH 22 2017...

CLIMATE NORMAL PERIOD 1981 TO 2010
CLIMATE RECORD PERIOD 1891 TO 2017


WEATHER ITEM   OBSERVED TIME   RECORD YEAR NORMAL DEPARTURE LAST
                VALUE   (LST)  VALUE       VALUE  FROM      YEAR
                                                  NORMAL
..................................................................
TEMPERATURE (F)
 YESTERDAY
  MAXIMUM         60    151 PM  71    1910  50     10       46
  MINIMUM         34   1248 AM -12    1912  26      8       31
  AVERAGE         47                        38      9       39

PRECIPITATION (IN)
  YESTERDAY        T             0.84 1936   0.05  -0.05     0.73
  MONTH TO DATE    0.04                      0.75  -0.71     1.34
  SINCE MAR 1      0.04                      0.75  -0.71     1.34
  SINCE JAN 1      2.42                      1.74   0.68     2.26

SNOWFALL (IN)
  YESTERDAY        0.0                       0.6   -0.6      2.0
  MONTH TO DATE    T                        10.7  -10.7      6.5
  SINCE MAR 1      T                        10.7  -10.7      6.5
  SINCE JUL 1     61.0                      64.3   -3.3     43.5
  SNOW DEPTH       0

DEGREE DAYS
 HEATING
  YESTERDAY       18                        27     -9       26
  MONTH TO DATE  508                       680   -172      556
  SINCE MAR 1    508                       680   -172      556
  SINCE JUL 1   6211                      6384   -173     5707

 COOLING
  YESTERDAY        0                         0      0        0
  MONTH TO DATE    0                         0      0        0
  SINCE MAR 1      0                         0      0        0
  SINCE JAN 1      0                         0      0        0
..................................................................


WIND (MPH)
  HIGHEST WIND SPEED    31   HIGHEST WIND DIRECTION     S (200)
  HIGHEST GUST SPEED    40   HIGHEST GUST DIRECTION     W (260)
  AVERAGE WIND SPEED     8.1


SKY COVER
  POSSIBLE SUNSHINE  MM
  AVERAGE SKY COVER 0.6


WEATHER CONDITIONS
 THE FOLLOWING WEATHER WAS RECORDED YESTERDAY.
  LIGHT RAIN


RELATIVE HUMIDITY (PERCENT)
 HIGHEST    85           100 AM
 LOWEST     40           200 PM
 AVERAGE    63

..........................................................


THE LANDER WY CLIMATE NORMALS FOR TODAY
                         NORMAL    RECORD    YEAR
 MAXIMUM TEMPERATURE (F)   50        75      2012
 MINIMUM TEMPERATURE (F)   26        -8      1898


SUNRISE AND SUNSET
MARCH 23 2017.........SUNRISE   712 AM MDT   SUNSET   731 PM MDT
MARCH 24 2017.........SUNRISE   711 AM MDT   SUNSET   732 PM MDT


-  INDICATES NEGATIVE NUMBERS.
R  INDICATES RECORD WAS SET OR TIED.
MM INDICATES DATA IS MISSING.
T  INDICATES TRACE AMOUNT.




$$
