000
CDUS45 KRIW 290030
CLILND


CLIMATE REPORT
NATIONAL WEATHER SERVICE RIVERTON WY
629 PM MDT WED JUN 28 2017


...................................

...THE LANDER WY CLIMATE SUMMARY FOR JUNE 28 2017...
VALID TODAY AS OF 0500 PM LOCAL TIME.

CLIMATE NORMAL PERIOD 1981 TO 2010
CLIMATE RECORD PERIOD 1891 TO 2017


WEATHER ITEM   OBSERVED TIME   RECORD YEAR NORMAL DEPARTURE LAST
                VALUE   (LST)  VALUE       VALUE  FROM      YEAR
                                                  NORMAL
..................................................................
TEMPERATURE (F)
 TODAY
  MAXIMUM         80        MM  97    2002  83     -3       90
  MINIMUM         46        MM  34    1945  52     -6       56
                                      1908
  AVERAGE         63                        67     -4       73

PRECIPITATION (IN)
  TODAY            0.00          0.87 1895   0.03  -0.03      T
  MONTH TO DATE    0.26                      1.23  -0.97     0.47
  SINCE JUN 1      0.26                      1.23  -0.97     0.47
  SINCE JAN 1     12.75                      7.45   5.30    15.62

SNOWFALL (IN)
  TODAY            0.0                       0.0    0.0      0.0
  MONTH TO DATE    0.0                       0.1   -0.1      0.0
  SINCE JUN 1      0.0                       0.1   -0.1      0.0
  SINCE JUL 1     90.9                      91.4   -0.5     75.2
  SNOW DEPTH       0

DEGREE DAYS
 HEATING
  TODAY            2                         2      0        0
  MONTH TO DATE   64                       123    -59       22
  SINCE JUN 1     64                       123    -59       22
  SINCE JUL 1   7531                      7745   -214     7015

 COOLING
  TODAY            0                         4     -4        8
  MONTH TO DATE   44                        57    -13      119
  SINCE JUN 1     44                        57    -13      119
  SINCE JAN 1     44                        62    -18      119
..................................................................


WIND (MPH)
  HIGHEST WIND SPEED    30   HIGHEST WIND DIRECTION     N (340)
  HIGHEST GUST SPEED    41   HIGHEST GUST DIRECTION     N (340)
  AVERAGE WIND SPEED     6.7


SKY COVER
  POSSIBLE SUNSHINE  MM
  AVERAGE SKY COVER 0.2


WEATHER CONDITIONS
 THE FOLLOWING WEATHER WAS RECORDED TODAY.
  NO SIGNIFICANT WEATHER WAS OBSERVED.


RELATIVE HUMIDITY (PERCENT)
 HIGHEST    71           500 AM
 LOWEST     22           100 PM
 AVERAGE    47

..........................................................


THE LANDER WY CLIMATE NORMALS FOR TOMORROW
                         NORMAL    RECORD    YEAR
 MAXIMUM TEMPERATURE (F)   83        99      1990
 MINIMUM TEMPERATURE (F)   52        34      1906


SUNRISE AND SUNSET
JUNE 28 2017..........SUNRISE   539 AM MDT   SUNSET   857 PM MDT
JUNE 29 2017..........SUNRISE   539 AM MDT   SUNSET   857 PM MDT


-  INDICATES NEGATIVE NUMBERS.
R  INDICATES RECORD WAS SET OR TIED.
MM INDICATES DATA IS MISSING.
T  INDICATES TRACE AMOUNT.




$$
