032
CDUS45 KRIW 170729
CLILND


CLIMATE REPORT
NATIONAL WEATHER SERVICE RIVERTON WY
128 AM MDT THU AUG 17 2017


...................................

...THE LANDER WY CLIMATE SUMMARY FOR AUGUST 16 2017...

CLIMATE NORMAL PERIOD 1981 TO 2010
CLIMATE RECORD PERIOD 1891 TO 2017


WEATHER ITEM   OBSERVED TIME   RECORD YEAR NORMAL DEPARTURE LAST
                VALUE   (LST)  VALUE       VALUE  FROM      YEAR
                                                  NORMAL
..................................................................
TEMPERATURE (F)
 YESTERDAY
  MAXIMUM         MM        MM  95    2007  86     MM       90
  MINIMUM         MM        MM  33    1893  55     MM       52
  AVERAGE         MM                        70     MM       71

PRECIPITATION (IN)
  YESTERDAY       MM             0.32 1992   0.01  MM        0.00
  MONTH TO DATE    0.00                      0.36  -0.36     0.11
  SINCE JUN 1      0.69                      2.41  -1.72     0.68
  SINCE JAN 1     13.18                      8.63   4.55    15.83

SNOWFALL (IN)
  YESTERDAY        0.0                       0.0    0.0      0.0
  MONTH TO DATE    0.0                       0.0    0.0      0.0
  SINCE JUN 1      0.0                       0.1   -0.1      0.0
  SINCE JUL 1      0.0                       0.0    0.0      0.0
  SNOW DEPTH       0

DEGREE DAYS
 HEATING
  YESTERDAY       MM                         1     MM        0
  MONTH TO DATE   MM                         4     MM        1
  SINCE JUN 1     75                       146    -71       27
  SINCE JUL 1      0                        20    -20        5

 COOLING
  YESTERDAY       MM                         6     MM        6
  MONTH TO DATE   MM                       106     MM      111
  SINCE JUN 1    292                       378    -86      483
  SINCE JAN 1    292                       383    -91      483
..................................................................


WIND (MPH)
  HIGHEST WIND SPEED    MM   HIGHEST WIND DIRECTION    MM
  HIGHEST GUST SPEED    MM   HIGHEST GUST DIRECTION    MM
  AVERAGE WIND SPEED    MM


SKY COVER
  POSSIBLE SUNSHINE  MM
  AVERAGE SKY COVER 0.0


WEATHER CONDITIONS
 THE FOLLOWING WEATHER WAS RECORDED YESTERDAY.
  NO SIGNIFICANT WEATHER WAS OBSERVED.


RELATIVE HUMIDITY (PERCENT)
 HIGHEST    MM
 LOWEST     MM
 AVERAGE    MM

..........................................................


THE LANDER WY CLIMATE NORMALS FOR TODAY
                         NORMAL    RECORD    YEAR
 MAXIMUM TEMPERATURE (F)   85        96      2013
 MINIMUM TEMPERATURE (F)   55        38      2009


SUNRISE AND SUNSET
AUGUST 17 2017........SUNRISE   624 AM MDT   SUNSET   813 PM MDT
AUGUST 18 2017........SUNRISE   625 AM MDT   SUNSET   812 PM MDT


-  INDICATES NEGATIVE NUMBERS.
R  INDICATES RECORD WAS SET OR TIED.
MM INDICATES DATA IS MISSING.
T  INDICATES TRACE AMOUNT.




$$
