000
CDUS45 KRIW 300738
CLILND


CLIMATE REPORT
NATIONAL WEATHER SERVICE RIVERTON WY
1236 AM MST FRI JAN 30 2015


...................................

...THE LANDER WY CLIMATE SUMMARY FOR JANUARY 29 2015...

CLIMATE NORMAL PERIOD 1981 TO 2010
CLIMATE RECORD PERIOD 1891 TO 2015


WEATHER ITEM   OBSERVED TIME   RECORD YEAR NORMAL DEPARTURE LAST
                VALUE   (LST)  VALUE       VALUE  FROM      YEAR
                                                  NORMAL
..................................................................
TEMPERATURE (F)
 YESTERDAY
  MAXIMUM         41    319 PM  53    1911  33      8       47
  MINIMUM         27   1134 PM -34    1916  11     16       14
  AVERAGE         34                        22     12       31

PRECIPITATION (IN)
  YESTERDAY        0.00          0.46 1994   0.01  -0.01      T
  MONTH TO DATE    T                         0.38  -0.38     0.61
  SINCE DEC 1      1.82                      0.96   0.86     1.30
  SINCE JAN 1      T                         0.38  -0.38     0.61

SNOWFALL (IN)
  YESTERDAY        0.0                       0.2   -0.2       T
  MONTH TO DATE    0.3                       7.1   -6.8      8.9
  SINCE DEC 1     21.4                      17.2    4.2     22.0
  SINCE JUL 1     30.3                      42.8  -12.5     51.5
  SNOW DEPTH       0

DEGREE DAYS
 HEATING
  YESTERDAY       31                        43    -12       34
  MONTH TO DATE 1245                      1256    -11     1167
  SINCE DEC 1   2531                      2629    -98     2552
  SINCE JUL 1   4072                      4502   -430     4440

 COOLING
  YESTERDAY        0                         0      0        0
  MONTH TO DATE    0                         0      0        0
  SINCE DEC 1      0                         0      0        0
  SINCE JAN 1      0                         0      0        0
..................................................................


WIND (MPH)
  HIGHEST WIND SPEED     9   HIGHEST WIND DIRECTION     W (250)
  HIGHEST GUST SPEED    10   HIGHEST GUST DIRECTION    SW (240)
  AVERAGE WIND SPEED     2.4


SKY COVER
  POSSIBLE SUNSHINE  MM
  AVERAGE SKY COVER 0.3


WEATHER CONDITIONS
 THE FOLLOWING WEATHER WAS RECORDED YESTERDAY.
  NO SIGNIFICANT WEATHER WAS OBSERVED.


RELATIVE HUMIDITY (PERCENT)
 HIGHEST    85           900 PM
 LOWEST     59           400 PM
 AVERAGE    72

..........................................................


THE LANDER WY CLIMATE NORMALS FOR TODAY
                         NORMAL    RECORD    YEAR
 MAXIMUM TEMPERATURE (F)   33        61      1911
 MINIMUM TEMPERATURE (F)   11       -25      1979


SUNRISE AND SUNSET
JANUARY 30 2015.......SUNRISE   732 AM MST   SUNSET   525 PM MST
JANUARY 31 2015.......SUNRISE   731 AM MST   SUNSET   526 PM MST


-  INDICATES NEGATIVE NUMBERS.
R  INDICATES RECORD WAS SET OR TIED.
MM INDICATES DATA IS MISSING.
T  INDICATES TRACE AMOUNT.




$$
