000
CDUS45 KRIW 040732
CLILND


CLIMATE REPORT
NATIONAL WEATHER SERVICE RIVERTON WY
1230 AM MST SUN DEC 4 2016


...................................

...THE LANDER WY CLIMATE SUMMARY FOR DECEMBER 3 2016...

CLIMATE NORMAL PERIOD 1981 TO 2010
CLIMATE RECORD PERIOD 1891 TO 2016


WEATHER ITEM   OBSERVED TIME   RECORD YEAR NORMAL DEPARTURE LAST
                VALUE   (LST)  VALUE       VALUE  FROM      YEAR
                                                  NORMAL
..................................................................
TEMPERATURE (F)
 YESTERDAY
  MAXIMUM         36    231 PM  61    1941  33      3       27
  MINIMUM         11    707 AM -18    1897  12     -1        5
  AVERAGE         24                        22      2       16

PRECIPITATION (IN)
  YESTERDAY        0.00          0.36 1909   0.03  -0.03     0.00
  MONTH TO DATE    0.01                      0.07  -0.06     0.00
  SINCE DEC 1      0.01                      0.07  -0.06     0.00
  SINCE JAN 1     20.40                     12.15   8.25    14.65

SNOWFALL (IN)
  YESTERDAY        0.0                       0.4   -0.4      0.0
  MONTH TO DATE    0.1                       1.2   -1.1      0.0
  SINCE DEC 1      0.1                       1.2   -1.1      0.0
  SINCE JUL 1     14.1                      26.8  -12.7     19.0
  SNOW DEPTH       0

DEGREE DAYS
 HEATING
  YESTERDAY       41                        43     -2       49
  MONTH TO DATE  126                       127     -1      156
  SINCE DEC 1    126                       127     -1      156
  SINCE JUL 1   1682                      2000   -318     1668

 COOLING
  YESTERDAY        0                         0      0        0
  MONTH TO DATE    0                         0      0        0
  SINCE DEC 1      0                         0      0        0
  SINCE JAN 1    562                       472     90      519
..................................................................


WIND (MPH)
  HIGHEST WIND SPEED    15   HIGHEST WIND DIRECTION    SW (230)
  HIGHEST GUST SPEED    17   HIGHEST GUST DIRECTION    SW (230)
  AVERAGE WIND SPEED     4.2


SKY COVER
  POSSIBLE SUNSHINE  MM
  AVERAGE SKY COVER 0.1


WEATHER CONDITIONS
 THE FOLLOWING WEATHER WAS RECORDED YESTERDAY.
  NO SIGNIFICANT WEATHER WAS OBSERVED.


RELATIVE HUMIDITY (PERCENT)
 HIGHEST    70           700 AM
 LOWEST     35           200 PM
 AVERAGE    53

..........................................................


THE LANDER WY CLIMATE NORMALS FOR TODAY
                         NORMAL    RECORD    YEAR
 MAXIMUM TEMPERATURE (F)   33        62      1979
 MINIMUM TEMPERATURE (F)   11       -25      1909


SUNRISE AND SUNSET
DECEMBER  4 2016......SUNRISE   730 AM MST   SUNSET   441 PM MST
DECEMBER  5 2016......SUNRISE   731 AM MST   SUNSET   441 PM MST


-  INDICATES NEGATIVE NUMBERS.
R  INDICATES RECORD WAS SET OR TIED.
MM INDICATES DATA IS MISSING.
T  INDICATES TRACE AMOUNT.




$$
