000
CDUS45 KRIW 180731
CLILND


CLIMATE REPORT
NATIONAL WEATHER SERVICE RIVERTON WY
130 AM MDT WED OCT 18 2017


...................................

...THE LANDER WY CLIMATE SUMMARY FOR OCTOBER 17 2017...

CLIMATE NORMAL PERIOD 1981 TO 2010
CLIMATE RECORD PERIOD 1891 TO 2017


WEATHER ITEM   OBSERVED TIME   RECORD YEAR NORMAL DEPARTURE LAST
                VALUE   (LST)  VALUE       VALUE  FROM      YEAR
                                                  NORMAL
..................................................................
TEMPERATURE (F)
 YESTERDAY
  MAXIMUM         72    402 PM  76    1974  58     14       53
                                      1926
  MINIMUM         32    546 AM   9    1925  32      0       36
  AVERAGE         52                        45      7       45

PRECIPITATION (IN)
  YESTERDAY        0.00          1.03 1994   0.05  -0.05     0.40
  MONTH TO DATE    1.04                      0.77   0.27     0.95
  SINCE SEP 1      1.30                      1.82  -0.52     2.63
  SINCE JAN 1     14.48                     10.70   3.78    18.87

SNOWFALL (IN)
  YESTERDAY        0.0                       0.4   -0.4      0.0
  MONTH TO DATE    4.5                       4.8   -0.3      0.0
  SINCE SEP 1      4.5                       7.5   -3.0      0.0
  SINCE JUL 1      4.5                       7.5   -3.0      0.0
  SNOW DEPTH       0

DEGREE DAYS
 HEATING
  YESTERDAY       13                        20     -7       20
  MONTH TO DATE  361                       285     76      243
  SINCE SEP 1    484                       504    -20      444
  SINCE JUL 1    484                       544    -60      496

 COOLING
  YESTERDAY        0                         0      0        0
  MONTH TO DATE    0                         0      0        0
  SINCE SEP 1      0                        27    -27       34
  SINCE JAN 1    292                       472   -180      562
..................................................................


WIND (MPH)
  HIGHEST WIND SPEED    22   HIGHEST WIND DIRECTION     W (250)
  HIGHEST GUST SPEED    24   HIGHEST GUST DIRECTION     W (260)
  AVERAGE WIND SPEED     6.4


SKY COVER
  POSSIBLE SUNSHINE  MM
  AVERAGE SKY COVER 0.0


WEATHER CONDITIONS
 THE FOLLOWING WEATHER WAS RECORDED YESTERDAY.
  NO SIGNIFICANT WEATHER WAS OBSERVED.


RELATIVE HUMIDITY (PERCENT)
 HIGHEST    32          1000 AM
 LOWEST     13           400 PM
 AVERAGE    23

..........................................................


THE LANDER WY CLIMATE NORMALS FOR TODAY
                         NORMAL    RECORD    YEAR
 MAXIMUM TEMPERATURE (F)   58        80      1958
 MINIMUM TEMPERATURE (F)   32         9      1917


SUNRISE AND SUNSET
OCTOBER 18 2017.......SUNRISE   732 AM MDT   SUNSET   627 PM MDT
OCTOBER 19 2017.......SUNRISE   733 AM MDT   SUNSET   626 PM MDT


-  INDICATES NEGATIVE NUMBERS.
R  INDICATES RECORD WAS SET OR TIED.
MM INDICATES DATA IS MISSING.
T  INDICATES TRACE AMOUNT.




$$
