000
CDUS43 KOAX 230626
CLILNK


CLIMATE REPORT
NATIONAL WEATHER SERVICE OMAHA NEBRASKA
124 AM CDT THU OCT 23 2014


...................................

...THE LINCOLN, NEBRASKA CLIMATE SUMMARY FOR OCTOBER 22 2014...

CLIMATE NORMAL PERIOD 1981 TO 2010
CLIMATE RECORD PERIOD 1887 TO 2014


WEATHER ITEM   OBSERVED TIME   RECORD YEAR NORMAL DEPARTURE LAST
                VALUE   (LST)  VALUE       VALUE  FROM      YEAR
                                                  NORMAL
..................................................................
TEMPERATURE (F)
 YESTERDAY
  MAXIMUM         80    257 PM  89    1899  63     17       55
  MINIMUM         53    705 AM  19    1976  39     14       27
  AVERAGE         67                        51     16       41

PRECIPITATION (IN)
  YESTERDAY        0.66          2.01 2008   0.06   0.60     0.00
  MONTH TO DATE    2.46                      1.48   0.98     2.59
  SINCE SEP 1      9.35                      4.50   4.85     4.58
  SINCE JAN 1     33.05                     26.08   6.97    25.03

SNOWFALL (IN)
  YESTERDAY        0.0                       0.0    0.0      0.0
  MONTH TO DATE    0.0                       0.3   -0.3      0.0
  SINCE JUL 1      0.0                       0.3   -0.3      0.0
  SNOW DEPTH       0

DEGREE DAYS
 HEATING
  YESTERDAY        0                        14    -14       24
  MONTH TO DATE  212                       233    -21      232
  SINCE SEP 1    305                       325    -20      260
  SINCE JUL 1    307                       331    -24      263

 COOLING
  YESTERDAY        2                         0      2        0
  MONTH TO DATE    6                        12     -6       18
  SINCE SEP 1    122                       135    -13      221
  SINCE JAN 1   1233                      1170     63     1236
..................................................................


WIND (MPH)
  HIGHEST WIND SPEED    30   HIGHEST WIND DIRECTION     S (170)
  HIGHEST GUST SPEED    37   HIGHEST GUST DIRECTION     S (180)
  AVERAGE WIND SPEED    13.7


SKY COVER
  POSSIBLE SUNSHINE  MM
  AVERAGE SKY COVER 0.4


WEATHER CONDITIONS
 THE FOLLOWING WEATHER WAS RECORDED YESTERDAY.
  THUNDERSTORM
  HEAVY RAIN
  RAIN
  LIGHT RAIN
  FOG


RELATIVE HUMIDITY (PERCENT)
 HIGHEST    93           700 PM
 LOWEST     36           300 PM
 AVERAGE    65

..........................................................


THE LINCOLN, NEBRASKA CLIMATE NORMALS FOR TODAY
                         NORMAL    RECORD    YEAR
 MAXIMUM TEMPERATURE (F)   63        84      1915
                                             1899
 MINIMUM TEMPERATURE (F)   38        20      1981


SUNRISE AND SUNSET
OCTOBER 23 2014.......SUNRISE   747 AM CDT   SUNSET   635 PM CDT
OCTOBER 24 2014.......SUNRISE   748 AM CDT   SUNSET   633 PM CDT


-  INDICATES NEGATIVE NUMBERS.
R  INDICATES RECORD WAS SET OR TIED.
MM INDICATES DATA IS MISSING.
T  INDICATES TRACE AMOUNT.


$$

BCM
