000
CDUS43 KOAX 312204
CLILNK


CLIMATE REPORT
NATIONAL WEATHER SERVICE OMAHA NEBRASKA
503 PM CDT WED AUG 31 2016


...................................

...THE LINCOLN, NEBRASKA CLIMATE SUMMARY FOR AUGUST 31 2016...
VALID TODAY AS OF 0500 PM LOCAL TIME.

CLIMATE NORMAL PERIOD 1981 TO 2010
CLIMATE RECORD PERIOD 1887 TO 2016


WEATHER ITEM   OBSERVED TIME   RECORD YEAR NORMAL DEPARTURE LAST
                VALUE   (LST)  VALUE       VALUE  FROM      YEAR
                                                  NORMAL
..................................................................
TEMPERATURE (F)
 TODAY
  MAXIMUM         83    257 PM 103    1913  84     -1       88
  MINIMUM         69    612 AM  42    2009  60      9       62
  AVERAGE         76                        72      4       75

PRECIPITATION (IN)
  TODAY            0.00          1.96 1938   0.12  -0.12     0.00
  MONTH TO DATE    3.83                      3.49   0.34     3.78
  SINCE JUN 1      9.08                     11.24  -2.16    13.83
  SINCE JAN 1     21.39                     21.58  -0.19    29.33

SNOWFALL (IN)
  TODAY            0.0                       0.0    0.0      0.0
  MONTH TO DATE    0.0                       0.0    0.0      0.0
  SINCE JUL 1      0.0                       0.0    0.0      0.0
  SNOW DEPTH       0

DEGREE DAYS
 HEATING
  TODAY            0                         1     -1        0
  MONTH TO DATE    1                         2     -1        3
  SINCE JUN 1      1                        22    -21        4
  SINCE JUL 1      1                         6     -5        4

 COOLING
  TODAY           11                         8      3       10
  MONTH TO DATE  341                       324     17      283
  SINCE JUN 1   1163                       956    207      929
  SINCE JAN 1   1234                      1035    199      981
..................................................................


WIND (MPH)
  HIGHEST WIND SPEED    13   HIGHEST WIND DIRECTION    NE (040)
  HIGHEST GUST SPEED    17   HIGHEST GUST DIRECTION    NE (030)
  AVERAGE WIND SPEED     6.8


SKY COVER
  POSSIBLE SUNSHINE  MM
  AVERAGE SKY COVER 0.5


WEATHER CONDITIONS
 THE FOLLOWING WEATHER WAS RECORDED TODAY.
  FOG


RELATIVE HUMIDITY (PERCENT)
 HIGHEST    97           200 AM
 LOWEST     47           300 PM
 AVERAGE    72

..........................................................


THE LINCOLN, NEBRASKA CLIMATE NORMALS FOR TOMORROW
                         NORMAL    RECORD    YEAR
 MAXIMUM TEMPERATURE (F)   84       106      1922
 MINIMUM TEMPERATURE (F)   60        42      1949


SUNRISE AND SUNSET
AUGUST 31 2016........SUNRISE   653 AM CDT   SUNSET   800 PM CDT
SEPTEMBER  1 2016.....SUNRISE   654 AM CDT   SUNSET   758 PM CDT


-  INDICATES NEGATIVE NUMBERS.
R  INDICATES RECORD WAS SET OR TIED.
MM INDICATES DATA IS MISSING.
T  INDICATES TRACE AMOUNT.




$$
