811
CDUS43 KOAX 250656
CLILNK


CLIMATE REPORT
NATIONAL WEATHER SERVICE OMAHA NEBRASKA
1256 AM CST SUN FEB 25 2018


...................................

...THE LINCOLN, NEBRASKA CLIMATE SUMMARY FOR FEBRUARY 24 2018...

CLIMATE NORMAL PERIOD 1981 TO 2010
CLIMATE RECORD PERIOD 1887 TO 2018


WEATHER ITEM   OBSERVED TIME   RECORD YEAR NORMAL DEPARTURE LAST
                VALUE   (LST)  VALUE       VALUE  FROM      YEAR
                                                  NORMAL
..................................................................
TEMPERATURE (F)
 YESTERDAY
  MAXIMUM         32    901 PM  72    1981  43    -11       33
  MINIMUM         22    517 AM  -9    1965  21      1       25
  AVERAGE         27                        32     -5       29

PRECIPITATION (IN)
  YESTERDAY        0.10          0.82 2007   0.03   0.07     0.09
  MONTH TO DATE    0.74                      0.64   0.10     0.55
  SINCE DEC 1      1.53                      2.23  -0.70     3.27
  SINCE JAN 1      1.15                      1.28  -0.13     1.65

SNOWFALL (IN)
  YESTERDAY        0.2                       0.2    0.0      1.3
  MONTH TO DATE   10.0                       4.9    5.1      2.0
  SINCE JUL 1     17.7                      19.0   -1.3      6.9
  SNOW DEPTH       1

DEGREE DAYS
 HEATING
  YESTERDAY       38                        33      5       36
  MONTH TO DATE 1040                       878    162      619
  SINCE DEC 1   3443                      3314    129     2953
  SINCE JUL 1   4496                      4575    -79     3761

 COOLING
  YESTERDAY        0                         0      0        0
  MONTH TO DATE    0                         0      0        0
  SINCE DEC 1      0                         0      0        0
  SINCE JAN 1      0                         0      0        0
..................................................................


WIND (MPH)
  HIGHEST WIND SPEED    20   HIGHEST WIND DIRECTION     W (280)
  HIGHEST GUST SPEED    27   HIGHEST GUST DIRECTION     W (260)
  AVERAGE WIND SPEED     8.0


SKY COVER
  POSSIBLE SUNSHINE  MM
  AVERAGE SKY COVER 0.8


WEATHER CONDITIONS
 THE FOLLOWING WEATHER WAS RECORDED YESTERDAY.
  LT FREEZING RAIN
  LIGHT SNOW
  FOG


RELATIVE HUMIDITY (PERCENT)
 HIGHEST    96           200 AM
 LOWEST     69          1000 PM
 AVERAGE    83

..........................................................


THE LINCOLN, NEBRASKA CLIMATE NORMALS FOR TODAY
                         NORMAL    RECORD    YEAR
 MAXIMUM TEMPERATURE (F)   44        77      1995
 MINIMUM TEMPERATURE (F)   21        -8      1890


SUNRISE AND SUNSET
FEBRUARY 25 2018......SUNRISE   707 AM CST   SUNSET   614 PM CST
FEBRUARY 26 2018......SUNRISE   705 AM CST   SUNSET   615 PM CST


-  INDICATES NEGATIVE NUMBERS.
R  INDICATES RECORD WAS SET OR TIED.
MM INDICATES DATA IS MISSING.
T  INDICATES TRACE AMOUNT.




$$
