000
CDUS43 KOAX 292125
CLILNK


CLIMATE REPORT
NATIONAL WEATHER SERVICE OMAHA NEBRASKA
423 PM CDT MON MAY 29 2017


...................................

...THE LINCOLN, NEBRASKA CLIMATE SUMMARY FOR MAY 29 2017...
VALID TODAY AS OF 0400 PM LOCAL TIME.

CLIMATE NORMAL PERIOD 1981 TO 2010
CLIMATE RECORD PERIOD 1887 TO 2017


WEATHER ITEM   OBSERVED TIME   RECORD YEAR NORMAL DEPARTURE LAST
                VALUE   (LST)  VALUE       VALUE  FROM      YEAR
                                                  NORMAL
..................................................................
TEMPERATURE (F)
 TODAY
  MAXIMUM         78    216 PM 102    1934  79     -1       87
  MINIMUM         54   1243 AM  32    1947  55     -1       55
  AVERAGE         66                        67     -1       71

PRECIPITATION (IN)
  TODAY            0.00          2.64 1998   0.15  -0.15     0.00
  MONTH TO DATE    6.29                      4.00   2.29     5.42
  SINCE MAR 1     11.46                      8.64   2.82    10.72
  SINCE JAN 1     13.11                     10.05   3.06    12.31

SNOWFALL (IN)
  TODAY            0.0                       0.0    0.0      0.0
  MONTH TO DATE    T                         0.1   -0.1      0.0
  SINCE JUL 1      7.5                      26.0  -18.5     20.5
  SNOW DEPTH       0

DEGREE DAYS
 HEATING
  TODAY            0                         2     -2        0
  MONTH TO DATE  127                       144    -17      127
  SINCE MAR 1   1131                      1334   -203      963
  SINCE JUL 1   5014                      6037  -1023     4880

 COOLING
  TODAY            1                         4     -3        6
  MONTH TO DATE   71                        57     14       48
  SINCE MAR 1     84                        71     13       57
  SINCE JAN 1     84                        71     13       57
..................................................................


WIND (MPH)
  HIGHEST WIND SPEED    24   HIGHEST WIND DIRECTION    NW (320)
  HIGHEST GUST SPEED    32   HIGHEST GUST DIRECTION    NW (330)
  AVERAGE WIND SPEED     8.8


SKY COVER
  POSSIBLE SUNSHINE  MM
  AVERAGE SKY COVER 0.2


WEATHER CONDITIONS
 THE FOLLOWING WEATHER WAS RECORDED TODAY.
  NO SIGNIFICANT WEATHER WAS OBSERVED.


RELATIVE HUMIDITY (PERCENT)
 HIGHEST    67           400 AM
 LOWEST     23           200 PM
 AVERAGE    45

..........................................................


THE LINCOLN, NEBRASKA CLIMATE NORMALS FOR TOMORROW
                         NORMAL    RECORD    YEAR
 MAXIMUM TEMPERATURE (F)   79       104      1934
 MINIMUM TEMPERATURE (F)   55        40      1947
                                             1930
                                             1897


SUNRISE AND SUNSET
MAY 29 2017...........SUNRISE   559 AM CDT   SUNSET   850 PM CDT
MAY 30 2017...........SUNRISE   558 AM CDT   SUNSET   851 PM CDT


-  INDICATES NEGATIVE NUMBERS.
R  INDICATES RECORD WAS SET OR TIED.
MM INDICATES DATA IS MISSING.
T  INDICATES TRACE AMOUNT.




$$
