000
CDUS43 KOAX 092155
CLILNK


CLIMATE REPORT
NATIONAL WEATHER SERVICE OMAHA NEBRASKA
453 PM CDT WED JUL 9 2014


...................................

...THE LINCOLN, NEBRASKA CLIMATE SUMMARY FOR JULY 9 2014...
VALID TODAY AS OF 0400 PM LOCAL TIME.

CLIMATE NORMAL PERIOD 1981 TO 2010
CLIMATE RECORD PERIOD 1887 TO 2014


WEATHER ITEM   OBSERVED TIME   RECORD YEAR NORMAL DEPARTURE LAST
                VALUE   (LST)  VALUE       VALUE  FROM      YEAR
                                                  NORMAL
..................................................................
TEMPERATURE (F)
 TODAY
  MAXIMUM         86    152 PM 104    1930  89     -3       98
                                      1912
  MINIMUM         59    457 AM  49    1895  66     -7       75
  AVERAGE         73                        78     -5       87

PRECIPITATION (IN)
  TODAY            T             2.14 1982   0.10  -0.10      T
  MONTH TO DATE    0.15                      1.07  -0.92      T
  SINCE JUN 1      6.05                      5.42   0.63     2.49
  SINCE JAN 1     15.80                     15.76   0.04    18.34

SNOWFALL (IN)
  TODAY            0.0                       0.0    0.0      0.0
  MONTH TO DATE    0.0                       0.0    0.0      0.0
  SINCE JUL 1      0.0                       0.0    0.0      0.0
  SNOW DEPTH       0

DEGREE DAYS
 HEATING
  TODAY            0                         0      0        0
  MONTH TO DATE    0                         0      0        0
  SINCE JUN 1      2                        16    -14       20
  SINCE JUL 1      0                         0      0        0

 COOLING
  TODAY            8                        13     -5       22
  MONTH TO DATE   84                       110    -26      101
  SINCE JUN 1    362                       352     10      332
  SINCE JAN 1    522                       431     91      419
..................................................................


WIND (MPH)
  HIGHEST WIND SPEED    12   HIGHEST WIND DIRECTION    SW (210)
  HIGHEST GUST SPEED    15   HIGHEST GUST DIRECTION    SW (220)
  AVERAGE WIND SPEED     3.2


SKY COVER
  POSSIBLE SUNSHINE  MM
  AVERAGE SKY COVER 0.1


WEATHER CONDITIONS
 THE FOLLOWING WEATHER WAS RECORDED TODAY.
  LIGHT RAIN


RELATIVE HUMIDITY (PERCENT)
 HIGHEST    87           500 AM
 LOWEST     37           100 PM
 AVERAGE    62

..........................................................


THE LINCOLN, NEBRASKA CLIMATE NORMALS FOR TOMORROW
                         NORMAL    RECORD    YEAR
 MAXIMUM TEMPERATURE (F)   89       103      1980
                                             1966
                                             1940
 MINIMUM TEMPERATURE (F)   66        48      1996


SUNRISE AND SUNSET
JULY  9 2014..........SUNRISE   604 AM CDT   SUNSET   900 PM CDT
JULY 10 2014..........SUNRISE   605 AM CDT   SUNSET   900 PM CDT


-  INDICATES NEGATIVE NUMBERS.
R  INDICATES RECORD WAS SET OR TIED.
MM INDICATES DATA IS MISSING.
T  INDICATES TRACE AMOUNT.




$$
