000
CDUS43 KOAX 020607
CLILNK


CLIMATE REPORT
NATIONAL WEATHER SERVICE OMAHA NEBRASKA
106 AM CDT SUN AUG 2 2015


...................................

...THE LINCOLN, NEBRASKA CLIMATE SUMMARY FOR AUGUST 1 2015...

CLIMATE NORMAL PERIOD 1981 TO 2010
CLIMATE RECORD PERIOD 1887 TO 2015


WEATHER ITEM   OBSERVED TIME   RECORD YEAR NORMAL DEPARTURE LAST
                VALUE   (LST)  VALUE       VALUE  FROM      YEAR
                                                  NORMAL
..................................................................
TEMPERATURE (F)
 YESTERDAY
  MAXIMUM         89        MM 105    2006  89      0       86
                                      1987
                                      1942
  MINIMUM         63        MM  48    1898  66     -3       63
  AVERAGE         76                        77     -1       75

PRECIPITATION (IN)
  YESTERDAY        T             2.39 1981   0.11  -0.11     0.00
  MONTH TO DATE    T                         0.11  -0.11     0.00
  SINCE JUN 1     10.05                      7.86   2.19     6.41
  SINCE JAN 1     25.55                     18.20   7.35    16.16

SNOWFALL (IN)
  YESTERDAY        0.0                       0.0    0.0      0.0
  MONTH TO DATE    0.0                       0.0    0.0      0.0
  SINCE JUL 1      0.0                       0.0    0.0      0.0
  SNOW DEPTH       0

DEGREE DAYS
 HEATING
  YESTERDAY        0                         0      0        0
  MONTH TO DATE    0                         0      0        0
  SINCE JUN 1      1                        17    -16        4
  SINCE JUL 1      1                         1      0        2

 COOLING
  YESTERDAY       11                        12     -1       10
  MONTH TO DATE   11                        12     -1       10
  SINCE JUN 1    657                       644     13      609
  SINCE JAN 1    709                       723    -14      769
..................................................................


WIND (MPH)
  HIGHEST WIND SPEED    18   HIGHEST WIND DIRECTION    NW (320)
  HIGHEST GUST SPEED    37   HIGHEST GUST DIRECTION    NW (320)
  AVERAGE WIND SPEED     6.4


SKY COVER
  POSSIBLE SUNSHINE  MM
  AVERAGE SKY COVER 0.1


WEATHER CONDITIONS
 THE FOLLOWING WEATHER WAS RECORDED YESTERDAY.
  LIGHT RAIN


RELATIVE HUMIDITY (PERCENT)
 HIGHEST    93           100 AM
 LOWEST     35           400 PM
 AVERAGE    64

..........................................................


THE LINCOLN, NEBRASKA CLIMATE NORMALS FOR TODAY
                         NORMAL    RECORD    YEAR
 MAXIMUM TEMPERATURE (F)   88       107      1964
                                             1930
 MINIMUM TEMPERATURE (F)   66        52      1927


SUNRISE AND SUNSET
AUGUST  2 2015........SUNRISE   624 AM CDT   SUNSET   842 PM CDT
AUGUST  3 2015........SUNRISE   625 AM CDT   SUNSET   841 PM CDT


-  INDICATES NEGATIVE NUMBERS.
R  INDICATES RECORD WAS SET OR TIED.
MM INDICATES DATA IS MISSING.
T  INDICATES TRACE AMOUNT.




$$
