000
CDUS43 KOAX 230645
CLILNK


CLIMATE REPORT
NATIONAL WEATHER SERVICE OMAHA NEBRASKA
143 AM CDT SAT MAY 23 2015


...................................

...THE LINCOLN, NEBRASKA CLIMATE SUMMARY FOR MAY 22 2015...

CLIMATE NORMAL PERIOD 1981 TO 2010
CLIMATE RECORD PERIOD 1887 TO 2015


WEATHER ITEM   OBSERVED TIME   RECORD YEAR NORMAL DEPARTURE LAST
                VALUE   (LST)  VALUE       VALUE  FROM      YEAR
                                                  NORMAL
..................................................................
TEMPERATURE (F)
 YESTERDAY
  MAXIMUM         65    154 PM  96    1925  76    -11       75
  MINIMUM         46    506 AM  36    1963  53     -7       57
  AVERAGE         56                        64     -8       66

PRECIPITATION (IN)
  YESTERDAY        0.00          2.43 1965   0.14  -0.14     0.59
  MONTH TO DATE   10.40                      3.06   7.34     3.92
  SINCE MAR 1     13.16                      7.70   5.46     7.55
  SINCE JAN 1     15.00                      9.11   5.89     8.41

SNOWFALL (IN)
  YESTERDAY        0.0                       0.0    0.0      0.0
  MONTH TO DATE    0.0                       0.1   -0.1      0.0
  SINCE JUL 1     21.9                      26.0   -4.1     18.2
  SNOW DEPTH       0

DEGREE DAYS
 HEATING
  YESTERDAY        9                         3      6        0
  MONTH TO DATE  128                       127      1      134
  SINCE MAR 1   1124                      1317   -193     1365
  SINCE JUL 1   5811                      6020   -209     6482

 COOLING
  YESTERDAY        0                         3     -3        1
  MONTH TO DATE   30                        34     -4       56
  SINCE MAR 1     35                        48    -13       71
  SINCE JAN 1     35                        48    -13       71
..................................................................


WIND (MPH)
  HIGHEST WIND SPEED    18   HIGHEST WIND DIRECTION    SE (150)
  HIGHEST GUST SPEED    21   HIGHEST GUST DIRECTION    SE (140)
  AVERAGE WIND SPEED     6.0


SKY COVER
  POSSIBLE SUNSHINE  MM
  AVERAGE SKY COVER 0.5


WEATHER CONDITIONS
 THE FOLLOWING WEATHER WAS RECORDED YESTERDAY.
  NO SIGNIFICANT WEATHER WAS OBSERVED.


RELATIVE HUMIDITY (PERCENT)
 HIGHEST    86           500 AM
 LOWEST     48           300 PM
 AVERAGE    67

..........................................................


THE LINCOLN, NEBRASKA CLIMATE NORMALS FOR TODAY
                         NORMAL    RECORD    YEAR
 MAXIMUM TEMPERATURE (F)   76        94      2012
                                             1939
 MINIMUM TEMPERATURE (F)   53        39      1893


SUNRISE AND SUNSET
MAY 23 2015...........SUNRISE   603 AM CDT   SUNSET   845 PM CDT
MAY 24 2015...........SUNRISE   602 AM CDT   SUNSET   846 PM CDT


-  INDICATES NEGATIVE NUMBERS.
R  INDICATES RECORD WAS SET OR TIED.
MM INDICATES DATA IS MISSING.
T  INDICATES TRACE AMOUNT.




$$
