000
CDUS43 KOAX 182153
CLILNK


CLIMATE REPORT
NATIONAL WEATHER SERVICE OMAHA NEBRASKA
449 PM CDT THU SEP 18 2014


...................................

...THE LINCOLN, NEBRASKA CLIMATE SUMMARY FOR SEPTEMBER 18 2014...
VALID TODAY AS OF 400 PM LOCAL TIME.

CLIMATE NORMAL PERIOD 1981 TO 2010
CLIMATE RECORD PERIOD 1887 TO 2014


WEATHER ITEM   OBSERVED TIME   RECORD YEAR NORMAL DEPARTURE LAST
                VALUE   (LST)  VALUE       VALUE  FROM      YEAR
                                                  NORMAL
..................................................................
TEMPERATURE (F)
 TODAY
  MAXIMUM         79    259 PM 100    1895  78      1       91
  MINIMUM         62    632 AM  31    1901  52     10       67
  AVERAGE         71                        65      6       79

PRECIPITATION (IN)
  TODAY            0.00          2.54 1919   0.10  -0.10     0.00
  MONTH TO DATE    3.26                      1.93   1.33     1.48
  SINCE SEP 1      3.26                      1.93   1.33     1.48
  SINCE JAN 1     26.96                     23.51   3.45    21.93

SNOWFALL (IN)
  TODAY            0.0                       0.0    0.0      0.0
  MONTH TO DATE    0.0                       0.0    0.0      0.0
  SINCE JUL 1      0.0                       0.0    0.0      0.0
  SNOW DEPTH       0

DEGREE DAYS
 HEATING
  TODAY            0                         3     -3        0
  MONTH TO DATE   83                        31     52        8
  SINCE SEP 1     83                        31     52        8
  SINCE JUL 1     85                        37     48       11

 COOLING
  TODAY            6                         3      3       14
  MONTH TO DATE   62                        96    -34      168
  SINCE SEP 1     62                        96    -34      168
  SINCE JAN 1   1173                      1131     42     1183
..................................................................


WIND (MPH)
  HIGHEST WIND SPEED    16   HIGHEST WIND DIRECTION    SE (120)
  HIGHEST GUST SPEED    22   HIGHEST GUST DIRECTION    SE (140)
  AVERAGE WIND SPEED     9.2


SKY COVER
  POSSIBLE SUNSHINE  MM
  AVERAGE SKY COVER 0.4


WEATHER CONDITIONS
 THE FOLLOWING WEATHER WAS RECORDED TODAY.
  FOG


RELATIVE HUMIDITY (PERCENT)
 HIGHEST   100           500 AM
 LOWEST     48           200 PM
 AVERAGE    74

..........................................................


THE LINCOLN, NEBRASKA CLIMATE NORMALS FOR TOMORROW
                         NORMAL    RECORD    YEAR
 MAXIMUM TEMPERATURE (F)   78        98      1895
 MINIMUM TEMPERATURE (F)   52        29      1991


SUNRISE AND SUNSET
SEPTEMBER 18 2014.....SUNRISE   711 AM CDT   SUNSET   731 PM CDT
SEPTEMBER 19 2014.....SUNRISE   712 AM CDT   SUNSET   729 PM CDT


-  INDICATES NEGATIVE NUMBERS.
R  INDICATES RECORD WAS SET OR TIED.
MM INDICATES DATA IS MISSING.
T  INDICATES TRACE AMOUNT.




$$

KLISH
