000
CDUS43 KOAX 230621
CLILNK


CLIMATE REPORT
NATIONAL WEATHER SERVICE OMAHA NEBRASKA
120 AM CDT WED JUL 23 2014


...................................

...THE LINCOLN, NEBRASKA CLIMATE SUMMARY FOR JULY 22 2014...

CLIMATE NORMAL PERIOD 1981 TO 2010
CLIMATE RECORD PERIOD 1887 TO 2014


WEATHER ITEM   OBSERVED TIME   RECORD YEAR NORMAL DEPARTURE LAST
                VALUE   (LST)  VALUE       VALUE  FROM      YEAR
                                                  NORMAL
..................................................................
TEMPERATURE (F)
 YESTERDAY
  MAXIMUM         96    158 PM 105    2012  89      7       97
                                      1941
                                      1934
  MINIMUM         73   1159 PM  53    1947  66      7       67
                                      1942
                                      1915
  AVERAGE         85                        78      7       82

PRECIPITATION (IN)
  YESTERDAY        0.00          1.47 1971   0.10  -0.10     0.00
  MONTH TO DATE    0.45                      2.48  -2.03      T
  SINCE JUN 1      6.35                      6.83  -0.48     2.49
  SINCE JAN 1     16.10                     17.17  -1.07    18.34

SNOWFALL (IN)
  YESTERDAY        0.0                       0.0    0.0      0.0
  MONTH TO DATE    0.0                       0.0    0.0      0.0
  SINCE JUL 1      0.0                       0.0    0.0      0.0
  SNOW DEPTH       0

DEGREE DAYS
 HEATING
  YESTERDAY        0                         0      0        0
  MONTH TO DATE    2                         0      2        0
  SINCE JUN 1      4                        16    -12       20
  SINCE JUL 1      2                         0      2        0

 COOLING
  YESTERDAY       20                        13      7       17
  MONTH TO DATE  223                       279    -56      301
  SINCE JUN 1    501                       521    -20      532
  SINCE JAN 1    661                       600     61      619
..................................................................


WIND (MPH)
  HIGHEST WIND SPEED    22   HIGHEST WIND DIRECTION     N (010)
  HIGHEST GUST SPEED    27   HIGHEST GUST DIRECTION    NE (030)
  AVERAGE WIND SPEED     9.7


SKY COVER
  POSSIBLE SUNSHINE  MM
  AVERAGE SKY COVER 0.0


WEATHER CONDITIONS
 THE FOLLOWING WEATHER WAS RECORDED YESTERDAY.
  NO SIGNIFICANT WEATHER WAS OBSERVED.


RELATIVE HUMIDITY (PERCENT)
 HIGHEST    84          1000 PM
 LOWEST     41           400 PM
 AVERAGE    63

..........................................................


THE LINCOLN, NEBRASKA CLIMATE NORMALS FOR TODAY
                         NORMAL    RECORD    YEAR
 MAXIMUM TEMPERATURE (F)   89       106      1941
 MINIMUM TEMPERATURE (F)   66        48      1948


SUNRISE AND SUNSET
JULY 23 2014..........SUNRISE   615 AM CDT   SUNSET   851 PM CDT
JULY 24 2014..........SUNRISE   616 AM CDT   SUNSET   851 PM CDT


-  INDICATES NEGATIVE NUMBERS.
R  INDICATES RECORD WAS SET OR TIED.
MM INDICATES DATA IS MISSING.
T  INDICATES TRACE AMOUNT.




$$
