000
CDUS43 KLOT 300633
CLILOT


CLIMATE REPORT
NATIONAL WEATHER SERVICE CHICAGO IL
133 AM CDT SAT MAY 30 2015


...................................

...THE ROMEOVILLE  WFO CLIMATE SUMMARY FOR MAY 29 2015...

CLIMATE NORMAL PERIOD 1981 TO 2010
CLIMATE RECORD PERIOD 1992 TO 2015


WEATHER ITEM   OBSERVED RECORD YEAR NORMAL DEPARTURE LAST
                VALUE   VALUE       VALUE  FROM      YEAR
                                           NORMAL
...........................................................
TEMPERATURE (F)
 YESTERDAY
  MAXIMUM         82     92    2006  75      7       78
  MINIMUM         66     39    1992  54     12       55
  AVERAGE         74                 65      9       67

PRECIPITATION (IN)
  YESTERDAY        0.15   0.67 2006   0.15   0.00     0.00
  MONTH TO DATE    4.11               3.98   0.13     4.59
  SINCE MAR 1      8.36              10.71  -2.35    10.51
  SINCE JAN 1     11.20              14.42  -3.22    15.37

DEGREE DAYS
 HEATING
  YESTERDAY        0                  3     -3
  MONTH TO DATE  137                186    -49
  SINCE MAR 1   1456               1452      4
  SINCE JUL 1   6701               6180    521

 COOLING
  YESTERDAY        9                  3      6
  MONTH TO DATE   76                 47     29
  SINCE MAR 1     76                 52     24
  SINCE JAN 1     76                 52     24
...........................................................







THE ROMEOVILLE  WFO CLIMATE NORMALS FOR TODAY
                         NORMAL    RECORD    YEAR
 MAXIMUM TEMPERATURE (F)   75        90      2010
 MINIMUM TEMPERATURE (F)   54        40      1996


SUNRISE AND SUNSET
MAY 30 2015...........SUNRISE   522 AM CDT   SUNSET   818 PM CDT
MAY 31 2015...........SUNRISE   521 AM CDT   SUNSET   819 PM CDT


-  INDICATES NEGATIVE NUMBERS.
R  INDICATES RECORD WAS SET OR TIED.
MM INDICATES DATA IS MISSING.
T  INDICATES TRACE AMOUNT.




$$
