000
CDUS43 KLOT 192140
CLILOT


CLIMATE REPORT
NATIONAL WEATHER SERVICE CHICAGO IL
436 PM CDT SAT APR 19 2014


...................................

...THE ROMEOVILLE  WFO CLIMATE SUMMARY FOR APRIL 19 2014...
VALID TODAY AS OF 0400 PM LOCAL TIME.

CLIMATE NORMAL PERIOD 1981 TO 2010
CLIMATE RECORD PERIOD 1992 TO 2014


WEATHER ITEM   OBSERVED TIME   RECORD YEAR NORMAL DEPARTURE
                VALUE   (LST)  VALUE       VALUE  FROM
                                                  NORMAL
...............................................................
TEMPERATURE (F)
 TODAY
  MAXIMUM         69    100 PM  81    2005  62      7
  MINIMUM         36        MM  33    2013  41     -5
                                      1999
  AVERAGE         53                        52      1

PRECIPITATION (IN)
  TODAY            0.00          1.05 1993   0.14  -0.14
  MONTH TO DATE    2.06                      2.34  -0.28
  SINCE MAR 1      4.17                      5.11  -0.94
  SINCE JAN 1      9.03                      8.82   0.21

SNOWFALL (IN)
  TODAY            0.0           T    2013   0.0    0.0
  MONTH TO DATE    1.0                       0.5    0.5
  SINCE MAR 1     11.2                       4.9    6.3
  SINCE JUL 1     76.7                      32.3   44.4

DEGREE DAYS
 HEATING
  TODAY           12                        14     -2
  MONTH TO DATE  339                       322     17
  SINCE MAR 1   1389                      1139    250
  SINCE JUL 1   6993                      5867   1126

 COOLING
  TODAY            0                         0      0
  MONTH TO DATE    0                         0      0
  SINCE MAR 1      0                         0      0
  SINCE JAN 1      0                         0      0
...............................................................







THE ROMEOVILLE  WFO CLIMATE NORMALS FOR TOMORROW
                         NORMAL    RECORD    YEAR
 MAXIMUM TEMPERATURE (F)   63        76      2005
                                             2001
 MINIMUM TEMPERATURE (F)   41        29      2013


SUNRISE AND SUNSET
APRIL 19 2014.........SUNRISE   606 AM CDT   SUNSET   737 PM CDT
APRIL 20 2014.........SUNRISE   605 AM CDT   SUNSET   738 PM CDT


-  INDICATES NEGATIVE NUMBERS.
R  INDICATES RECORD WAS SET OR TIED.
MM INDICATES DATA IS MISSING.
T  INDICATES TRACE AMOUNT.




$$
