000
CDUS43 KLOT 280634
CLILOT


CLIMATE REPORT
NATIONAL WEATHER SERVICE CHICAGO IL
134 AM CDT TUE JUL 28 2015


...................................

...THE ROMEOVILLE  WFO CLIMATE SUMMARY FOR JULY 27 2015...

CLIMATE NORMAL PERIOD 1981 TO 2010
CLIMATE RECORD PERIOD 1992 TO 2015


WEATHER ITEM   OBSERVED RECORD YEAR NORMAL DEPARTURE LAST
                VALUE   VALUE       VALUE  FROM      YEAR
                                           NORMAL
...........................................................
TEMPERATURE (F)
 YESTERDAY
  MAXIMUM         89     94    1997  84      5       86
  MINIMUM         68     55    2013  64      4       64
                               1994
  AVERAGE         79                 74      5       75

PRECIPITATION (IN)
  YESTERDAY        0.00   4.90 2003   0.16  -0.16      T
  MONTH TO DATE    3.73               4.05  -0.32     4.30
  SINCE JUN 1     12.23               8.39   3.84    13.52
  SINCE JAN 1     24.14              23.09   1.05    28.89

DEGREE DAYS
 HEATING
  YESTERDAY        0                  0      0
  MONTH TO DATE   11                  0     11
  SINCE JUN 1     38                 33      5
  SINCE JUL 1     11                  0     11

 COOLING
  YESTERDAY       14                  9      5
  MONTH TO DATE  193                243    -50
  SINCE JUN 1    330                423    -93
  SINCE JAN 1    406                481    -75
...........................................................







THE ROMEOVILLE  WFO CLIMATE NORMALS FOR TODAY
                         NORMAL    RECORD    YEAR
 MAXIMUM TEMPERATURE (F)   83        91      2010
                                             2006
                                             1999
 MINIMUM TEMPERATURE (F)   64        50      2013


SUNRISE AND SUNSET
JULY 28 2015..........SUNRISE   543 AM CDT   SUNSET   814 PM CDT
JULY 29 2015..........SUNRISE   544 AM CDT   SUNSET   813 PM CDT


-  INDICATES NEGATIVE NUMBERS.
R  INDICATES RECORD WAS SET OR TIED.
MM INDICATES DATA IS MISSING.
T  INDICATES TRACE AMOUNT.




$$
