000
CDUS43 KLOT 280707
CLILOT


CLIMATE REPORT
NATIONAL WEATHER SERVICE CHICAGO IL
206 AM CDT TUE MAR 28 2017


...................................

...THE ROMEOVILLE  WFO CLIMATE SUMMARY FOR MARCH 27 2017...

CLIMATE NORMAL PERIOD 1981 TO 2010
CLIMATE RECORD PERIOD 1992 TO 2017


WEATHER ITEM   OBSERVED RECORD YEAR NORMAL DEPARTURE LAST
                VALUE   VALUE       VALUE  FROM      YEAR
                                           NORMAL
...........................................................
TEMPERATURE (F)
 YESTERDAY
  MAXIMUM         54     77    1998  53      1       62
  MINIMUM         40     12    1996  33      7       40
  AVERAGE         47                 43      4       51

PRECIPITATION (IN)
  YESTERDAY        T      0.71 1995   0.09  -0.09     0.21
  MONTH TO DATE    2.62               2.39   0.23     3.32
  SINCE MAR 1      2.62               2.39   0.23     3.32
  SINCE JAN 1      8.33               6.10   2.23     5.39

SNOWFALL (IN)
  YESTERDAY        0.0    0.9  2015   0.1   -0.1      0.0
  MONTH TO DATE    4.9                4.2    0.7      2.0
  SINCE MAR 1      4.9                4.2    0.7      2.0
  SINCE JUL 1     24.3               31.6   -7.3     21.9
  SNOW DEPTH       0

DEGREE DAYS
 HEATING
  YESTERDAY       18                 22     -4
  MONTH TO DATE  707                732    -25
  SINCE MAR 1    707                732    -25
  SINCE JUL 1   4682               5460   -778

 COOLING
  YESTERDAY        0                  0      0
  MONTH TO DATE    0                  0      0
  SINCE MAR 1      0                  0      0
  SINCE JAN 1      0                  0      0
...........................................................







THE ROMEOVILLE  WFO CLIMATE NORMALS FOR TODAY
                         NORMAL    RECORD    YEAR
 MAXIMUM TEMPERATURE (F)   53        74      2004
 MINIMUM TEMPERATURE (F)   33        18      2015


SUNRISE AND SUNSET
MARCH 28 2017.........SUNRISE   642 AM CDT   SUNSET   714 PM CDT
MARCH 29 2017.........SUNRISE   640 AM CDT   SUNSET   715 PM CDT


-  INDICATES NEGATIVE NUMBERS.
R  INDICATES RECORD WAS SET OR TIED.
MM INDICATES DATA IS MISSING.
T  INDICATES TRACE AMOUNT.




$$
