000
CDUS43 KLOT 300636
CLILOT


CLIMATE REPORT
NATIONAL WEATHER SERVICE CHICAGO IL
136 AM CDT MON MAR 30 2015


...................................

...THE ROMEOVILLE  WFO CLIMATE SUMMARY FOR MARCH 29 2015...

CLIMATE NORMAL PERIOD 1981 TO 2010
CLIMATE RECORD PERIOD 1992 TO 2015


WEATHER ITEM   OBSERVED RECORD YEAR NORMAL DEPARTURE LAST
                VALUE   VALUE       VALUE  FROM      YEAR
                                           NORMAL
...........................................................
TEMPERATURE (F)
 YESTERDAY
  MAXIMUM         49     80    1998  54     -5       42
  MINIMUM         25     23    2008  33     -8       28
  AVERAGE         37                 44     -7       35

PRECIPITATION (IN)
  YESTERDAY        0.07   0.40 2009   0.10  -0.03     0.00
  MONTH TO DATE    0.79               2.58  -1.79     2.09
  SINCE MAR 1      0.79               2.58  -1.79     2.09
  SINCE JAN 1      3.63               6.29  -2.66     6.95

SNOWFALL (IN)
  YESTERDAY        0.0    1.5  2009   0.1   -0.1      0.0
  MONTH TO DATE    5.2                4.3    0.9     10.2
  SINCE MAR 1      5.2                4.3    0.9     10.2
  SINCE JUL 1     36.4               31.7    4.7     75.7
  SNOW DEPTH       0

DEGREE DAYS
 HEATING
  YESTERDAY       28                 21      7
  MONTH TO DATE  867                775     92
  SINCE MAR 1    867                775     92
  SINCE JUL 1   6112               5503    609

 COOLING
  YESTERDAY        0                  0      0
  MONTH TO DATE    0                  0      0
  SINCE MAR 1      0                  0      0
  SINCE JAN 1      0                  0      0
...........................................................







THE ROMEOVILLE  WFO CLIMATE NORMALS FOR TODAY
                         NORMAL    RECORD    YEAR
 MAXIMUM TEMPERATURE (F)   54        79      1998
 MINIMUM TEMPERATURE (F)   34        22      2014


SUNRISE AND SUNSET
MARCH 30 2015.........SUNRISE   639 AM CDT   SUNSET   715 PM CDT
MARCH 31 2015.........SUNRISE   637 AM CDT   SUNSET   716 PM CDT


-  INDICATES NEGATIVE NUMBERS.
R  INDICATES RECORD WAS SET OR TIED.
MM INDICATES DATA IS MISSING.
T  INDICATES TRACE AMOUNT.




$$
