000
CDUS43 KLMK 012131
CLILOU


CLIMATE REPORT
NATIONAL WEATHER SERVICE LOUISVILLE KY
431 PM EST SUN FEB 1 2015


...................................

...THE LOUISVILLE BOWMAN KY CLIMATE SUMMARY FOR FEBRUARY 1 2015...
VALID TODAY AS OF 0400 PM LOCAL TIME.

CLIMATE NORMAL PERIOD 1981 TO 2010
CLIMATE RECORD PERIOD 9999 TO 9999


WEATHER ITEM   OBSERVED TIME   RECORD YEAR NORMAL DEPARTURE LAST
                VALUE   (LST)  VALUE       VALUE  FROM      YEAR
                                                  NORMAL
..................................................................
TEMPERATURE (F)
 TODAY
  MAXIMUM         46    359 PM  MM      MM  43      3       62
  MINIMUM         38    241 AM  MM      MM  27     11       39
  AVERAGE         42                        35      7       51

PRECIPITATION (IN)
  TODAY            0.27         MM      MM   0.12   0.15     0.00
  MONTH TO DATE    0.27                      0.12   0.15     0.00
  SINCE DEC 1      4.36                      7.51  -3.15     7.78
  SINCE JAN 1      1.18                      3.50  -2.32     2.26

SNOWFALL (IN)
  TODAY           MM            MM      MM  MM     MM       MM
  MONTH TO DATE   MM                        MM     MM       MM
  SINCE DEC 1     MM                        MM     MM       MM
  SINCE JUL 1     MM                        MM     MM       MM
  SNOW DEPTH      MM

DEGREE DAYS
 HEATING
  TODAY           23                        30     -7       14
  MONTH TO DATE   23                        30     -7       14
  SINCE DEC 1   1775                      1835    -60     1999
  SINCE JUL 1   2754                      2639    115     2907

 COOLING
  TODAY            0                         0      0        0
  MONTH TO DATE    0                         0      0        0
  SINCE DEC 1      0                         0      0        0
  SINCE JAN 1      0                         0      0        0
..................................................................


WIND (MPH)
  HIGHEST WIND SPEED    20   HIGHEST WIND DIRECTION     W (260)
  HIGHEST GUST SPEED    26   HIGHEST GUST DIRECTION     S (180)
  AVERAGE WIND SPEED     7.7


SKY COVER
  POSSIBLE SUNSHINE  MM
  AVERAGE SKY COVER 1.0


WEATHER CONDITIONS
 THE FOLLOWING WEATHER WAS RECORDED TODAY.
  RAIN
  LIGHT RAIN
  FOG


RELATIVE HUMIDITY (PERCENT)
 HIGHEST    89           300 PM
 LOWEST     33          1000 AM
 AVERAGE    61

..........................................................




SUNRISE AND SUNSET
FEBRUARY  1 2015......SUNRISE   748 AM EST   SUNSET   605 PM EST
FEBRUARY  2 2015......SUNRISE   747 AM EST   SUNSET   606 PM EST


-  INDICATES NEGATIVE NUMBERS.
R  INDICATES RECORD WAS SET OR TIED.
MM INDICATES DATA IS MISSING.
T  INDICATES TRACE AMOUNT.




$$
