000
CDUS43 KJKL 300533
CLILOZ

CLIMATE REPORT
NATIONAL WEATHER SERVICE JACKSON KY
129 AM EDT SAT MAY 30 2015

...................................

...THE LONDON KY CLIMATE SUMMARY FOR MAY 29 2015...

CLIMATE NORMAL PERIOD 1981 TO 2010
CLIMATE RECORD PERIOD 1954 TO 2015

WEATHER ITEM   OBSERVED TIME   RECORD YEAR NORMAL DEPARTURE LAST
                VALUE   (LST)  VALUE       VALUE  FROM      YEAR
                                                  NORMAL
..................................................................
TEMPERATURE (F)
 YESTERDAY
  MAXIMUM         85    454 PM  90    1987  79      6       87
  MINIMUM         64    531 AM  43    1968  57      7       61
  AVERAGE         75                        68      7       74

PRECIPITATION (IN)
  YESTERDAY        0.50          1.46 1992   0.18   0.32     0.01
  MONTH TO DATE    1.48                      4.84  -3.36     2.23
  SINCE MAR 1     12.36                     12.94  -0.58    12.48
  SINCE JAN 1     19.83                     20.19  -0.36    18.99

SNOWFALL (IN)
  YESTERDAY       MM
  MONTH TO DATE   MM
  SINCE MAR 1     MM
  SINCE JUL 1     MM
  SNOW DEPTH      MM

DEGREE DAYS
 HEATING
  YESTERDAY        0                         1     -1        0
  MONTH TO DATE   41                        92    -51       83
  SINCE MAR 1    759                       917   -158      913
  SINCE JUL 1   4380                      4193    187     4420

 COOLING
  YESTERDAY       10                         5      5        9
  MONTH TO DATE  150                        78     72      121
  SINCE MAR 1    173                       104     69      146
  SINCE JAN 1    173                       104     69      146
..................................................................

WIND (MPH)
  HIGHEST WIND SPEED    18   HIGHEST WIND DIRECTION     W (280)
  HIGHEST GUST SPEED    23   HIGHEST GUST DIRECTION     W (280)
  AVERAGE WIND SPEED     4.1

SKY COVER
  POSSIBLE SUNSHINE  MM
  AVERAGE SKY COVER 0.4

WEATHER CONDITIONS
 THE FOLLOWING WEATHER WAS RECORDED YESTERDAY.
  THUNDERSTORM
  HEAVY RAIN
  LIGHT RAIN
  FOG
  FOG W/VISIBILITY <= 1/4 MILE

RELATIVE HUMIDITY (PERCENT)
 HIGHEST    87          1200 AM
 LOWEST     44           300 PM
 AVERAGE    66
..........................................................

THE LONDON KY CLIMATE NORMALS FOR TODAY
                         NORMAL    RECORD    YEAR
 MAXIMUM TEMPERATURE (F)   80        91      2006
 MINIMUM TEMPERATURE (F)   57        39      1984

SUNRISE AND SUNSET
MAY 30 2015...........SUNRISE   619 AM EDT   SUNSET   849 PM EDT
MAY 31 2015...........SUNRISE   618 AM EDT   SUNSET   850 PM EDT

-  INDICATES NEGATIVE NUMBERS.
R  INDICATES RECORD WAS SET OR TIED.
MM INDICATES DATA IS MISSING.
T  INDICATES TRACE AMOUNT.

$$

SHALLENBERGER
