000
CDUS44 KCRP 220922
CLILRD

CLIMATE REPORT
NATIONAL WEATHER SERVICE CORPUS CHRISTI TX
420 AM CDT TUE AUG 22 2017


...................................

...THE LAREDO CLIMATE SUMMARY FOR AUGUST 21 2017...

CLIMATE NORMAL PERIOD 1981 TO 2010
CLIMATE RECORD PERIOD 1900 TO 2017


WEATHER ITEM   OBSERVED TIME   RECORD YEAR NORMAL DEPARTURE LAST
                VALUE   (LST)  VALUE       VALUE  FROM      YEAR
                                                  NORMAL
..................................................................
TEMPERATURE (F)
 YESTERDAY
  MAXIMUM        100        MM 109    1997 100      0       88
  MINIMUM         77    600 AM  63    1908  77      0       73
  AVERAGE         89                        88      1       81

PRECIPITATION (IN)
  YESTERDAY        0.00          1.10 2016   0.07  -0.07     1.10
  MONTH TO DATE    0.73                      1.00  -0.27     2.83
  SINCE JUN 1      2.11                      5.24  -3.13     6.09
  SINCE JAN 1     12.51                     12.11   0.40    16.60

SNOWFALL (IN)
  YESTERDAY        0.0
  MONTH TO DATE    0.0
  SINCE JUN 1      0.0
  SINCE JUL 1      0.0

DEGREE DAYS
 HEATING
  YESTERDAY        0                         0      0        0
  MONTH TO DATE    0                         0      0        0
  SINCE JUN 1      0                         0      0        0
  SINCE JUL 1      0                         0      0        0

 COOLING
  YESTERDAY       24                        23      1       16
  MONTH TO DATE  524                       503     21      506
  SINCE JUN 1   1981                      1876    105     1946
  SINCE JAN 1   3504                      3019    485     3210
..................................................................


WIND (MPH)
  HIGHEST WIND SPEED    22   HIGHEST WIND DIRECTION    SE (120)
  HIGHEST GUST SPEED    31   HIGHEST GUST DIRECTION    SE (120)
  AVERAGE WIND SPEED    11.1


SKY COVER
  POSSIBLE SUNSHINE  MM
  AVERAGE SKY COVER 0.2


WEATHER CONDITIONS
 THE FOLLOWING WEATHER WAS RECORDED YESTERDAY.
  NO SIGNIFICANT WEATHER WAS OBSERVED.


RELATIVE HUMIDITY (PERCENT)
 HIGHEST    88           600 AM
 LOWEST     35           300 PM

..........................................................


THE LAREDO CLIMATE NORMALS FOR TODAY
                         NORMAL    RECORD    YEAR
 MAXIMUM TEMPERATURE (F)  100       109      1997
 MINIMUM TEMPERATURE (F)   77        62      1940


SUNRISE AND SUNSET
AUGUST 22 2017........SUNRISE   712 AM CDT   SUNSET   809 PM CDT
AUGUST 23 2017........SUNRISE   713 AM CDT   SUNSET   808 PM CDT


-  INDICATES NEGATIVE NUMBERS.
R  INDICATES RECORD WAS SET OR TIED.
MM INDICATES DATA IS MISSING.
T  INDICATES TRACE AMOUNT.

$$

GW
