000
CDUS44 KCRP 210659
CLILRD

CLIMATE REPORT
NATIONAL WEATHER SERVICE CORPUS CHRISTI TX
156 AM CDT THU AUG 21 2014


...................................

...THE LAREDO CLIMATE SUMMARY FOR AUGUST 20 2014...

CLIMATE NORMAL PERIOD 1981 TO 2010
CLIMATE RECORD PERIOD 1900 TO 2014


WEATHER ITEM   OBSERVED TIME   RECORD YEAR NORMAL DEPARTURE LAST
                VALUE   (LST)  VALUE       VALUE  FROM      YEAR
                                                  NORMAL
..................................................................
TEMPERATURE (F)
 YESTERDAY
  MAXIMUM        103    353 PM 110    1986 100      3       98
  MINIMUM         79    637 AM  63    1908  77      2       74
  AVERAGE         91                        89      2       86

PRECIPITATION (IN)
  YESTERDAY        T             2.02 2001   0.07  -0.07     0.00
  MONTH TO DATE    0.49                      0.93  -0.44     0.01
  SINCE JUN 1      2.38                      5.17  -2.79     4.46
  SINCE JAN 1      7.41                     12.04  -4.63    11.54

SNOWFALL (IN)
  YESTERDAY        0.0
  MONTH TO DATE    0.0
  SINCE JUN 1      0.0
  SINCE JUL 1      0.0

DEGREE DAYS
 HEATING
  YESTERDAY        0                         0      0        0
  MONTH TO DATE    0                         0      0        0
  SINCE JUN 1      0                         0      0        0
  SINCE JUL 1      0                         0      0        0

 COOLING
  YESTERDAY       26                        24      2       21
  MONTH TO DATE  519                       480     39      521
  SINCE JUN 1   2018                      1853    165     1954
  SINCE JAN 1   3143                      2996    147     3155
..................................................................


WIND (MPH)
  HIGHEST WIND SPEED    28   HIGHEST WIND DIRECTION    SE (150)
  HIGHEST GUST SPEED    31   HIGHEST GUST DIRECTION    SE (140)
  AVERAGE WIND SPEED    16.0


SKY COVER
  POSSIBLE SUNSHINE  MM
  AVERAGE SKY COVER 0.1


WEATHER CONDITIONS
 THE FOLLOWING WEATHER WAS RECORDED YESTERDAY.
  LIGHT RAIN


RELATIVE HUMIDITY (PERCENT)
 HIGHEST    79           600 AM
 LOWEST     30           400 PM

..........................................................


THE LAREDO CLIMATE NORMALS FOR TODAY
                         NORMAL    RECORD    YEAR
 MAXIMUM TEMPERATURE (F)  100       109      1997
 MINIMUM TEMPERATURE (F)   77        63      1908


SUNRISE AND SUNSET
AUGUST 21 2014........SUNRISE   712 AM CDT   SUNSET   810 PM CDT
AUGUST 22 2014........SUNRISE   712 AM CDT   SUNSET   809 PM CDT


-  INDICATES NEGATIVE NUMBERS.
R  INDICATES RECORD WAS SET OR TIED.
MM INDICATES DATA IS MISSING.
T  INDICATES TRACE AMOUNT.

$$

GW
