000
CDUS44 KCRP 280655
CLILRD

CLIMATE REPORT
NATIONAL WEATHER SERVICE CORPUS CHRISTI TX
156 AM CDT TUE JUL 28 2015


...THE LAREDO CLIMATE SUMMARY FOR JULY 27 2015...

CLIMATE NORMAL PERIOD 1981 TO 2010
CLIMATE RECORD PERIOD 1900 TO 2015


WEATHER ITEM   OBSERVED TIME   RECORD YEAR NORMAL DEPARTURE LAST
                VALUE   (LST)  VALUE       VALUE  FROM      YEAR
                                                  NORMAL
..................................................................
TEMPERATURE (F)
 YESTERDAY
  MAXIMUM        106    305 PM 109    1954 100      6      106
  MINIMUM         78    647 AM  65    1915  77      1       78
  AVERAGE         92                        88      4       92

PRECIPITATION (IN)
  YESTERDAY        0.00          1.20 1919   0.05  -0.05     0.00
  MONTH TO DATE    T                         1.84  -1.84     1.34
  SINCE JUN 1      1.20                      4.07  -2.87     1.89
  SINCE JAN 1     19.90                     10.94   8.96     6.92

SNOWFALL (IN)
  YESTERDAY        0.0
  MONTH TO DATE    0.0
  SINCE JUN 1      0.0
  SINCE JUL 1      0.0

DEGREE DAYS
 HEATING
  YESTERDAY        0                         0      0        0
  MONTH TO DATE    0                         0      0        0
  SINCE JUN 1      0                         0      0        0
  SINCE JUL 1      0                         0      0        0

 COOLING
  YESTERDAY       27                        23      4       27
  MONTH TO DATE  656                       621     35      654
  SINCE JUN 1   1256                      1281    -25     1390
  SINCE JAN 1   2198                      2424   -226     2515
..................................................................


WIND (MPH)
  HIGHEST WIND SPEED    22   HIGHEST WIND DIRECTION    SE (120)
  HIGHEST GUST SPEED    25   HIGHEST GUST DIRECTION    SE (120)
  AVERAGE WIND SPEED    12.2


SKY COVER
  POSSIBLE SUNSHINE  MM
  AVERAGE SKY COVER 0.0


WEATHER CONDITIONS
 THE FOLLOWING WEATHER WAS RECORDED YESTERDAY.
  FOG
  HAZE


RELATIVE HUMIDITY (PERCENT)
 HIGHEST    88           500 AM
 LOWEST     25           400 PM

..........................................................


THE LAREDO CLIMATE NORMALS FOR TODAY
                         NORMAL    RECORD    YEAR
 MAXIMUM TEMPERATURE (F)  100       109      1995
 MINIMUM TEMPERATURE (F)   77        65      1923


SUNRISE AND SUNSET
JULY 28 2015..........SUNRISE   659 AM CDT   SUNSET   829 PM CDT
JULY 29 2015..........SUNRISE   700 AM CDT   SUNSET   829 PM CDT


-  INDICATES NEGATIVE NUMBERS.
R  INDICATES RECORD WAS SET OR TIED.
MM INDICATES DATA IS MISSING.
T  INDICATES TRACE AMOUNT.

$$

TMT
