000
CDUS44 KCRP 312135 RRB
CLILRD

CLIMATE REPORT
NATIONAL WEATHER SERVICE CORPUS CHRISTI TX
433 PM CDT WED AUG 31 2016

...................................

...THE LAREDO CLIMATE SUMMARY FOR AUGUST 31 2016...
VALID AS OF 400 PM LOCAL TIME.

CLIMATE NORMAL PERIOD 1981 TO 2010
CLIMATE RECORD PERIOD 1900 TO 2016


WEATHER ITEM   OBSERVED TIME   RECORD YEAR NORMAL DEPARTURE LAST
                VALUE   (LST)  VALUE       VALUE  FROM      YEAR
                                                  NORMAL
..................................................................
TEMPERATURE (F)
 TODAY
  MAXIMUM         91    300 PM 107    2005  98     -7      101
  MINIMUM         74        MM  67    1911  76     -2       76
  AVERAGE         83                        87     -4       89

PRECIPITATION (IN)
  TODAY            0.00          2.50 1917   0.10  -0.10     0.00
  MONTH TO DATE    3.31                      1.88   1.43     0.03
  SINCE JUN 1      6.57                      6.12   0.45     1.29
  SINCE JAN 1     17.08                     12.99   4.09    19.99

SNOWFALL (IN)
  TODAY            0.0
  MONTH TO DATE    0.0
  SINCE JUN 1      0.0
  SINCE JUL 1      0.0
  SNOW DEPTH       0

DEGREE DAYS
 HEATING
  TODAY            0                         0      0        0
  MONTH TO DATE    0                         0      0        0
  SINCE JUN 1      0                         0      0        0
  SINCE JUL 1      0                         0      0        0

 COOLING
  TODAY           18                        22     -4       24
  MONTH TO DATE  713                       727    -14      788
  SINCE JUN 1   2153                      2100     53     2147
  SINCE JAN 1   3417                      3243    174     3089
..................................................................


WIND (MPH)
  HIGHEST WIND SPEED    10   HIGHEST WIND DIRECTION     N (10)
  HIGHEST GUST SPEED    MM   HIGHEST GUST DIRECTION    MM


SKY COVER
  POSSIBLE SUNSHINE  MM
  AVERAGE SKY COVER 0.4


WEATHER CONDITIONS
 THE FOLLOWING WEATHER WAS RECORDED TODAY.
  NO SIGNIFICANT WEATHER WAS OBSERVED.


RELATIVE HUMIDITY (PERCENT)
 HIGHEST   100           600 AM
 LOWEST     49           300 PM
 AVERAGE    75

..........................................................


THE LAREDO CLIMATE NORMALS FOR TOMORROW
                         NORMAL    RECORD    YEAR
 MAXIMUM TEMPERATURE (F)   97       108      1974
 MINIMUM TEMPERATURE (F)   76        54      1923


SUNRISE AND SUNSET
AUGUST 31 2016........SUNRISE   717 AM CDT   SUNSET   759 PM CDT
SEPTEMBER  1 2016.....SUNRISE   717 AM CDT   SUNSET   758 PM CDT


-  INDICATES NEGATIVE NUMBERS.
R  INDICATES RECORD WAS SET OR TIED.
MM INDICATES DATA IS MISSING.
T  INDICATES TRACE AMOUNT.




$$
