000
CDUS44 KCRP 220714
CLILRD

CLIMATE REPORT
NATIONAL WEATHER SERVICE CORPUS CHRISTI TX
212 AM CDT WED OCT 22 2014

...................................

...THE LAREDO CLIMATE SUMMARY FOR OCTOBER 21 2014...

CLIMATE NORMAL PERIOD 1981 TO 2010
CLIMATE RECORD PERIOD 1900 TO 2014


WEATHER ITEM   OBSERVED TIME   RECORD YEAR NORMAL DEPARTURE LAST
                VALUE   (LST)  VALUE       VALUE  FROM      YEAR
                                                  NORMAL
..................................................................
TEMPERATURE (F)
 YESTERDAY
  MAXIMUM         83   1121 AM 100    1926  85     -2       86
  MINIMUM         69    125 AM  43    1976  64      5       68
  AVERAGE         76                        75      1       77

PRECIPITATION (IN)
  YESTERDAY        0.13          3.47 1985   0.07   0.06     0.01
  MONTH TO DATE    0.13                      1.67  -1.54     3.62
  SINCE SEP 1      5.93                      4.60   1.33     6.97
  SINCE JAN 1     13.51                     17.59  -4.08    19.84

SNOWFALL (IN)
  YESTERDAY        0.0
  MONTH TO DATE    0.0
  SINCE SEP 1      0.0
  SINCE JUL 1      0.0

DEGREE DAYS
 HEATING
  YESTERDAY        0                         0      0        0
  MONTH TO DATE    0                         0      0        0
  SINCE SEP 1      0                         1     -1        0
  SINCE JUL 1      0                         1     -1        0

 COOLING
  YESTERDAY       11                        10      1       12
  MONTH TO DATE  314                       257     57      277
  SINCE SEP 1    860                       799     61      837
  SINCE JAN 1   4293                      4042    251     4242
..................................................................


WIND (MPH)
  HIGHEST WIND SPEED    17   HIGHEST WIND DIRECTION    SE (140)
  HIGHEST GUST SPEED    18   HIGHEST GUST DIRECTION    SE (140)
  AVERAGE WIND SPEED     6.2


SKY COVER
  POSSIBLE SUNSHINE  MM
  AVERAGE SKY COVER 0.6


WEATHER CONDITIONS
 THE FOLLOWING WEATHER WAS RECORDED YESTERDAY.
  RAIN
  LIGHT RAIN
  FOG


RELATIVE HUMIDITY (PERCENT)
 HIGHEST   100           500 AM
 LOWEST     56          1200 PM

..........................................................


THE LAREDO CLIMATE NORMALS FOR TODAY
                         NORMAL    RECORD    YEAR
 MAXIMUM TEMPERATURE (F)   85        98      1994
 MINIMUM TEMPERATURE (F)   64        40      1910


SUNRISE AND SUNSET
OCTOBER 22 2014.......SUNRISE   742 AM CDT   SUNSET   702 PM CDT
OCTOBER 23 2014.......SUNRISE   743 AM CDT   SUNSET   701 PM CDT


-  INDICATES NEGATIVE NUMBERS.
R  INDICATES RECORD WAS SET OR TIED.
MM INDICATES DATA IS MISSING.
T  INDICATES TRACE AMOUNT.

$$
