000
CDUS44 KCRP 310924
CLILRD

CLIMATE REPORT
NATIONAL WEATHER SERVICE CORPUS CHRISTI TX
422 AM CDT MON AUG 31 2015


...................................

...THE LAREDO CLIMATE SUMMARY FOR AUGUST 30 2015...

CLIMATE NORMAL PERIOD 1981 TO 2010
CLIMATE RECORD PERIOD 1900 TO 2015


WEATHER ITEM   OBSERVED TIME   RECORD YEAR NORMAL DEPARTURE LAST
                VALUE   (LST)  VALUE       VALUE  FROM      YEAR
                                                  NORMAL
..................................................................
TEMPERATURE (F)
 YESTERDAY
  MAXIMUM        101        MM 107    1991  98      3      101
  MINIMUM         76        MM  62    1973  76      0       77
  AVERAGE         89                        87      2       89

PRECIPITATION (IN)
  YESTERDAY        0.00          1.77 2001   0.10  -0.10     0.17
  MONTH TO DATE    0.03                      1.78  -1.75     0.66
  SINCE JUN 1      1.29                      6.02  -4.73     2.55
  SINCE JAN 1     19.99                     12.89   7.10     7.58

SNOWFALL (IN)
  YESTERDAY        0.0
  MONTH TO DATE    0.0
  SINCE JUN 1      0.0
  SINCE JUL 1      0.0

DEGREE DAYS
 HEATING
  YESTERDAY        0                         0      0        0
  MONTH TO DATE    0                         0      0        0
  SINCE JUN 1      0                         0      0        0
  SINCE JUL 1      0                         0      0        0

 COOLING
  YESTERDAY       24                        22      2       24
  MONTH TO DATE  764                       707     57      783
  SINCE JUN 1   2123                      2080     43     2282
  SINCE JAN 1   3065                      3223   -158     3407
..................................................................


WIND (MPH)
  HIGHEST WIND SPEED    23   HIGHEST WIND DIRECTION    SE (120)
  HIGHEST GUST SPEED    27   HIGHEST GUST DIRECTION    SE (120)
  AVERAGE WIND SPEED     8.5


SKY COVER
  POSSIBLE SUNSHINE  MM
  AVERAGE SKY COVER 0.1


WEATHER CONDITIONS
 THE FOLLOWING WEATHER WAS RECORDED YESTERDAY.
  NO SIGNIFICANT WEATHER WAS OBSERVED.


RELATIVE HUMIDITY (PERCENT)
 HIGHEST    87           600 AM
 LOWEST     22           500 PM

..........................................................


THE LAREDO CLIMATE NORMALS FOR TODAY
                         NORMAL    RECORD    YEAR
 MAXIMUM TEMPERATURE (F)   98       107      2005
 MINIMUM TEMPERATURE (F)   76        67      1911


SUNRISE AND SUNSET
AUGUST 31 2015........SUNRISE   716 AM CDT   SUNSET   800 PM CDT
SEPTEMBER  1 2015.....SUNRISE   717 AM CDT   SUNSET   759 PM CDT


-  INDICATES NEGATIVE NUMBERS.
R  INDICATES RECORD WAS SET OR TIED.
MM INDICATES DATA IS MISSING.
T  INDICATES TRACE AMOUNT.




$$
