938
CDUS44 KCRP 200644
CLILRD

CLIMATE REPORT
NATIONAL WEATHER SERVICE CORPUS CHRISTI TX
144 AM CDT FRI OCT 20 2017


...THE LAREDO CLIMATE SUMMARY FOR OCTOBER 19 2017...

CLIMATE NORMAL PERIOD 1981 TO 2010
CLIMATE RECORD PERIOD 1900 TO 2017


WEATHER ITEM   OBSERVED TIME   RECORD YEAR NORMAL DEPARTURE LAST
                VALUE   (LST)  VALUE       VALUE  FROM      YEAR
                                                  NORMAL
..................................................................
TEMPERATURE (F)
 YESTERDAY
  MAXIMUM         90    415 PM  99    2004  86      4       96
  MINIMUM         62    630 AM  41    1917  65     -3       75
  AVERAGE         76                        75      1       86

PRECIPITATION (IN)
  YESTERDAY        0.00          1.03 1942   0.07  -0.07     0.00
  MONTH TO DATE    0.29                      1.52  -1.23     0.01
  SINCE SEP 1      9.06                      4.45   4.61     5.06
  SINCE JAN 1     21.65                     17.44   4.21    22.14

SNOWFALL (IN)
  YESTERDAY        0.0
  MONTH TO DATE    0.0
  SINCE SEP 1      0.0
  SINCE JUL 1      0.0

DEGREE DAYS
 HEATING
  YESTERDAY        0                         0      0        0
  MONTH TO DATE    0                         0      0        0
  SINCE SEP 1      0                         1     -1        0
  SINCE JUL 1      0                         1     -1        0

 COOLING
  YESTERDAY       11                        11      0       21
  MONTH TO DATE  255                       237     18      322
  SINCE SEP 1    848                       779     69      943
  SINCE JAN 1   4573                      4022    551     4362
..................................................................


WIND (MPH)
  HIGHEST WIND SPEED    15   HIGHEST WIND DIRECTION     E (90)
  HIGHEST GUST SPEED    16   HIGHEST GUST DIRECTION    SE (120)
  AVERAGE WIND SPEED     8.3


SKY COVER
  POSSIBLE SUNSHINE  MM
  AVERAGE SKY COVER 0.1


WEATHER CONDITIONS
 THE FOLLOWING WEATHER WAS RECORDED YESTERDAY.
  NO SIGNIFICANT WEATHER WAS OBSERVED.


RELATIVE HUMIDITY (PERCENT)
 HIGHEST    93           300 AM
 LOWEST     40           300 PM

..........................................................


THE LAREDO CLIMATE NORMALS FOR TODAY
                         NORMAL    RECORD    YEAR
 MAXIMUM TEMPERATURE (F)   86        96      1994
 MINIMUM TEMPERATURE (F)   64        40      1989


SUNRISE AND SUNSET
OCTOBER 20 2017.......SUNRISE   741 AM CDT   SUNSET   704 PM CDT
OCTOBER 21 2017.......SUNRISE   742 AM CDT   SUNSET   703 PM CDT


-  INDICATES NEGATIVE NUMBERS.
R  INDICATES RECORD WAS SET OR TIED.
MM INDICATES DATA IS MISSING.
T  INDICATES TRACE AMOUNT.

$$

TMT
