208
CDUS44 KCRP 140950 RRA
CLILRD

CLIMATE REPORT
NATIONAL WEATHER SERVICE CORPUS CHRISTI TX
347 AM CST THU DEC 14 2017


...................................

...THE LAREDO CLIMATE SUMMARY FOR DECEMBER 13 2017...

CLIMATE NORMAL PERIOD 1981 TO 2010
CLIMATE RECORD PERIOD 1900 TO 2017


WEATHER ITEM   OBSERVED TIME   RECORD YEAR NORMAL DEPARTURE LAST
                VALUE   (LST)  VALUE       VALUE  FROM      YEAR
                                                  NORMAL
..................................................................
TEMPERATURE (F)
 YESTERDAY
  MAXIMUM         65         MM  88    1973  68     -3       62
  MINIMUM         41         MM  22    1989  47     -6       59
  AVERAGE         53                        57     -4       61

PRECIPITATION (IN)
  YESTERDAY        0.00          1.37 1960   0.03  -0.03     0.01
  MONTH TO DATE    1.92                      0.33   1.59     1.56
  SINCE DEC 1      1.92                      0.33   1.59     1.56
  SINCE JAN 1     24.19                     19.65   4.54    24.44

SNOWFALL (IN)
  YESTERDAY        0.0
  MONTH TO DATE    1.3
  SINCE DEC 1      1.3
  SINCE JUL 1      1.3

DEGREE DAYS
 HEATING
  YESTERDAY       12                         9      3        4
  MONTH TO DATE  116                       101     15      102
  SINCE DEC 1    116                       101     15      102
  SINCE JUL 1    185                       216    -31      119

 COOLING
  YESTERDAY        0                         1     -1        0
  MONTH TO DATE   37                        17     20        6
  SINCE DEC 1     37                        17     20        6
  SINCE JAN 1   4871                      4272    599     4732
..................................................................


WIND (MPH)
  HIGHEST WIND SPEED    MM   HIGHEST WIND DIRECTION    MM
  HIGHEST GUST SPEED    MM   HIGHEST GUST DIRECTION    MM
  AVERAGE WIND SPEED    MM


SKY COVER
  POSSIBLE SUNSHINE  MM
  AVERAGE SKY COVER 0.0


WEATHER CONDITIONS
 THE FOLLOWING WEATHER WAS RECORDED YESTERDAY.
  NO SIGNIFICANT WEATHER WAS OBSERVED.


RELATIVE HUMIDITY (PERCENT)
 HIGHEST    64          1100 PM
 LOWEST     39           500 PM

..........................................................


THE LAREDO CLIMATE NORMALS FOR TODAY
                         NORMAL    RECORD    YEAR
 MAXIMUM TEMPERATURE (F)   68        90      1908
 MINIMUM TEMPERATURE (F)   47        22      1985


SUNRISE AND SUNSET
DECEMBER 14 2017......SUNRISE   720 AM CST   SUNSET   545 PM CST
DECEMBER 15 2017......SUNRISE   721 AM CST   SUNSET   546 PM CST


-  INDICATES NEGATIVE NUMBERS.
R  INDICATES RECORD WAS SET OR TIED.
MM INDICATES DATA IS MISSING.
T  INDICATES TRACE AMOUNT.




$$
