000
CDUS44 KCRP 280842
CLILRD

CLIMATE REPORT
NATIONAL WEATHER SERVICE CORPUS CHRISTI TX
240 AM CST WED JAN 28 2015


...................................

...THE LAREDO CLIMATE SUMMARY FOR JANUARY 27 2015...

CLIMATE NORMAL PERIOD 1981 TO 2010
CLIMATE RECORD PERIOD 1900 TO 2015


WEATHER ITEM   OBSERVED TIME   RECORD YEAR NORMAL DEPARTURE LAST
                VALUE   (LST)  VALUE       VALUE  FROM      YEAR
                                                  NORMAL
..................................................................
TEMPERATURE (F)
 YESTERDAY
  MAXIMUM         81    440 PM  96    1918  68     13       74
  MINIMUM         53    744 AM  23    1976  47      6       48
  AVERAGE         67                        58      9       61

PRECIPITATION (IN)
  YESTERDAY        0.00          1.03 2005   0.03  -0.03     0.00
  MONTH TO DATE    0.58                      0.79  -0.21     0.08
  SINCE DEC 1      1.53                      1.67  -0.14     1.31
  SINCE JAN 1      0.58                      0.79  -0.21     0.08

SNOWFALL (IN)
  YESTERDAY        0.0
  MONTH TO DATE    0.0
  SINCE DEC 1      0.0
  SINCE JUL 1      0.0

DEGREE DAYS
 HEATING
  YESTERDAY        0                         8     -8        4
  MONTH TO DATE  376                       258    118      253
  SINCE DEC 1    556                       533     23      565
  SINCE JUL 1    714                       648     66      730

 COOLING
  YESTERDAY        2                         1      1        0
  MONTH TO DATE    3                        27    -24        8
  SINCE DEC 1     39                        62    -23       45
  SINCE JAN 1      3                        27    -24        8
..................................................................


WIND (MPH)
  HIGHEST WIND SPEED     8   HIGHEST WIND DIRECTION    SE (140)
  HIGHEST GUST SPEED    10   HIGHEST GUST DIRECTION     S (190)
  AVERAGE WIND SPEED     4.3


SKY COVER
  POSSIBLE SUNSHINE  MM
  AVERAGE SKY COVER 0.0


WEATHER CONDITIONS
 THE FOLLOWING WEATHER WAS RECORDED YESTERDAY.
  NO SIGNIFICANT WEATHER WAS OBSERVED.


RELATIVE HUMIDITY (PERCENT)
 HIGHEST    77           800 AM
 LOWEST     18           400 PM

..........................................................


THE LAREDO CLIMATE NORMALS FOR TODAY
                         NORMAL    RECORD    YEAR
 MAXIMUM TEMPERATURE (F)   68        92      1909
 MINIMUM TEMPERATURE (F)   47        25      1932


SUNRISE AND SUNSET
JANUARY 28 2015.......SUNRISE   726 AM CST   SUNSET   616 PM CST
JANUARY 29 2015.......SUNRISE   726 AM CST   SUNSET   616 PM CST


-  INDICATES NEGATIVE NUMBERS.
R  INDICATES RECORD WAS SET OR TIED.
MM INDICATES DATA IS MISSING.
T  INDICATES TRACE AMOUNT.




$$
