000
CDUS44 KCRP 030646 RRA
CLILRD

CLIMATE REPORT
NATIONAL WEATHER SERVICE CORPUS CHRISTI TX
147 AM CDT TUE MAY 3 2016


...THE LAREDO CLIMATE SUMMARY FOR MAY 2 2016...

CLIMATE NORMAL PERIOD 1981 TO 2010
CLIMATE RECORD PERIOD 1900 TO 2016


WEATHER ITEM   OBSERVED TIME   RECORD YEAR NORMAL DEPARTURE LAST
                VALUE   (LST)  VALUE       VALUE  FROM      YEAR
                                                  NORMAL
..................................................................
TEMPERATURE (F)
 YESTERDAY
  MAXIMUM         76   1215 AM 110    2002  91    -15       87
  MINIMUM         64   1156 PM  45    1917  69     -5       61
  AVERAGE         70                        80    -10       74

PRECIPITATION (IN)
  YESTERDAY        T             2.08 1966   0.07  -0.07     0.00
  MONTH TO DATE    T                         0.14  -0.14     0.00
  SINCE MAR 1      5.88                      2.68   3.20     8.08
  SINCE JAN 1      7.77                      4.52   3.25     8.96

SNOWFALL (IN)
  YESTERDAY        0.0
  MONTH TO DATE    0.0
  SINCE MAR 1      0.0
  SINCE JUL 1      0.0

DEGREE DAYS
 HEATING
  YESTERDAY        0                         0      0        0
  MONTH TO DATE    0                         0      0        0
  SINCE MAR 1     18                        82    -64      129
  SINCE JUL 1    594                       926   -332     1064

 COOLING
  YESTERDAY        5                        15    -10        9
  MONTH TO DATE   24                        29     -5       16
  SINCE MAR 1    665                       544    121      419
  SINCE JAN 1    783                       629    154      467
..................................................................


WIND (MPH)
  HIGHEST WIND SPEED    20   HIGHEST WIND DIRECTION    NW (330)
  HIGHEST GUST SPEED    24   HIGHEST GUST DIRECTION    NW (320)
  AVERAGE WIND SPEED    14.0


SKY COVER
  POSSIBLE SUNSHINE  MM
  AVERAGE SKY COVER 1.0


WEATHER CONDITIONS
 THE FOLLOWING WEATHER WAS RECORDED YESTERDAY.
  NO SIGNIFICANT WEATHER WAS OBSERVED.


RELATIVE HUMIDITY (PERCENT)
 HIGHEST    70           600 AM
 LOWEST     53          1100 AM

..........................................................


THE LAREDO CLIMATE NORMALS FOR TODAY
                         NORMAL    RECORD    YEAR
 MAXIMUM TEMPERATURE (F)   91       107      1998
 MINIMUM TEMPERATURE (F)   69        45      1918


SUNRISE AND SUNSET
MAY  3 2016...........SUNRISE   657 AM CDT   SUNSET   813 PM CDT
MAY  4 2016...........SUNRISE   656 AM CDT   SUNSET   814 PM CDT


-  INDICATES NEGATIVE NUMBERS.
R  INDICATES RECORD WAS SET OR TIED.
MM INDICATES DATA IS MISSING.
T  INDICATES TRACE AMOUNT.

$$

TMT
