000
CDUS43 KARX 220644
CLILSE


CLIMATE REPORT
NATIONAL WEATHER SERVICE LA CROSSE WI
144 AM CDT FRI SEP 22 2017


...................................

...THE LA CROSSE WI CLIMATE SUMMARY FOR SEPTEMBER 21 2017...

CLIMATE NORMAL PERIOD 1981 TO 2010
CLIMATE RECORD PERIOD 1873 TO 2017


WEATHER ITEM   OBSERVED TIME   RECORD YEAR NORMAL DEPARTURE LAST
                VALUE   (LST)  VALUE       VALUE  FROM      YEAR
                                                  NORMAL
..................................................................
TEMPERATURE (F)
 YESTERDAY
  MAXIMUM         89    356 PM  93    1891  71     18       78
  MINIMUM         57    602 AM  32    1918  50      7       64
  AVERAGE         73                        60     13       71

PRECIPITATION (IN)
  YESTERDAY        0.00          3.17 2016   0.13  -0.13     3.17
  MONTH TO DATE    0.37                      2.58  -2.21     8.79
  SINCE SEP 1      0.37                      2.58  -2.21     8.79
  SINCE JAN 1     32.13                     26.54   5.59    37.51

SNOWFALL (IN)
  YESTERDAY        0.0           0.0  2002   0.0    0.0      0.0
                                      2001
  MONTH TO DATE    0.0                       0.0    0.0      0.0
  SINCE JUL 1      0.0                       0.0    0.0      0.0
  SNOW DEPTH       0

DEGREE DAYS
 HEATING
  YESTERDAY        0                         6     -6        0
  MONTH TO DATE   27                        69    -42        1
  SINCE JUL 1     27                        89    -62        1

 COOLING
  YESTERDAY        8                         1      7        6
  MONTH TO DATE  105                        65     40       94
  SINCE JAN 1    920                       765    155     1003
..................................................................


WIND (MPH)
  HIGHEST WIND SPEED    17   HIGHEST WIND DIRECTION    SE (150)
  HIGHEST GUST SPEED    21   HIGHEST GUST DIRECTION     S (170)
  AVERAGE WIND SPEED     7.7


SKY COVER
  POSSIBLE SUNSHINE  MM
  AVERAGE SKY COVER 0.2


WEATHER CONDITIONS
 THE FOLLOWING WEATHER WAS RECORDED YESTERDAY.
  NO SIGNIFICANT WEATHER WAS OBSERVED.


RELATIVE HUMIDITY (PERCENT)
 HIGHEST   100           500 AM
 LOWEST     MM
 AVERAGE    MM

..........................................................


THE LA CROSSE WI CLIMATE NORMALS FOR TODAY
                         NORMAL    RECORD    YEAR
 MAXIMUM TEMPERATURE (F)   71        94      1895
 MINIMUM TEMPERATURE (F)   50        32      1974


SUNRISE AND SUNSET
SEPTEMBER 22 2017.....SUNRISE   653 AM CDT   SUNSET   702 PM CDT
SEPTEMBER 23 2017.....SUNRISE   654 AM CDT   SUNSET   700 PM CDT


-  INDICATES NEGATIVE NUMBERS.
R  INDICATES RECORD WAS SET OR TIED.
MM INDICATES DATA IS MISSING.
T  INDICATES TRACE AMOUNT.




$$
