000
CDUS43 KARX 272134
CLILSE


CLIMATE REPORT
NATIONAL WEATHER SERVICE LA CROSSE WI
433 PM CDT THU JUL 27 2017


...................................

...THE LA CROSSE WI CLIMATE SUMMARY FOR JULY 27 2017...
VALID TODAY AS OF 0430 PM LOCAL TIME.

CLIMATE NORMAL PERIOD 1981 TO 2010
CLIMATE RECORD PERIOD 1873 TO 2017


WEATHER ITEM   OBSERVED TIME   RECORD YEAR NORMAL DEPARTURE LAST
                VALUE   (LST)  VALUE       VALUE  FROM      YEAR
                                                  NORMAL
..................................................................
TEMPERATURE (F)
 TODAY
  MAXIMUM         87    224 PM 100    1931  84      3       86
                                      1894
  MINIMUM         66    427 AM  48    1891  63      3       70
  AVERAGE         77                        73      4       78

PRECIPITATION (IN)
  TODAY            0.00          5.24 1987   0.13  -0.13     0.00
  MONTH TO DATE    7.63                      3.71   3.92     5.01
  SINCE JUN 1     13.01                      8.05   4.96    11.74
  SINCE JAN 1     30.70                     19.12  11.58    22.22

SNOWFALL (IN)
  TODAY            0.0           0.0  2002   0.0    0.0      0.0
                                      2001
  MONTH TO DATE    0.0                       0.0    0.0      0.0
  SINCE JUL 1      0.0                       0.0    0.0      0.0
  SNOW DEPTH       0

DEGREE DAYS
 HEATING
  TODAY            0                         0      0        0
  MONTH TO DATE    0                         0      0        0
  SINCE JUL 1      0                         0      0        0

 COOLING
  TODAY           12                         8      4       13
  MONTH TO DATE  306                       241     65      290
  SINCE JAN 1    577                       455    122      588
..................................................................


WIND (MPH)
  HIGHEST WIND SPEED    12   HIGHEST WIND DIRECTION    NW (300)
  HIGHEST GUST SPEED    16   HIGHEST GUST DIRECTION    NW (310)
  AVERAGE WIND SPEED     6.8


SKY COVER
  POSSIBLE SUNSHINE  MM
  AVERAGE SKY COVER 0.1


WEATHER CONDITIONS
 THE FOLLOWING WEATHER WAS RECORDED TODAY.
  FOG


RELATIVE HUMIDITY (PERCENT)
 HIGHEST    97           200 AM
 LOWEST     43           100 PM
 AVERAGE    70

..........................................................


THE LA CROSSE WI CLIMATE NORMALS FOR TOMORROW
                         NORMAL    RECORD    YEAR
 MAXIMUM TEMPERATURE (F)   84        98      1955
                                             1916
 MINIMUM TEMPERATURE (F)   63        50      1967
                                             1928
                                             1925


SUNRISE AND SUNSET
JULY 27 2017..........SUNRISE   548 AM CDT   SUNSET   834 PM CDT
JULY 28 2017..........SUNRISE   550 AM CDT   SUNSET   833 PM CDT


-  INDICATES NEGATIVE NUMBERS.
R  INDICATES RECORD WAS SET OR TIED.
MM INDICATES DATA IS MISSING.
T  INDICATES TRACE AMOUNT.




$$
