000
CDUS46 KMTR 170039
CLILVK


CLIMATE REPORT
NATIONAL WEATHER SERVICE SAN FRANCISCO BAY AREA
432 PM PST MON JAN 16 2017


...................................

...THE LIVERMORE AIRPORT CLIMATE SUMMARY FOR JANUARY 16 2017...
VALID TODAY AS OF 0400 PM LOCAL TIME.

CLIMATE NORMAL PERIOD 1981 TO 2010
CLIMATE RECORD PERIOD 1930 TO 2017


WEATHER ITEM   OBSERVED TIME   RECORD YEAR NORMAL DEPARTURE LAST
                VALUE   (LST)  VALUE       VALUE  FROM      YEAR
                                                  NORMAL
..................................................................
TEMPERATURE (F)
 TODAY
  MAXIMUM         50    354 PM  71    2014  56     -6       63
  MINIMUM         32   1226 AM  23    2012  37     -5       49
                                      2007
  AVERAGE         41                        46     -5       56

PRECIPITATION (IN)
  TODAY            0.00          1.10 1996   0.08  -0.08     0.13
  MONTH TO DATE    5.23                      1.91   3.32     1.70
  SINCE OCT 1     11.69                      7.49   4.20     6.70
  SINCE JAN 1      5.23                      1.91   3.32     1.70

DEGREE DAYS
 HEATING
  TODAY           24                        18      6        9
  MONTH TO DATE  283                       303    -20      265
  SINCE DEC 1    839                       862    -23      808
  SINCE JUL 1   1211                      1334   -123     1223

 COOLING
  TODAY            0                         0      0        0
  MONTH TO DATE    0                         0      0        0
  SINCE DEC 1      0                         0      0        0
  SINCE JAN 1      0                         0      0        0
..................................................................


WIND (MPH)
  RESULTANT WIND SPEED   8   RESULTANT WIND DIRECTION  NE (60)
  HIGHEST WIND SPEED    13   HIGHEST WIND DIRECTION    NE (60)
  HIGHEST GUST SPEED    18   HIGHEST GUST DIRECTION     E (80)
  AVERAGE WIND SPEED     8.3


SKY COVER
  POSSIBLE SUNSHINE  MM
  AVERAGE SKY COVER 0.1


WEATHER CONDITIONS
 THE FOLLOWING WEATHER WAS RECORDED TODAY.
  FOG


RELATIVE HUMIDITY (PERCENT)
 HIGHEST    96           100 AM
 LOWEST     66          1200 PM
 AVERAGE    81

..........................................................


THE LIVERMORE AIRPORT CLIMATE NORMALS FOR TOMORROW
                         NORMAL    RECORD    YEAR
 MAXIMUM TEMPERATURE (F)   56        70      1986
 MINIMUM TEMPERATURE (F)   37        23      1963


SUNRISE AND SUNSET
JANUARY 16 2017.......SUNRISE   721 AM PST   SUNSET   514 PM PST
JANUARY 17 2017.......SUNRISE   720 AM PST   SUNSET   515 PM PST


-  INDICATES NEGATIVE NUMBERS.
R  INDICATES RECORD WAS SET OR TIED.
MM INDICATES DATA IS MISSING.
T  INDICATES TRACE AMOUNT.




$$
