000
CDUS46 KMTR 250826
CLILVK


CLIMATE REPORT
NATIONAL WEATHER SERVICE SAN FRANCISCO BAY AREA
126 AM PDT SAT MAR 25 2017


...................................

...THE LIVERMORE AIRPORT CLIMATE SUMMARY FOR MARCH 24 2017...

CLIMATE NORMAL PERIOD 1981 TO 2010
CLIMATE RECORD PERIOD 1930 TO 2017


WEATHER ITEM   OBSERVED TIME   RECORD YEAR NORMAL DEPARTURE LAST
                VALUE   (LST)  VALUE       VALUE  FROM      YEAR
                                                  NORMAL
..................................................................
TEMPERATURE (F)
 YESTERDAY
  MAXIMUM         58   1013 AM  82    1970  65     -7       71
  MINIMUM         50    601 AM  30    1935  43      7       41
  AVERAGE         54                        54      0       56

PRECIPITATION (IN)
  YESTERDAY        0.12          1.30 1991   0.06   0.06     0.00
  MONTH TO DATE    1.79                      1.75   0.04     3.52
  SINCE OCT 1     23.29                     13.37   9.92    13.49
  SINCE JAN 1     16.83                      7.79   9.04     8.49

DEGREE DAYS
 HEATING
  YESTERDAY       11                        11      0        9
  MONTH TO DATE  224                       278    -54      216
  SINCE MAR 1    224                       278    -54      216
  SINCE JUL 1   2083                      2285   -202     1921

 COOLING
  YESTERDAY        0                         0      0        0
  MONTH TO DATE    0                         0      0        0
  SINCE MAR 1      0                         0      0        0
  SINCE JAN 1      0                         0      0        0
..................................................................


WIND (MPH)
  RESULTANT WIND SPEED   1   RESULTANT WIND DIRECTION   S (190)
  HIGHEST WIND SPEED    18   HIGHEST WIND DIRECTION     S (200)
  HIGHEST GUST SPEED    26   HIGHEST GUST DIRECTION    SW (210)
  AVERAGE WIND SPEED     3.5


SKY COVER
  POSSIBLE SUNSHINE  MM
  AVERAGE SKY COVER 1.0


WEATHER CONDITIONS
 THE FOLLOWING WEATHER WAS RECORDED YESTERDAY.
  RAIN
  LIGHT RAIN
  FOG
  HAZE


RELATIVE HUMIDITY (PERCENT)
 HIGHEST    93           400 PM
 LOWEST     71           100 AM
 AVERAGE    82

..........................................................


THE LIVERMORE AIRPORT CLIMATE NORMALS FOR TODAY
                         NORMAL    RECORD    YEAR
 MAXIMUM TEMPERATURE (F)   65        82      1997
 MINIMUM TEMPERATURE (F)   43        28      1964


SUNRISE AND SUNSET
MARCH 25 2017.........SUNRISE   703 AM PDT   SUNSET   724 PM PDT
MARCH 26 2017.........SUNRISE   701 AM PDT   SUNSET   725 PM PDT


-  INDICATES NEGATIVE NUMBERS.
R  INDICATES RECORD WAS SET OR TIED.
MM INDICATES DATA IS MISSING.
T  INDICATES TRACE AMOUNT.




$$
