000
CDUS46 KMTR 230828
CLILVK


CLIMATE REPORT
NATIONAL WEATHER SERVICE SAN FRANCISCO BAY AREA
128 AM PDT TUE AUG 23 2016


...................................

...THE LIVERMORE AIRPORT CLIMATE SUMMARY FOR AUGUST 22 2016...

CLIMATE NORMAL PERIOD 1981 TO 2010
CLIMATE RECORD PERIOD 1930 TO 2016


WEATHER ITEM   OBSERVED TIME   RECORD YEAR NORMAL DEPARTURE LAST
                VALUE   (LST)  VALUE       VALUE  FROM      YEAR
                                                  NORMAL
..................................................................
TEMPERATURE (F)
 YESTERDAY
  MAXIMUM         86    147 PM 103    1969  87     -1       87
  MINIMUM         56    523 AM  45    1973  57     -1       61
  AVERAGE         71                        72     -1       74

PRECIPITATION (IN)
  YESTERDAY        0.00          0.12 2003   0.00   0.00     0.00
  MONTH TO DATE    0.00                      0.00   0.00      T
  SINCE OCT 1     15.38                     15.48  -0.10    13.78
  SINCE JAN 1     10.38                      9.90   0.48     4.16

DEGREE DAYS
 HEATING
  YESTERDAY        0                         0      0        0
  MONTH TO DATE    0                         0      0        0
  SINCE JUN 1      8                        36    -28        0
  SINCE JUL 1      0                         4     -4        0

 COOLING
  YESTERDAY        6                         7     -1        9
  MONTH TO DATE  175                       162     13      230
  SINCE JUN 1    647                       503    144      827
  SINCE JAN 1    719                       556    163      865
..................................................................


WIND (MPH)
  RESULTANT WIND SPEED  10   RESULTANT WIND DIRECTION   W (290)
  HIGHEST WIND SPEED    22   HIGHEST WIND DIRECTION     W (290)
  HIGHEST GUST SPEED    26   HIGHEST GUST DIRECTION     W (290)
  AVERAGE WIND SPEED    10.5


SKY COVER
  POSSIBLE SUNSHINE  MM
  AVERAGE SKY COVER 0.1


WEATHER CONDITIONS
 THE FOLLOWING WEATHER WAS RECORDED YESTERDAY.
  NO SIGNIFICANT WEATHER WAS OBSERVED.


RELATIVE HUMIDITY (PERCENT)
 HIGHEST    86           200 AM
 LOWEST     25           100 PM
 AVERAGE    56

..........................................................


THE LIVERMORE AIRPORT CLIMATE NORMALS FOR TODAY
                         NORMAL    RECORD    YEAR
 MAXIMUM TEMPERATURE (F)   87       107      1932
 MINIMUM TEMPERATURE (F)   57        45      1973


SUNRISE AND SUNSET
AUGUST 23 2016........SUNRISE   630 AM PDT   SUNSET   748 PM PDT
AUGUST 24 2016........SUNRISE   631 AM PDT   SUNSET   747 PM PDT


-  INDICATES NEGATIVE NUMBERS.
R  INDICATES RECORD WAS SET OR TIED.
MM INDICATES DATA IS MISSING.
T  INDICATES TRACE AMOUNT.




$$
