000
CDUS46 KMTR 230829
CLILVK


CLIMATE REPORT
NATIONAL WEATHER SERVICE SAN FRANCISCO BAY AREA
129 AM PDT MON OCT 23 2017


...................................

...THE LIVERMORE AIRPORT CLIMATE SUMMARY FOR OCTOBER 22 2017...

CLIMATE NORMAL PERIOD 1981 TO 2010
CLIMATE RECORD PERIOD 1930 TO 2017


WEATHER ITEM   OBSERVED TIME   RECORD YEAR NORMAL DEPARTURE LAST
                VALUE   (LST)  VALUE       VALUE  FROM      YEAR
                                                  NORMAL
..................................................................
TEMPERATURE (F)
 YESTERDAY
  MAXIMUM         76    337 PM  90    1964  75      1       77
  MINIMUM         45    642 AM  35    1961  48     -3       50
  AVERAGE         61                        61      0       64

PRECIPITATION (IN)
  YESTERDAY        0.00          0.23 2012   0.04  -0.04     0.00
  MONTH TO DATE    0.13                      0.54  -0.41     1.79
  SINCE OCT 1      0.13                      0.54  -0.41     1.79
  SINCE JAN 1     19.19                     10.67   8.52    12.17

DEGREE DAYS
 HEATING
  YESTERDAY        4                         4      0        1
  MONTH TO DATE   60                        55      5       47
  SINCE SEP 1     71                        72     -1       58
  SINCE JUL 1     71                        79     -8       58

 COOLING
  YESTERDAY        0                         1     -1        0
  MONTH TO DATE   17                        38    -21       13
  SINCE SEP 1    256                       202     54      187
  SINCE JAN 1   1117                       827    290      953
..................................................................


WIND (MPH)
  RESULTANT WIND SPEED   2   RESULTANT WIND DIRECTION   E (80)
  HIGHEST WIND SPEED     8   HIGHEST WIND DIRECTION     E (90)
  HIGHEST GUST SPEED    10   HIGHEST GUST DIRECTION     E (90)
  AVERAGE WIND SPEED     2.5


SKY COVER
  POSSIBLE SUNSHINE  MM
  AVERAGE SKY COVER 0.0


WEATHER CONDITIONS
 THE FOLLOWING WEATHER WAS RECORDED YESTERDAY.
  NO SIGNIFICANT WEATHER WAS OBSERVED.


RELATIVE HUMIDITY (PERCENT)
 HIGHEST    93           400 AM
 LOWEST     41           500 PM
 AVERAGE    67

..........................................................


THE LIVERMORE AIRPORT CLIMATE NORMALS FOR TODAY
                         NORMAL    RECORD    YEAR
 MAXIMUM TEMPERATURE (F)   74        91      1942
 MINIMUM TEMPERATURE (F)   48        33      1961


SUNRISE AND SUNSET
OCTOBER 23 2017.......SUNRISE   724 AM PDT   SUNSET   619 PM PDT
OCTOBER 24 2017.......SUNRISE   725 AM PDT   SUNSET   618 PM PDT


-  INDICATES NEGATIVE NUMBERS.
R  INDICATES RECORD WAS SET OR TIED.
MM INDICATES DATA IS MISSING.
T  INDICATES TRACE AMOUNT.




$$
