000
CDUS46 KMTR 010840
CLILVK


CLIMATE REPORT
NATIONAL WEATHER SERVICE SAN FRANCISCO BAY AREA
139 AM PDT TUE SEP 1 2015


...................................

...THE LIVERMORE AIRPORT CLIMATE SUMMARY FOR AUGUST 31 2015...

CLIMATE NORMAL PERIOD 1981 TO 2010
CLIMATE RECORD PERIOD 1930 TO 2015


WEATHER ITEM   OBSERVED TIME   RECORD YEAR NORMAL DEPARTURE LAST
                VALUE   (LST)  VALUE       VALUE  FROM      YEAR
                                                  NORMAL
..................................................................
TEMPERATURE (F)
 YESTERDAY
  MAXIMUM         94    200 PM 106    1955  87      7       93
  MINIMUM         61    612 AM  46    1973  57      4       59
  AVERAGE         78                        72      6       76

PRECIPITATION (IN)
  YESTERDAY        0.00          0.12 1964   0.00   0.00     0.00
  MONTH TO DATE    T                         0.01  -0.01     0.00
  SINCE OCT 1     13.78                     15.49  -1.71     6.79
  SINCE JAN 1      4.16                      9.91  -5.75     4.88

DEGREE DAYS
 HEATING
  YESTERDAY        0                         0      0        0
  MONTH TO DATE    0                         0      0        0
  SINCE JUN 1      0                        39    -39        4
  SINCE JUL 1      0                         7     -7        0

 COOLING
  YESTERDAY       13                         7      6       11
  MONTH TO DATE  344                       231    113      268
  SINCE JUN 1    941                       572    369      788
  SINCE JAN 1    979                       625    354      914
..................................................................


WIND (MPH)
  RESULTANT WIND SPEED   5   RESULTANT WIND DIRECTION   W (280)
  HIGHEST WIND SPEED    18   HIGHEST WIND DIRECTION     W (280)
  HIGHEST GUST SPEED    22   HIGHEST GUST DIRECTION     W (280)
  AVERAGE WIND SPEED     5.9


SKY COVER
  POSSIBLE SUNSHINE  MM
  AVERAGE SKY COVER 0.0


WEATHER CONDITIONS
 THE FOLLOWING WEATHER WAS RECORDED YESTERDAY.
  NO SIGNIFICANT WEATHER WAS OBSERVED.


RELATIVE HUMIDITY (PERCENT)
 HIGHEST    84           500 AM
 LOWEST     20           100 PM
 AVERAGE    52

..........................................................


THE LIVERMORE AIRPORT CLIMATE NORMALS FOR TODAY
                         NORMAL    RECORD    YEAR
 MAXIMUM TEMPERATURE (F)   87       109      1952
 MINIMUM TEMPERATURE (F)   57        41      1960


SUNRISE AND SUNSET
SEPTEMBER  1 2015.....SUNRISE   637 AM PDT   SUNSET   737 PM PDT
SEPTEMBER  2 2015.....SUNRISE   638 AM PDT   SUNSET   735 PM PDT


-  INDICATES NEGATIVE NUMBERS.
R  INDICATES RECORD WAS SET OR TIED.
MM INDICATES DATA IS MISSING.
T  INDICATES TRACE AMOUNT.




$$
