000
CDUS46 KMTR 280828
CLILVK


CLIMATE REPORT
NATIONAL WEATHER SERVICE SAN FRANCISCO BAY AREA
127 AM PDT SAT MAY 28 2016


...................................

...THE LIVERMORE AIRPORT CLIMATE SUMMARY FOR MAY 27 2016...

CLIMATE NORMAL PERIOD 1981 TO 2010
CLIMATE RECORD PERIOD 1930 TO 2016


WEATHER ITEM   OBSERVED TIME   RECORD YEAR NORMAL DEPARTURE LAST
                VALUE   (LST)  VALUE       VALUE  FROM      YEAR
                                                  NORMAL
..................................................................
TEMPERATURE (F)
 YESTERDAY
  MAXIMUM         87    152 PM 102    1951  77     10       75
  MINIMUM         51    510 AM  38    1953  51      0       55
  AVERAGE         69                        64      5       65

PRECIPITATION (IN)
  YESTERDAY        0.00          0.39 1990   0.01  -0.01     0.00
  MONTH TO DATE    0.20                      0.58  -0.38     0.47
  SINCE OCT 1     15.38                     15.40  -0.02    13.51
  SINCE JAN 1     10.38                      9.82   0.56     3.89

DEGREE DAYS
 HEATING
  YESTERDAY        0                         3     -3        0
  MONTH TO DATE   61                       116    -55       78
  SINCE MAR 1    481                       731   -250      372
  SINCE JUL 1   2186                      2738   -552     1558

 COOLING
  YESTERDAY        4                         2      2        0
  MONTH TO DATE   30                        40    -10       11
  SINCE MAR 1     38                        49    -11       31
  SINCE JAN 1     38                        49    -11       31
..................................................................


WIND (MPH)
  RESULTANT WIND SPEED   4   RESULTANT WIND DIRECTION   W (270)
  HIGHEST WIND SPEED    18   HIGHEST WIND DIRECTION     W (280)
  HIGHEST GUST SPEED    21   HIGHEST GUST DIRECTION     W (270)
  AVERAGE WIND SPEED     4.6


SKY COVER
  POSSIBLE SUNSHINE  MM
  AVERAGE SKY COVER 0.0


WEATHER CONDITIONS
 THE FOLLOWING WEATHER WAS RECORDED YESTERDAY.
  NO SIGNIFICANT WEATHER WAS OBSERVED.


RELATIVE HUMIDITY (PERCENT)
 HIGHEST    83           200 AM
 LOWEST     30           200 PM
 AVERAGE    57

..........................................................


THE LIVERMORE AIRPORT CLIMATE NORMALS FOR TODAY
                         NORMAL    RECORD    YEAR
 MAXIMUM TEMPERATURE (F)   77       103      1984
 MINIMUM TEMPERATURE (F)   51        41      2010
                                             1989


SUNRISE AND SUNSET
MAY 28 2016...........SUNRISE   549 AM PDT   SUNSET   821 PM PDT
MAY 29 2016...........SUNRISE   548 AM PDT   SUNSET   822 PM PDT


-  INDICATES NEGATIVE NUMBERS.
R  INDICATES RECORD WAS SET OR TIED.
MM INDICATES DATA IS MISSING.
T  INDICATES TRACE AMOUNT.




$$
