000
CDUS46 KMTR 240836
CLILVK


CLIMATE REPORT
NATIONAL WEATHER SERVICE SAN FRANCISCO BAY AREA
135 AM PDT FRI OCT 24 2014


...................................

...THE LIVERMORE AIRPORT CLIMATE SUMMARY FOR OCTOBER 23 2014...

CLIMATE NORMAL PERIOD 1981 TO 2010
CLIMATE RECORD PERIOD 1930 TO 2014


WEATHER ITEM   OBSERVED TIME   RECORD YEAR NORMAL DEPARTURE LAST
                VALUE   (LST)  VALUE       VALUE  FROM      YEAR
                                                  NORMAL
..................................................................
TEMPERATURE (F)
 YESTERDAY
  MAXIMUM         77    326 PM  91    1942  74      3       84
  MINIMUM         55    545 AM  33    1961  48      7       49
  AVERAGE         66                        61      5       67

PRECIPITATION (IN)
  YESTERDAY        0.00          1.00 1989   0.03  -0.03     0.00
  MONTH TO DATE    0.02                      0.57  -0.55     0.00
  SINCE JUL 1      0.23                      0.80  -0.57     0.47
  SINCE JAN 1      5.11                     10.70  -5.59     2.59

DEGREE DAYS
 HEATING
  YESTERDAY        0                         4     -4        0
  MONTH TO DATE   11                        59    -48       25
  SINCE SEP 1     11                        76    -65       29
  SINCE JUL 1     11                        83    -72       29

 COOLING
  YESTERDAY        1                         0      1        2
  MONTH TO DATE  116                        38     78       30
  SINCE SEP 1    348                       202    146      215
  SINCE JAN 1   1262                       827    435     1039
..................................................................


WIND (MPH)
  RESULTANT WIND SPEED   1   RESULTANT WIND DIRECTION   E (90)
  HIGHEST WIND SPEED    13   HIGHEST WIND DIRECTION     E (80)
  HIGHEST GUST SPEED    15   HIGHEST GUST DIRECTION     E (90)
  AVERAGE WIND SPEED     3.2


SKY COVER
  POSSIBLE SUNSHINE  MM
  AVERAGE SKY COVER 0.0


WEATHER CONDITIONS
 THE FOLLOWING WEATHER WAS RECORDED YESTERDAY.
  NO SIGNIFICANT WEATHER WAS OBSERVED.


RELATIVE HUMIDITY (PERCENT)
 HIGHEST    93           600 AM
 LOWEST     43          1200 PM
 AVERAGE    68

..........................................................


THE LIVERMORE AIRPORT CLIMATE NORMALS FOR TODAY
                         NORMAL    RECORD    YEAR
 MAXIMUM TEMPERATURE (F)   74        90      1959
 MINIMUM TEMPERATURE (F)   48        31      1956


SUNRISE AND SUNSET
OCTOBER 24 2014.......SUNRISE   724 AM PDT   SUNSET   618 PM PDT
OCTOBER 25 2014.......SUNRISE   725 AM PDT   SUNSET   617 PM PDT


-  INDICATES NEGATIVE NUMBERS.
R  INDICATES RECORD WAS SET OR TIED.
MM INDICATES DATA IS MISSING.
T  INDICATES TRACE AMOUNT.




$$
