000
CDUS45 KBYZ 202224
CLILVM


CLIMATE REPORT
NATIONAL WEATHER SERVICE BILLINGS MT
423 PM MDT WED AUG 20 2014


...................................

...THE LIVINGSTON MT CLIMATE SUMMARY FOR AUGUST 20 2014...
VALID TODAY AS OF 0400 PM LOCAL TIME.

CLIMATE NORMAL PERIOD 1981 TO 2010
CLIMATE RECORD PERIOD 1948 TO 2014


WEATHER ITEM   OBSERVED TIME   RECORD YEAR NORMAL DEPARTURE LAST
                VALUE   (LST)  VALUE       VALUE  FROM      YEAR
                                                  NORMAL
..................................................................
TEMPERATURE (F)
 TODAY
  MAXIMUM         85    237 PM  96    1971  83      2       95
  MINIMUM         58    650 AM  38    1956  47     11       50
  AVERAGE         72                        65      7       73

PRECIPITATION (IN)
  TODAY            0.00          0.99 1965   0.04  -0.04     0.00
  MONTH TO DATE    0.25                      0.72  -0.47     0.08
  SINCE OCT 1     11.79                     13.21  -1.42     9.46
  SINCE JAN 1      9.50                     10.84  -1.34     7.16

DEGREE DAYS
 HEATING
  TODAY            0                         2     -2        0
  MONTH TO DATE    0                        28    -28        0
  SINCE JUN 1    204                       285    -81      137
  SINCE JUL 1      9                        78    -69        0

 COOLING
  TODAY            7                         2      5        8
  MONTH TO DATE  116                        69     47      117
  SINCE JUN 1    291                       197     94      345
  SINCE JAN 1    296                       198     98      353
..................................................................


WIND (MPH)
  HIGHEST WIND SPEED    29   HIGHEST WIND DIRECTION    SW (210)
  HIGHEST GUST SPEED    39   HIGHEST GUST DIRECTION     S (200)
  AVERAGE WIND SPEED    16.4


SKY COVER
  POSSIBLE SUNSHINE  MM
  AVERAGE SKY COVER 0.3


WEATHER CONDITIONS
 THE FOLLOWING WEATHER WAS RECORDED TODAY.
  NO SIGNIFICANT WEATHER WAS OBSERVED.


RELATIVE HUMIDITY (PERCENT)
 HIGHEST    57           700 AM
 LOWEST     18           300 PM
 AVERAGE    38

..........................................................


THE LIVINGSTON MT CLIMATE NORMALS FOR TOMORROW
                         NORMAL    RECORD    YEAR
 MAXIMUM TEMPERATURE (F)   83        98      2010
 MINIMUM TEMPERATURE (F)   46        38      1984


SUNRISE AND SUNSET
AUGUST 20 2014........SUNRISE   628 AM MDT   SUNSET   821 PM MDT
AUGUST 21 2014........SUNRISE   629 AM MDT   SUNSET   819 PM MDT


-  INDICATES NEGATIVE NUMBERS.
R  INDICATES RECORD WAS SET OR TIED.
MM INDICATES DATA IS MISSING.
T  INDICATES TRACE AMOUNT.





&&

THIS IS AN AUTOMATED...UNATTENDED WEATHER STATION AND MAY
UNDERESTIMATE WINTER PRECIPITATION.

$$
