000
CDUS45 KBYZ 071041
CLILVM


CLIMATE REPORT
NATIONAL WEATHER SERVICE BILLINGS MT
339 AM MST WED DEC 7 2016


...................................

...THE LIVINGSTON MT CLIMATE SUMMARY FOR DECEMBER 6 2016...

CLIMATE NORMAL PERIOD 1981 TO 2010
CLIMATE RECORD PERIOD 1948 TO 2016


WEATHER ITEM   OBSERVED TIME   RECORD YEAR NORMAL DEPARTURE LAST
                VALUE   (LST)  VALUE       VALUE  FROM      YEAR
                                                  NORMAL
..................................................................
TEMPERATURE (F)
 YESTERDAY
  MAXIMUM         17   1219 AM  59    1965  36    -19       50
  MINIMUM         -5   1024 PM -24    1972  18    -23       38
  AVERAGE          6                        27    -21       44

PRECIPITATION (IN)
  YESTERDAY        0.01          0.16 1971   0.02  -0.01     0.00
  MONTH TO DATE    0.11                      0.12  -0.01     0.01
  SINCE OCT 1      3.68                      1.97   1.71     2.74
  SINCE JAN 1     13.67                     14.41  -0.74    14.09

DEGREE DAYS
 HEATING
  YESTERDAY       59                        38     21       21
  MONTH TO DATE  236                       226     10      171
  SINCE DEC 1    236                       226     10      171
  SINCE JUL 1   1734                      2185   -451     1848

 COOLING
  YESTERDAY        0                         0      0        0
  MONTH TO DATE    0                         0      0        0
  SINCE DEC 1      0                         0      0        0
  SINCE JAN 1    330                       230    100      393
..................................................................


WIND (MPH)
  HIGHEST WIND SPEED    20   HIGHEST WIND DIRECTION     E (90)
  HIGHEST GUST SPEED    23   HIGHEST GUST DIRECTION     E (80)
  AVERAGE WIND SPEED     6.9


SKY COVER
  POSSIBLE SUNSHINE  MM
  AVERAGE SKY COVER 1.0


WEATHER CONDITIONS
 THE FOLLOWING WEATHER WAS RECORDED YESTERDAY.
  LIGHT SNOW
  FOG
  HAZE


RELATIVE HUMIDITY (PERCENT)
 HIGHEST    86           600 AM
 LOWEST     73          1000 AM
 AVERAGE    80

..........................................................


THE LIVINGSTON MT CLIMATE NORMALS FOR TODAY
                         NORMAL    RECORD    YEAR
 MAXIMUM TEMPERATURE (F)   36        54      1981
 MINIMUM TEMPERATURE (F)   18       -24      2013


SUNRISE AND SUNSET
DECEMBER  7 2016......SUNRISE   749 AM MST   SUNSET   438 PM MST
DECEMBER  8 2016......SUNRISE   750 AM MST   SUNSET   438 PM MST


-  INDICATES NEGATIVE NUMBERS.
R  INDICATES RECORD WAS SET OR TIED.
MM INDICATES DATA IS MISSING.
T  INDICATES TRACE AMOUNT.





&&

THIS IS AN AUTOMATED...UNATTENDED WEATHER STATION AND MAY
UNDERESTIMATE WINTER PRECIPITATION.

$$
