000
CDUS45 KBYZ 280932
CLILVM


CLIMATE REPORT
NATIONAL WEATHER SERVICE BILLINGS MT
331 AM MDT THU MAY 28 2015


...................................

...THE LIVINGSTON MT CLIMATE SUMMARY FOR MAY 27 2015...

CLIMATE NORMAL PERIOD 1981 TO 2010
CLIMATE RECORD PERIOD 1948 TO 2015


WEATHER ITEM   OBSERVED TIME   RECORD YEAR NORMAL DEPARTURE LAST
                VALUE   (LST)  VALUE       VALUE  FROM      YEAR
                                                  NORMAL
..................................................................
TEMPERATURE (F)
 YESTERDAY
  MAXIMUM         67    227 PM  91    1966  67      0       73
  MINIMUM         48   1159 PM  28    2005  40      8       43
  AVERAGE         58                        54      4       58

PRECIPITATION (IN)
  YESTERDAY        0.02          1.13 2006   0.10  -0.08     0.00
  MONTH TO DATE    3.31                      2.26   1.05     1.72
  SINCE OCT 1      7.79                      8.23  -0.44     8.73
  SINCE JAN 1      6.00                      5.86   0.14     6.44

DEGREE DAYS
 HEATING
  YESTERDAY        7                        12     -5        7
  MONTH TO DATE  420                       404     16      356
  SINCE MAR 1   1648                      2004   -356     1889
  SINCE JUL 1   6262                      7352  -1090     7132

 COOLING
  YESTERDAY        0                         0      0        0
  MONTH TO DATE    0                         0      0        1
  SINCE MAR 1      0                         0      0        1
  SINCE JAN 1      0                         0      0        1
..................................................................


WIND (MPH)
  HIGHEST WIND SPEED    29   HIGHEST WIND DIRECTION     W (260)
  HIGHEST GUST SPEED    36   HIGHEST GUST DIRECTION     W (250)
  AVERAGE WIND SPEED    11.5


SKY COVER
  POSSIBLE SUNSHINE  MM
  AVERAGE SKY COVER 0.5


WEATHER CONDITIONS
 THE FOLLOWING WEATHER WAS RECORDED YESTERDAY.
  LIGHT RAIN


RELATIVE HUMIDITY (PERCENT)
 HIGHEST    77           100 AM
 LOWEST     40           200 PM
 AVERAGE    59

..........................................................


THE LIVINGSTON MT CLIMATE NORMALS FOR TODAY
                         NORMAL    RECORD    YEAR
 MAXIMUM TEMPERATURE (F)   68        88      1958
 MINIMUM TEMPERATURE (F)   40        30      1984


SUNRISE AND SUNSET
MAY 28 2015...........SUNRISE   538 AM MDT   SUNSET   900 PM MDT
MAY 29 2015...........SUNRISE   538 AM MDT   SUNSET   901 PM MDT


-  INDICATES NEGATIVE NUMBERS.
R  INDICATES RECORD WAS SET OR TIED.
MM INDICATES DATA IS MISSING.
T  INDICATES TRACE AMOUNT.





&&

THIS IS AN AUTOMATED...UNATTENDED WEATHER STATION AND MAY
UNDERESTIMATE WINTER PRECIPITATION.

$$
