000
CDUS45 KBYZ 250723
CLILVM


CLIMATE REPORT
NATIONAL WEATHER SERVICE BILLINGS MT
123 AM MDT TUE JUL 25 2017


...................................

...THE LIVINGSTON MT CLIMATE SUMMARY FOR JULY 24 2017...

CLIMATE NORMAL PERIOD 1981 TO 2010
CLIMATE RECORD PERIOD 1948 TO 2017


WEATHER ITEM   OBSERVED TIME   RECORD YEAR NORMAL DEPARTURE LAST
                VALUE   (LST)  VALUE       VALUE  FROM      YEAR
                                                  NORMAL
..................................................................
TEMPERATURE (F)
 YESTERDAY
  MAXIMUM         95    332 PM  99    1999  87      8       90
  MINIMUM         53    510 AM  41    2010  50      3       46
  AVERAGE         74                        68      6       68

PRECIPITATION (IN)
  YESTERDAY        0.00          0.43 1990   0.04  -0.04     0.00
  MONTH TO DATE    0.42                      1.20  -0.78     1.16
  SINCE OCT 1     14.10                     12.22   1.88    10.66
  SINCE JAN 1     10.17                      9.85   0.32     6.96

DEGREE DAYS
 HEATING
  YESTERDAY        0                         1     -1        0
  MONTH TO DATE    0                        43    -43       33
  SINCE JUN 1    158                       250    -92      111
  SINCE JUL 1      0                        43    -43       33

 COOLING
  YESTERDAY        9                         4      5        3
  MONTH TO DATE  184                        78    106      100
  SINCE JUN 1    207                        97    110      170
  SINCE JAN 1    207                        98    109      170
..................................................................


WIND (MPH)
  HIGHEST WIND SPEED    38   HIGHEST WIND DIRECTION     S (200)
  HIGHEST GUST SPEED    50   HIGHEST GUST DIRECTION     S (200)
  AVERAGE WIND SPEED    14.2


SKY COVER
  POSSIBLE SUNSHINE  MM
  AVERAGE SKY COVER 0.0


WEATHER CONDITIONS
 THE FOLLOWING WEATHER WAS RECORDED YESTERDAY.
  THUNDERSTORM


RELATIVE HUMIDITY (PERCENT)
 HIGHEST    59           400 AM
 LOWEST     12           300 PM
 AVERAGE    36

..........................................................


THE LIVINGSTON MT CLIMATE NORMALS FOR TODAY
                         NORMAL    RECORD    YEAR
 MAXIMUM TEMPERATURE (F)   87        97      2016
 MINIMUM TEMPERATURE (F)   50        39      1948


SUNRISE AND SUNSET
JULY 25 2017..........SUNRISE   558 AM MDT   SUNSET   858 PM MDT
JULY 26 2017..........SUNRISE   559 AM MDT   SUNSET   857 PM MDT


-  INDICATES NEGATIVE NUMBERS.
R  INDICATES RECORD WAS SET OR TIED.
MM INDICATES DATA IS MISSING.
T  INDICATES TRACE AMOUNT.




$$
