000
CDUS45 KBYZ 241041
CLILVM


CLIMATE REPORT
NATIONAL WEATHER SERVICE BILLINGS MT
340 AM MST TUE JAN 24 2017


...................................

...THE LIVINGSTON MT CLIMATE SUMMARY FOR JANUARY 23 2017...

CLIMATE NORMAL PERIOD 1981 TO 2010
CLIMATE RECORD PERIOD 1948 TO 2017


WEATHER ITEM   OBSERVED TIME   RECORD YEAR NORMAL DEPARTURE LAST
                VALUE   (LST)  VALUE       VALUE  FROM      YEAR
                                                  NORMAL
..................................................................
TEMPERATURE (F)
 YESTERDAY
  MAXIMUM         29    230 PM  64    1981  37     -8       50
  MINIMUM         13    827 AM -26    1963  18     -5       32
  AVERAGE         21                        27     -6       41

PRECIPITATION (IN)
  YESTERDAY        T             1.02 1989   0.02  -0.02      T
  MONTH TO DATE    0.18                      0.37  -0.19     0.11
  SINCE OCT 1      4.11                      2.74   1.37     3.81
  SINCE JAN 1      0.18                      0.37  -0.19     0.11

DEGREE DAYS
 HEATING
  YESTERDAY       44                        38      6       24
  MONTH TO DATE 1065                       878    187      832
  SINCE DEC 1   2494                      2084    410     1963
  SINCE JUL 1   3992                      4043    -51     3640

 COOLING
  YESTERDAY        0                         0      0        0
  MONTH TO DATE    0                         0      0        0
  SINCE DEC 1      0                         0      0        0
  SINCE JAN 1      0                         0      0        0
..................................................................


WIND (MPH)
  HIGHEST WIND SPEED    23   HIGHEST WIND DIRECTION     E (80)
  HIGHEST GUST SPEED    29   HIGHEST GUST DIRECTION     E (80)
  AVERAGE WIND SPEED     7.7


SKY COVER
  POSSIBLE SUNSHINE  MM
  AVERAGE SKY COVER 0.5


WEATHER CONDITIONS
 THE FOLLOWING WEATHER WAS RECORDED YESTERDAY.
  LIGHT SNOW
  FOG


RELATIVE HUMIDITY (PERCENT)
 HIGHEST    88           700 AM
 LOWEST     63           200 PM
 AVERAGE    76

..........................................................


THE LIVINGSTON MT CLIMATE NORMALS FOR TODAY
                         NORMAL    RECORD    YEAR
 MAXIMUM TEMPERATURE (F)   37        60      2005
 MINIMUM TEMPERATURE (F)   18       -30      1949


SUNRISE AND SUNSET
JANUARY 24 2017.......SUNRISE   751 AM MST   SUNSET   517 PM MST
JANUARY 25 2017.......SUNRISE   750 AM MST   SUNSET   518 PM MST


-  INDICATES NEGATIVE NUMBERS.
R  INDICATES RECORD WAS SET OR TIED.
MM INDICATES DATA IS MISSING.
T  INDICATES TRACE AMOUNT.





&&

THIS IS AN AUTOMATED...UNATTENDED WEATHER STATION AND MAY
UNDERESTIMATE WINTER PRECIPITATION.

$$
