000
CDUS45 KBYZ 190923
CLILVM


CLIMATE REPORT
NATIONAL WEATHER SERVICE BILLINGS MT
322 AM MDT TUE SEP 19 2017


...................................

...THE LIVINGSTON MT CLIMATE SUMMARY FOR SEPTEMBER 18 2017...

CLIMATE NORMAL PERIOD 1981 TO 2010
CLIMATE RECORD PERIOD 1948 TO 2017


WEATHER ITEM   OBSERVED TIME   RECORD YEAR NORMAL DEPARTURE LAST
                VALUE   (LST)  VALUE       VALUE  FROM      YEAR
                                                  NORMAL
..................................................................
TEMPERATURE (F)
 YESTERDAY
  MAXIMUM         71   1230 PM  94    1981  71      0       75
  MINIMUM         45    249 AM  21    1965  39      6       53
  AVERAGE         58                        55      3       64

PRECIPITATION (IN)
  YESTERDAY        0.20          1.06 1976   0.04   0.16     0.01
  MONTH TO DATE    1.39                      0.68   0.71     1.06
  SINCE OCT 1     16.17                     14.28   1.89    13.11
  SINCE JAN 1     12.24                     11.91   0.33     9.41

DEGREE DAYS
 HEATING
  YESTERDAY        7                        10     -3        1
  MONTH TO DATE  101                       136    -35      168
  SINCE SEP 1    101                       136    -35      168
  SINCE JUL 1    124                       254   -130      256

 COOLING
  YESTERDAY        0                         0      0        0
  MONTH TO DATE   52                        13     39       17
  SINCE SEP 1     52                        13     39       17
  SINCE JAN 1    396                       228    168      329
..................................................................


WIND (MPH)
  HIGHEST WIND SPEED    38   HIGHEST WIND DIRECTION    SW (220)
  HIGHEST GUST SPEED    48   HIGHEST GUST DIRECTION    SW (230)
  AVERAGE WIND SPEED    19.2


SKY COVER
  POSSIBLE SUNSHINE  MM
  AVERAGE SKY COVER 0.6


WEATHER CONDITIONS
 THE FOLLOWING WEATHER WAS RECORDED YESTERDAY.
  HEAVY RAIN
  RAIN
  LIGHT RAIN
  FOG


RELATIVE HUMIDITY (PERCENT)
 HIGHEST    93           900 PM
 LOWEST     26           100 PM
 AVERAGE    60

..........................................................


THE LIVINGSTON MT CLIMATE NORMALS FOR TODAY
                         NORMAL    RECORD    YEAR
 MAXIMUM TEMPERATURE (F)   70        91      2009
                                             1981
 MINIMUM TEMPERATURE (F)   38        23      1965


SUNRISE AND SUNSET
SEPTEMBER 19 2017.....SUNRISE   705 AM MDT   SUNSET   724 PM MDT
SEPTEMBER 20 2017.....SUNRISE   707 AM MDT   SUNSET   723 PM MDT


-  INDICATES NEGATIVE NUMBERS.
R  INDICATES RECORD WAS SET OR TIED.
MM INDICATES DATA IS MISSING.
T  INDICATES TRACE AMOUNT.




$$
