000
CDUS45 KBYZ 282226
CLILVM


CLIMATE REPORT
NATIONAL WEATHER SERVICE BILLINGS MT
424 PM MDT THU APR 28 2016


...................................

...THE LIVINGSTON MT CLIMATE SUMMARY FOR APRIL 28 2016...
VALID TODAY AS OF 0400 PM LOCAL TIME.

CLIMATE NORMAL PERIOD 1981 TO 2010
CLIMATE RECORD PERIOD 1948 TO 2016


WEATHER ITEM   OBSERVED TIME   RECORD YEAR NORMAL DEPARTURE LAST
                VALUE   (LST)  VALUE       VALUE  FROM      YEAR
                                                  NORMAL
..................................................................
TEMPERATURE (F)
 TODAY
  MAXIMUM         43    210 PM  82    1987  59    -16       75
  MINIMUM         30    624 AM  13    1984  32     -2       31
  AVERAGE         37                        45     -8       53

PRECIPITATION (IN)
  TODAY            0.01          0.36 1990   0.07  -0.06     0.00
  MONTH TO DATE    1.24                      1.62  -0.38     1.10
  SINCE OCT 1      6.36                      5.82   0.54     4.35
  SINCE JAN 1      2.66                      3.45  -0.79     2.56

DEGREE DAYS
 HEATING
  TODAY           28                        20      8       12
  MONTH TO DATE  476                       651   -175      602
  SINCE MAR 1   1253                      1562   -309     1208
  SINCE JUL 1   5856                      6910  -1054     5822

 COOLING
  TODAY            0                         0      0        0
  MONTH TO DATE    0                         0      0        0
  SINCE MAR 1      0                         0      0        0
  SINCE JAN 1      0                         0      0        0
..................................................................


WIND (MPH)
  HIGHEST WIND SPEED    26   HIGHEST WIND DIRECTION     E (70)
  HIGHEST GUST SPEED    32   HIGHEST GUST DIRECTION     E (70)
  AVERAGE WIND SPEED    17.6


SKY COVER
  POSSIBLE SUNSHINE  MM
  AVERAGE SKY COVER 0.9


WEATHER CONDITIONS
 THE FOLLOWING WEATHER WAS RECORDED TODAY.
  LIGHT SNOW
  FOG
  HAZE


RELATIVE HUMIDITY (PERCENT)
 HIGHEST    92           400 AM
 LOWEST     55           300 PM
 AVERAGE    74

..........................................................


THE LIVINGSTON MT CLIMATE NORMALS FOR TOMORROW
                         NORMAL    RECORD    YEAR
 MAXIMUM TEMPERATURE (F)   60        83      1992
 MINIMUM TEMPERATURE (F)   32        12      2005


SUNRISE AND SUNSET
APRIL 28 2016.........SUNRISE   613 AM MDT   SUNSET   826 PM MDT
APRIL 29 2016.........SUNRISE   612 AM MDT   SUNSET   827 PM MDT


-  INDICATES NEGATIVE NUMBERS.
R  INDICATES RECORD WAS SET OR TIED.
MM INDICATES DATA IS MISSING.
T  INDICATES TRACE AMOUNT.





&&

THIS IS AN AUTOMATED...UNATTENDED WEATHER STATION AND MAY
UNDERESTIMATE WINTER PRECIPITATION.

$$
