000
CDUS45 KBYZ 310935
CLILVM


CLIMATE REPORT
NATIONAL WEATHER SERVICE BILLINGS MT
333 AM MDT FRI JUL 31 2015


...................................

...THE LIVINGSTON MT CLIMATE SUMMARY FOR JULY 30 2015...

CLIMATE NORMAL PERIOD 1981 TO 2010
CLIMATE RECORD PERIOD 1948 TO 2015


WEATHER ITEM   OBSERVED TIME   RECORD YEAR NORMAL DEPARTURE LAST
                VALUE   (LST)  VALUE       VALUE  FROM      YEAR
                                                  NORMAL
..................................................................
TEMPERATURE (F)
 YESTERDAY
  MAXIMUM         90    429 PM 104    2000  87      3       91
  MINIMUM         43    443 AM  39    1971  50     -7       49
  AVERAGE         67                        68     -1       70

PRECIPITATION (IN)
  YESTERDAY        0.00          0.78 1975   0.04  -0.04     0.00
  MONTH TO DATE    1.17                      1.43  -0.26     0.45
  SINCE OCT 1     10.65                     12.45  -1.80    11.54
  SINCE JAN 1      8.86                     10.08  -1.22     9.25

DEGREE DAYS
 HEATING
  YESTERDAY        0                         1     -1        0
  MONTH TO DATE   10                        49    -39        9
  SINCE JUN 1     64                       256   -192      204
  SINCE JUL 1     10                        49    -39        9

 COOLING
  YESTERDAY        2                         4     -2        5
  MONTH TO DATE  110                       102      8      166
  SINCE JUN 1    209                       121     88      168
  SINCE JAN 1    210                       122     88      173
..................................................................


WIND (MPH)
  HIGHEST WIND SPEED    17   HIGHEST WIND DIRECTION    NW (320)
  HIGHEST GUST SPEED    27   HIGHEST GUST DIRECTION     W (270)
  AVERAGE WIND SPEED     7.6


SKY COVER
  POSSIBLE SUNSHINE  MM
  AVERAGE SKY COVER 0.0


WEATHER CONDITIONS
 THE FOLLOWING WEATHER WAS RECORDED YESTERDAY.
  NO SIGNIFICANT WEATHER WAS OBSERVED.


RELATIVE HUMIDITY (PERCENT)
 HIGHEST    82           400 AM
 LOWEST     13           500 PM
 AVERAGE    48

..........................................................


THE LIVINGSTON MT CLIMATE NORMALS FOR TODAY
                         NORMAL    RECORD    YEAR
 MAXIMUM TEMPERATURE (F)   87       100      2000
 MINIMUM TEMPERATURE (F)   50        37      1995


SUNRISE AND SUNSET
JULY 31 2015..........SUNRISE   604 AM MDT   SUNSET   852 PM MDT
AUGUST  1 2015........SUNRISE   605 AM MDT   SUNSET   851 PM MDT


-  INDICATES NEGATIVE NUMBERS.
R  INDICATES RECORD WAS SET OR TIED.
MM INDICATES DATA IS MISSING.
T  INDICATES TRACE AMOUNT.





&&

THIS IS AN AUTOMATED...UNATTENDED WEATHER STATION AND MAY
UNDERESTIMATE WINTER PRECIPITATION.

$$
