000
CDUS45 KBYZ 310933
CLILVM


CLIMATE REPORT
NATIONAL WEATHER SERVICE BILLINGS MT
332 AM MDT FRI OCT 31 2014


...................................

...THE LIVINGSTON MT CLIMATE SUMMARY FOR OCTOBER 30 2014...

CLIMATE NORMAL PERIOD 1981 TO 2010
CLIMATE RECORD PERIOD 1948 TO 2014


WEATHER ITEM   OBSERVED TIME   RECORD YEAR NORMAL DEPARTURE LAST
                VALUE   (LST)  VALUE       VALUE  FROM      YEAR
                                                  NORMAL
..................................................................
TEMPERATURE (F)
 YESTERDAY
  MAXIMUM         59    342 PM  71    2008  52      7       49
                                      1962
  MINIMUM         29    121 AM -11    1991  29      0       25
  AVERAGE         44                        40      4       37

PRECIPITATION (IN)
  YESTERDAY        0.00          1.10 1974   0.03  -0.03     0.00
  MONTH TO DATE    0.29                      1.23  -0.94     1.15
  SINCE OCT 1      0.29                      1.23  -0.94     1.15
  SINCE JAN 1     13.96                     13.67   0.29    10.94

SNOWFALL (IN)
  YESTERDAY       MM             2.0  1996  MM     MM       MM
  MONTH TO DATE   MM                        MM     MM       MM
  SINCE SEP 1     MM                        MM     MM       MM
  SINCE JUL 1     MM                        MM     MM       MM
  SNOW DEPTH      MM

DEGREE DAYS
 HEATING
  YESTERDAY       21                        25     -4       28
  MONTH TO DATE  392                       593   -201      658
  SINCE SEP 1    636                       884   -248      831
  SINCE JUL 1    705                      1002   -297      831

 COOLING
  YESTERDAY        0                         0      0        0
  MONTH TO DATE    0                         0      0        0
  SINCE SEP 1     18                        14      4       56
  SINCE JAN 1    321                       229     92      495
..................................................................


WIND (MPH)
  HIGHEST WIND SPEED    18   HIGHEST WIND DIRECTION     E (90)
  HIGHEST GUST SPEED    24   HIGHEST GUST DIRECTION     E (90)
  AVERAGE WIND SPEED     6.9


SKY COVER
  POSSIBLE SUNSHINE  MM
  AVERAGE SKY COVER 0.1


WEATHER CONDITIONS
 THE FOLLOWING WEATHER WAS RECORDED YESTERDAY.
  NO SIGNIFICANT WEATHER WAS OBSERVED.


RELATIVE HUMIDITY (PERCENT)
 HIGHEST    85           200 AM
 LOWEST     31           200 PM
 AVERAGE    58

..........................................................


THE LIVINGSTON MT CLIMATE NORMALS FOR TODAY
                         NORMAL    RECORD    YEAR
 MAXIMUM TEMPERATURE (F)   52        70      2012
 MINIMUM TEMPERATURE (F)   28        -7      2003


SUNRISE AND SUNSET
OCTOBER 31 2014.......SUNRISE   800 AM MDT   SUNSET   610 PM MDT
NOVEMBER  1 2014......SUNRISE   802 AM MDT   SUNSET   608 PM MDT


-  INDICATES NEGATIVE NUMBERS.
R  INDICATES RECORD WAS SET OR TIED.
MM INDICATES DATA IS MISSING.
T  INDICATES TRACE AMOUNT.





&&

THIS IS AN AUTOMATED...UNATTENDED WEATHER STATION AND MAY
UNDERESTIMATE WINTER PRECIPITATION.

$$
