000
CDUS45 KBYZ 290936
CLILVM


CLIMATE REPORT
NATIONAL WEATHER SERVICE BILLINGS MT
334 AM MDT WED MAR 29 2017


...................................

...THE LIVINGSTON MT CLIMATE SUMMARY FOR MARCH 28 2017...

CLIMATE NORMAL PERIOD 1981 TO 2010
CLIMATE RECORD PERIOD 1948 TO 2017


WEATHER ITEM   OBSERVED TIME   RECORD YEAR NORMAL DEPARTURE LAST
                VALUE   (LST)  VALUE       VALUE  FROM      YEAR
                                                  NORMAL
..................................................................
TEMPERATURE (F)
 YESTERDAY
  MAXIMUM         53    300 PM  74    1986  50      3       44
  MINIMUM         33   1101 PM  -6    1965  26      7       32
  AVERAGE         43                        38      5       38

PRECIPITATION (IN)
  YESTERDAY        0.00          0.38 2005   0.04  -0.04     0.10
  MONTH TO DATE    0.69                      0.73  -0.04     0.94
  SINCE OCT 1      5.94                      4.09   1.85     4.96
  SINCE JAN 1      2.01                      1.72   0.29     1.26

DEGREE DAYS
 HEATING
  YESTERDAY       22                        27     -5       27
  MONTH TO DATE  655                       832   -177      703
  SINCE MAR 1    655                       832   -177      703
  SINCE JUL 1   5881                      6180   -299     5306

 COOLING
  YESTERDAY        0                         0      0        0
  MONTH TO DATE    0                         0      0        0
  SINCE MAR 1      0                         0      0        0
  SINCE JAN 1      0                         0      0        0
..................................................................


WIND (MPH)
  HIGHEST WIND SPEED    23   HIGHEST WIND DIRECTION     W (270)
  HIGHEST GUST SPEED    32   HIGHEST GUST DIRECTION     W (250)
  AVERAGE WIND SPEED    12.2


SKY COVER
  POSSIBLE SUNSHINE  MM
  AVERAGE SKY COVER 0.3


WEATHER CONDITIONS
 THE FOLLOWING WEATHER WAS RECORDED YESTERDAY.
  NO SIGNIFICANT WEATHER WAS OBSERVED.


RELATIVE HUMIDITY (PERCENT)
 HIGHEST    79          1200 AM
 LOWEST     30           200 PM
 AVERAGE    55

..........................................................


THE LIVINGSTON MT CLIMATE NORMALS FOR TODAY
                         NORMAL    RECORD    YEAR
 MAXIMUM TEMPERATURE (F)   50        73      1978
 MINIMUM TEMPERATURE (F)   26         1      1954


SUNRISE AND SUNSET
MARCH 29 2017.........SUNRISE   707 AM MDT   SUNSET   747 PM MDT
MARCH 30 2017.........SUNRISE   705 AM MDT   SUNSET   748 PM MDT


-  INDICATES NEGATIVE NUMBERS.
R  INDICATES RECORD WAS SET OR TIED.
MM INDICATES DATA IS MISSING.
T  INDICATES TRACE AMOUNT.





&&

THIS IS AN AUTOMATED...UNATTENDED WEATHER STATION AND MAY
UNDERESTIMATE WINTER PRECIPITATION.

$$
