000
CDUS45 KBYZ 282222
CLILVM


CLIMATE REPORT
NATIONAL WEATHER SERVICE BILLINGS MT
421 PM MDT WED SEP 28 2016


...................................

...THE LIVINGSTON MT CLIMATE SUMMARY FOR SEPTEMBER 28 2016...
VALID TODAY AS OF 0400 PM LOCAL TIME.

CLIMATE NORMAL PERIOD 1981 TO 2010
CLIMATE RECORD PERIOD 1948 TO 2016


WEATHER ITEM   OBSERVED TIME   RECORD YEAR NORMAL DEPARTURE LAST
                VALUE   (LST)  VALUE       VALUE  FROM      YEAR
                                                  NORMAL
..................................................................
TEMPERATURE (F)
 TODAY
  MAXIMUM         69    259 PM  89    2010  66      3       70
  MINIMUM         38    625 AM  21    1985  36      2       36
  AVERAGE         54                        51      3       53

PRECIPITATION (IN)
  TODAY            0.00          0.39 1983   0.04  -0.04     0.00
  MONTH TO DATE    1.64                      1.12   0.52     1.24
  SINCE OCT 1     13.69                     14.72  -1.03    13.14
  SINCE JAN 1      9.99                     12.35  -2.36    11.35

DEGREE DAYS
 HEATING
  TODAY           11                        14     -3       12
  MONTH TO DATE  258                       261     -3      146
  SINCE SEP 1    258                       261     -3      146
  SINCE JUL 1    346                       379    -33      213

 COOLING
  TODAY            0                         0      0        0
  MONTH TO DATE   17                        13      4       42
  SINCE SEP 1     17                        13      4       42
  SINCE JAN 1    329                       228    101      384
..................................................................


WIND (MPH)
  HIGHEST WIND SPEED    17   HIGHEST WIND DIRECTION     E (70)
  HIGHEST GUST SPEED    23   HIGHEST GUST DIRECTION     E (70)
  AVERAGE WIND SPEED     6.5


SKY COVER
  POSSIBLE SUNSHINE  MM
  AVERAGE SKY COVER 0.0


WEATHER CONDITIONS
 THE FOLLOWING WEATHER WAS RECORDED TODAY.
  NO SIGNIFICANT WEATHER WAS OBSERVED.


RELATIVE HUMIDITY (PERCENT)
 HIGHEST    89           700 AM
 LOWEST     44           300 PM
 AVERAGE    67

..........................................................


THE LIVINGSTON MT CLIMATE NORMALS FOR TOMORROW
                         NORMAL    RECORD    YEAR
 MAXIMUM TEMPERATURE (F)   66        89      1967
 MINIMUM TEMPERATURE (F)   36        10      1985


SUNRISE AND SUNSET
SEPTEMBER 28 2016.....SUNRISE   717 AM MDT   SUNSET   707 PM MDT
SEPTEMBER 29 2016.....SUNRISE   718 AM MDT   SUNSET   705 PM MDT


-  INDICATES NEGATIVE NUMBERS.
R  INDICATES RECORD WAS SET OR TIED.
MM INDICATES DATA IS MISSING.
T  INDICATES TRACE AMOUNT.





&&

THIS IS AN AUTOMATED...UNATTENDED WEATHER STATION AND MAY
UNDERESTIMATE WINTER PRECIPITATION.

$$
