000
CDUS45 KBYZ 022234
CLILVM


CLIMATE REPORT
NATIONAL WEATHER SERVICE BILLINGS MT
432 PM MDT TUE SEP 2 2014


...................................

...THE LIVINGSTON MT CLIMATE SUMMARY FOR SEPTEMBER 2 2014...
VALID TODAY AS OF 0400 PM LOCAL TIME.

CLIMATE NORMAL PERIOD 1981 TO 2010
CLIMATE RECORD PERIOD 1948 TO 2014


WEATHER ITEM   OBSERVED TIME   RECORD YEAR NORMAL DEPARTURE LAST
                VALUE   (LST)  VALUE       VALUE  FROM      YEAR
                                                  NORMAL
..................................................................
TEMPERATURE (F)
 TODAY
  MAXIMUM         82    259 PM  95    2007  78      4       91
                                      1998
  MINIMUM         43    110 AM  29    2006  43      0       47
  AVERAGE         63                        61      2       69

PRECIPITATION (IN)
  TODAY            0.00          0.54 2004   0.03  -0.03     0.00
  MONTH TO DATE    0.03                      0.07  -0.04     0.00
  SINCE OCT 1     14.26                     13.67   0.59     9.78
  SINCE JAN 1     11.97                     11.30   0.67     7.48

DEGREE DAYS
 HEATING
  TODAY            2                         5     -3        0
  MONTH TO DATE    7                        10     -3        0
  SINCE SEP 1      7                        10     -3        0
  SINCE JUL 1     76                       128    -52        0

 COOLING
  TODAY            0                         1     -1        4
  MONTH TO DATE    0                         2     -2        7
  SINCE SEP 1      0                         2     -2        7
  SINCE JAN 1    303                       217     86      446
..................................................................


WIND (MPH)
  HIGHEST WIND SPEED    25   HIGHEST WIND DIRECTION    SW (230)
  HIGHEST GUST SPEED    35   HIGHEST GUST DIRECTION     W (260)
  AVERAGE WIND SPEED    10.9


SKY COVER
  POSSIBLE SUNSHINE  MM
  AVERAGE SKY COVER 0.0


WEATHER CONDITIONS
 THE FOLLOWING WEATHER WAS RECORDED TODAY.
  NO SIGNIFICANT WEATHER WAS OBSERVED.


RELATIVE HUMIDITY (PERCENT)
 HIGHEST    76           200 AM
 LOWEST     14           300 PM
 AVERAGE    45

..........................................................


THE LIVINGSTON MT CLIMATE NORMALS FOR TOMORROW
                         NORMAL    RECORD    YEAR
 MAXIMUM TEMPERATURE (F)   78        96      1950
 MINIMUM TEMPERATURE (F)   43        29      2011


SUNRISE AND SUNSET
SEPTEMBER  2 2014.....SUNRISE   644 AM MDT   SUNSET   758 PM MDT
SEPTEMBER  3 2014.....SUNRISE   645 AM MDT   SUNSET   756 PM MDT


-  INDICATES NEGATIVE NUMBERS.
R  INDICATES RECORD WAS SET OR TIED.
MM INDICATES DATA IS MISSING.
T  INDICATES TRACE AMOUNT.





&&

THIS IS AN AUTOMATED...UNATTENDED WEATHER STATION AND MAY
UNDERESTIMATE WINTER PRECIPITATION.

$$
