000
CDUS45 KBYZ 261034
CLILVM


CLIMATE REPORT
NATIONAL WEATHER SERVICE BILLINGS MT
332 AM MST SUN FEB 26 2017


...................................

...THE LIVINGSTON MT CLIMATE SUMMARY FOR FEBRUARY 25 2017...

CLIMATE NORMAL PERIOD 1981 TO 2010
CLIMATE RECORD PERIOD 1948 TO 2017


WEATHER ITEM   OBSERVED TIME   RECORD YEAR NORMAL DEPARTURE LAST
                VALUE   (LST)  VALUE       VALUE  FROM      YEAR
                                                  NORMAL
..................................................................
TEMPERATURE (F)
 YESTERDAY
  MAXIMUM         28    245 PM  63    1983  42    -14       57
  MINIMUM         20    727 AM -20    2011  20      0       17
  AVERAGE         24                        31     -7       37

PRECIPITATION (IN)
  YESTERDAY        0.01          0.30 1998   0.02  -0.01     0.00
  MONTH TO DATE    0.91                      0.44   0.47     0.15
  SINCE OCT 1      5.25                      3.30   1.95     4.00
  SINCE JAN 1      1.32                      0.93   0.39     0.30

DEGREE DAYS
 HEATING
  YESTERDAY       41                        34      7       28
  MONTH TO DATE  848                       904    -56      641
  SINCE DEC 1   3610                      3286    324     2843
  SINCE JUL 1   5108                      5245   -137     4520

 COOLING
  YESTERDAY        0                         0      0        0
  MONTH TO DATE    0                         0      0        0
  SINCE DEC 1      0                         0      0        0
  SINCE JAN 1      0                         0      0        0
..................................................................


WIND (MPH)
  HIGHEST WIND SPEED    36   HIGHEST WIND DIRECTION     W (270)
  HIGHEST GUST SPEED    42   HIGHEST GUST DIRECTION     W (280)
  AVERAGE WIND SPEED    19.6


SKY COVER
  POSSIBLE SUNSHINE  MM
  AVERAGE SKY COVER 0.6


WEATHER CONDITIONS
 THE FOLLOWING WEATHER WAS RECORDED YESTERDAY.
  LIGHT SNOW
  FOG


RELATIVE HUMIDITY (PERCENT)
 HIGHEST    91           600 AM
 LOWEST     42           700 PM
 AVERAGE    67

..........................................................


THE LIVINGSTON MT CLIMATE NORMALS FOR TODAY
                         NORMAL    RECORD    YEAR
 MAXIMUM TEMPERATURE (F)   43        64      1950
 MINIMUM TEMPERATURE (F)   20       -19      1962


SUNRISE AND SUNSET
FEBRUARY 26 2017......SUNRISE   705 AM MST   SUNSET   605 PM MST
FEBRUARY 27 2017......SUNRISE   703 AM MST   SUNSET   606 PM MST


-  INDICATES NEGATIVE NUMBERS.
R  INDICATES RECORD WAS SET OR TIED.
MM INDICATES DATA IS MISSING.
T  INDICATES TRACE AMOUNT.





&&

THIS IS AN AUTOMATED...UNATTENDED WEATHER STATION AND MAY
UNDERESTIMATE WINTER PRECIPITATION.

$$
