000
CDUS41 KRNK 220913
CLILWB


CLIMATE REPORT
NATIONAL WEATHER SERVICE BLACKSBURG VA
509 AM EDT MON SEP 22 2014


...................................

...THE LEWISBURG WV CLIMATE SUMMARY FOR SEPTEMBER 21 2014...

CLIMATE NORMAL PERIOD 1981 TO 2010
CLIMATE RECORD PERIOD 1973 TO 2014


WEATHER ITEM   OBSERVED TIME   RECORD YEAR NORMAL DEPARTURE
                VALUE   (LST)  VALUE       VALUE  FROM
                                                  NORMAL
...............................................................
TEMPERATURE (F)
 YESTERDAY
  MAXIMUM         80    300 PM  84    1978  73      7
  MINIMUM         53    600 AM  36    1991  47      6
  AVERAGE         67                        60      7

PRECIPITATION (IN)
  YESTERDAY        0.01          0.49 2013   0.11  -0.10
  MONTH TO DATE    0.97                      2.31  -1.34
  SINCE SEP 1      0.97                      2.31  -1.34
  SINCE JAN 1     19.66                     30.41 -10.75

SNOWFALL (IN)
  YESTERDAY        0.0
  MONTH TO DATE    0.0
  SINCE SEP 1      0.0
  SINCE JUL 1      0.0
  SNOW DEPTH       0

DEGREE DAYS
 HEATING
  YESTERDAY        0                               -6
  MONTH TO DATE   36                              -29
  SINCE SEP 1     36                              -29
  SINCE JUL 1     58                              -35

 COOLING
  YESTERDAY        2                                1
  MONTH TO DATE   93                               56
  SINCE SEP 1     93                               56
  SINCE JAN 1    610                              123
...............................................................


WIND (MPH)
  HIGHEST WIND SPEED    12   HIGHEST WIND DIRECTION     W (270)
  HIGHEST GUST SPEED    28   HIGHEST GUST DIRECTION     W (270)
  AVERAGE WIND SPEED     3.8




RELATIVE HUMIDITY (PERCENT)
 HIGHEST    96
 LOWEST     50
 AVERAGE    73

..........................................................


THE LEWISBURG WV CLIMATE NORMALS FOR TODAY
                         NORMAL    RECORD    YEAR
 MAXIMUM TEMPERATURE (F)   72        82      2005
 MINIMUM TEMPERATURE (F)   47        35      1991


SUNRISE AND SUNSET
SEPTEMBER 22 2014.....SUNRISE   709 AM EDT   SUNSET   719 PM EDT
SEPTEMBER 23 2014.....SUNRISE   710 AM EDT   SUNSET   717 PM EDT


-  INDICATES NEGATIVE NUMBERS.
R  INDICATES RECORD WAS SET OR TIED.
MM INDICATES DATA IS MISSING.
T  INDICATES TRACE AMOUNT.

REMARKS:
DUE TO MISSING PRECIPITATION DATA ON JANUARY 25...THE ANNUAL
TOTAL AND DEPARTURE FROM NORMAL FOR PRECIPITATION WILL BE
CALCULATED WITHOUT DATA FROM THAT DATE.


$$
