000
CDUS43 KTOP 270634
CLILWC


CLIMATE REPORT
NATIONAL WEATHER SERVICE TOPEKA KS
1234 AM CST THU NOV 27 2014


...................................

...THE LAWRENCE KS CLIMATE SUMMARY FOR NOVEMBER 26 2014...

CLIMATE NORMAL PERIOD 1981 TO 2010
CLIMATE RECORD PERIOD 9999 TO 9999


WEATHER ITEM   OBSERVED NORMAL DEPARTURE LAST
                VALUE   VALUE  FROM      YEAR
                               NORMAL
...............................................
TEMPERATURE (F)
 YESTERDAY
  MAXIMUM         44     50     -6       42
  MINIMUM         28     27      1       16
  AVERAGE         36     38     -2       29

PRECIPITATION (IN)
  YESTERDAY        0.02   0.07  -0.05     0.00
  MONTH TO DATE    0.37   1.92  -1.55     0.28
  SINCE SEP 1     10.56   8.96   1.60     7.67
  SINCE JAN 1     35.01  36.82  -1.81    27.95

DEGREE DAYS
 HEATING
  YESTERDAY       29     26      3       36
  MONTH TO DATE  744    535    209      557
  SINCE SEP 1   1081    896    185      903
  SINCE JUL 1   1082    899    183      903

 COOLING
  YESTERDAY        0      0      0        0
  MONTH TO DATE    0      0      0        0
  SINCE SEP 1    119    179    -60      271
  SINCE JAN 1   1426   1370     56     1492
...............................................


WIND (MPH)
  HIGHEST WIND SPEED    30   HIGHEST WIND DIRECTION    NW (330)
  HIGHEST GUST SPEED    38   HIGHEST GUST DIRECTION    NW (310)
  AVERAGE WIND SPEED    17.0


SKY COVER
  AVERAGE SKY COVER 0.9


WEATHER CONDITIONS
 THE FOLLOWING WEATHER WAS RECORDED YESTERDAY.
  LIGHT RAIN


RELATIVE HUMIDITY (PERCENT)
 HIGHEST    89
 LOWEST     50
 AVERAGE    70

..........................................................


THE LAWRENCE KS CLIMATE NORMALS FOR TODAY
                         NORMAL
 MAXIMUM TEMPERATURE (F)   49
 MINIMUM TEMPERATURE (F)   27


SUNRISE AND SUNSET
NOVEMBER 27 2014......SUNRISE   717 AM CST   SUNSET   500 PM CST
NOVEMBER 28 2014......SUNRISE   718 AM CST   SUNSET   500 PM CST


-  INDICATES NEGATIVE NUMBERS.
R  INDICATES RECORD WAS SET OR TIED.
MM INDICATES DATA IS MISSING.
T  INDICATES TRACE AMOUNT.




$$
