000
CDUS43 KTOP 160633
CLILWC


CLIMATE REPORT
NATIONAL WEATHER SERVICE TOPEKA KS
131 AM CDT WED APR 16 2014


...................................

...THE LAWRENCE KS CLIMATE SUMMARY FOR APRIL 15 2014...

CLIMATE NORMAL PERIOD 1981 TO 2010
CLIMATE RECORD PERIOD 9999 TO 9999


WEATHER ITEM   OBSERVED NORMAL DEPARTURE LAST
                VALUE   VALUE  FROM      YEAR
                               NORMAL
...............................................
TEMPERATURE (F)
 YESTERDAY
  MAXIMUM         58     67     -9       52
  MINIMUM         22     43    -21       41
  AVERAGE         40     55    -15       47

PRECIPITATION (IN)
  YESTERDAY        0.00   0.13  -0.13     0.07
  MONTH TO DATE    1.96   1.56   0.40     1.68
  SINCE MAR 1      2.93   4.18  -1.25     3.36
  SINCE JAN 1      3.98   6.49  -2.51     6.08

DEGREE DAYS
 HEATING
  YESTERDAY       25     11     14       18
  MONTH TO DATE  231    195     36      237
  SINCE MAR 1    972    836    136     1053
  SINCE JUL 1   5398   4851    547     4884

 COOLING
  YESTERDAY        0      1     -1        0
  MONTH TO DATE    5      8     -3        0
  SINCE MAR 1      5     11     -6        0
  SINCE JAN 1      5     11     -6        0
...............................................


WIND (MPH)
  HIGHEST WIND SPEED    17   HIGHEST WIND DIRECTION     S (160)
  HIGHEST GUST SPEED    22   HIGHEST GUST DIRECTION     S (170)
  AVERAGE WIND SPEED     6.7


SKY COVER
  AVERAGE SKY COVER 0.0


WEATHER CONDITIONS
 THE FOLLOWING WEATHER WAS RECORDED YESTERDAY.
  NO SIGNIFICANT WEATHER WAS OBSERVED.


RELATIVE HUMIDITY (PERCENT)
 HIGHEST    96
 LOWEST     28
 AVERAGE    62

..........................................................


THE LAWRENCE KS CLIMATE NORMALS FOR TODAY
                         NORMAL
 MAXIMUM TEMPERATURE (F)   67
 MINIMUM TEMPERATURE (F)   43


SUNRISE AND SUNSET
APRIL 16 2014.........SUNRISE   643 AM CDT   SUNSET   759 PM CDT
APRIL 17 2014.........SUNRISE   641 AM CDT   SUNSET   800 PM CDT


-  INDICATES NEGATIVE NUMBERS.
R  INDICATES RECORD WAS SET OR TIED.
MM INDICATES DATA IS MISSING.
T  INDICATES TRACE AMOUNT.




$$
