506
CDUS43 KTOP 260635
CLILWC


CLIMATE REPORT
NATIONAL WEATHER SERVICE TOPEKA KS
134 AM CDT FRI AUG 26 2016


...................................

...THE LAWRENCE KS CLIMATE SUMMARY FOR AUGUST 25 2016...

CLIMATE NORMAL PERIOD 1981 TO 2010
CLIMATE RECORD PERIOD 9999 TO 9999


WEATHER ITEM   OBSERVED NORMAL DEPARTURE LAST
                VALUE   VALUE  FROM      YEAR
                               NORMAL
...............................................
TEMPERATURE (F)
 YESTERDAY
  MAXIMUM         85     88     -3       84
  MINIMUM         69     63      6       50
  AVERAGE         77     76      1       67

PRECIPITATION (IN)
  YESTERDAY       MM      0.16  MM        0.00
  MONTH TO DATE    2.51   3.49  -0.98     2.85
  SINCE JUN 1      8.46  13.13  -4.67    15.57
  SINCE JAN 1     23.10  27.02  -3.92    29.85

DEGREE DAYS
 HEATING
  YESTERDAY        0      0      0        0
  MONTH TO DATE    0      0      0        1
  SINCE JUN 1      0      9     -9        5
  SINCE JUL 1      0      1     -1        2

 COOLING
  YESTERDAY       12     11      1        2
  MONTH TO DATE  310    323    -13      249
  SINCE JUN 1   1164   1012    152     1007
  SINCE JAN 1   1244   1131    113     1083
...............................................


WIND (MPH)
  HIGHEST WIND SPEED    14   HIGHEST WIND DIRECTION     N (340)
  HIGHEST GUST SPEED    17   HIGHEST GUST DIRECTION     N (350)
  AVERAGE WIND SPEED     4.4


SKY COVER
  AVERAGE SKY COVER 0.7


WEATHER CONDITIONS
 THE FOLLOWING WEATHER WAS RECORDED YESTERDAY.
  THUNDERSTORM
  HEAVY RAIN
  RAIN
  LIGHT RAIN
  HAZE


RELATIVE HUMIDITY (PERCENT)
 HIGHEST    90
 LOWEST     63
 AVERAGE    77

..........................................................


THE LAWRENCE KS CLIMATE NORMALS FOR TODAY
                         NORMAL
 MAXIMUM TEMPERATURE (F)   88
 MINIMUM TEMPERATURE (F)   63


SUNRISE AND SUNSET
AUGUST 26 2016........SUNRISE   645 AM CDT   SUNSET   800 PM CDT
AUGUST 27 2016........SUNRISE   646 AM CDT   SUNSET   758 PM CDT


-  INDICATES NEGATIVE NUMBERS.
R  INDICATES RECORD WAS SET OR TIED.
MM INDICATES DATA IS MISSING.
T  INDICATES TRACE AMOUNT.




$$
