000
CDUS43 KTOP 280634
CLILWC


CLIMATE REPORT
NATIONAL WEATHER SERVICE TOPEKA KS
132 AM CDT THU MAY 28 2015


...................................

...THE LAWRENCE KS CLIMATE SUMMARY FOR MAY 27 2015...

CLIMATE NORMAL PERIOD 1981 TO 2010
CLIMATE RECORD PERIOD 9999 TO 9999


WEATHER ITEM   OBSERVED NORMAL DEPARTURE LAST
                VALUE   VALUE  FROM      YEAR
                               NORMAL
...............................................
TEMPERATURE (F)
 YESTERDAY
  MAXIMUM         82     80      2       86
  MINIMUM         55     57     -2       62
  AVERAGE         69     68      1       74

PRECIPITATION (IN)
  YESTERDAY        0.00   0.18  -0.18     0.00
  MONTH TO DATE    8.22   4.49   3.73     1.89
  SINCE MAR 1     11.74  10.88   0.86     6.43
  SINCE JAN 1     13.43  13.19   0.24     7.48

DEGREE DAYS
 HEATING
  YESTERDAY        0      1     -1        0
  MONTH TO DATE   88    101    -13      114
  SINCE MAR 1    931   1065   -134     1209
  SINCE JUL 1   5220   5080    140     5635

 COOLING
  YESTERDAY        4      5     -1        9
  MONTH TO DATE   65     74     -9      136
  SINCE MAR 1     70     97    -27      146
  SINCE JAN 1     70     97    -27      146
...............................................


WIND (MPH)
  HIGHEST WIND SPEED    12   HIGHEST WIND DIRECTION    SE (120)
  HIGHEST GUST SPEED    14   HIGHEST GUST DIRECTION    SE (130)
  AVERAGE WIND SPEED     3.4


SKY COVER
  AVERAGE SKY COVER 0.1


WEATHER CONDITIONS
 THE FOLLOWING WEATHER WAS RECORDED YESTERDAY.
  NO SIGNIFICANT WEATHER WAS OBSERVED.


RELATIVE HUMIDITY (PERCENT)
 HIGHEST    93
 LOWEST     35
 AVERAGE    64

..........................................................


THE LAWRENCE KS CLIMATE NORMALS FOR TODAY
                         NORMAL
 MAXIMUM TEMPERATURE (F)   80
 MINIMUM TEMPERATURE (F)   57


SUNRISE AND SUNSET
MAY 28 2015...........SUNRISE   559 AM CDT   SUNSET   838 PM CDT
MAY 29 2015...........SUNRISE   558 AM CDT   SUNSET   838 PM CDT


-  INDICATES NEGATIVE NUMBERS.
R  INDICATES RECORD WAS SET OR TIED.
MM INDICATES DATA IS MISSING.
T  INDICATES TRACE AMOUNT.




$$
