000
CDUS43 KTOP 220633
CLILWC


CLIMATE REPORT
NATIONAL WEATHER SERVICE TOPEKA KS
1232 AM CST WED NOV 22 2017


...................................

...THE LAWRENCE KS CLIMATE SUMMARY FOR NOVEMBER 21 2017...

CLIMATE NORMAL PERIOD 1981 TO 2010
CLIMATE RECORD PERIOD 9999 TO 9999


WEATHER ITEM   OBSERVED NORMAL DEPARTURE LAST
                VALUE   VALUE  FROM      YEAR
                               NORMAL
...............................................
TEMPERATURE (F)
 YESTERDAY
  MAXIMUM         53     53      0       54
  MINIMUM         23     29     -6       28
  AVERAGE         38     41     -3       41

PRECIPITATION (IN)
  YESTERDAY        0.00   0.07  -0.07     0.00
  MONTH TO DATE    0.12   1.59  -1.47     0.04
  SINCE SEP 1      6.99   8.63  -1.64     7.87
  SINCE JAN 1     34.13  36.49  -2.36    31.46

DEGREE DAYS
 HEATING
  YESTERDAY       27     24      3       24
  MONTH TO DATE  443    407     36      272
  SINCE SEP 1    736    768    -32      462
  SINCE JUL 1    739    771    -32      462

 COOLING
  YESTERDAY        0      0      0        0
  MONTH TO DATE    0      0      0       12
  SINCE SEP 1    248    179     69      282
  SINCE JAN 1   1327   1370    -43     1599
...............................................


WIND (MPH)
  HIGHEST WIND SPEED    32   HIGHEST WIND DIRECTION    NW (320)
  HIGHEST GUST SPEED    40   HIGHEST GUST DIRECTION    NW (310)
  AVERAGE WIND SPEED    12.2


SKY COVER
  AVERAGE SKY COVER 0.1


WEATHER CONDITIONS
 THE FOLLOWING WEATHER WAS RECORDED YESTERDAY.
  NO SIGNIFICANT WEATHER WAS OBSERVED.


RELATIVE HUMIDITY (PERCENT)
 HIGHEST    68
 LOWEST     21
 AVERAGE    45

..........................................................


THE LAWRENCE KS CLIMATE NORMALS FOR TODAY
                         NORMAL
 MAXIMUM TEMPERATURE (F)   52
 MINIMUM TEMPERATURE (F)   29


SUNRISE AND SUNSET
NOVEMBER 22 2017......SUNRISE   712 AM CST   SUNSET   502 PM CST
NOVEMBER 23 2017......SUNRISE   713 AM CST   SUNSET   502 PM CST


-  INDICATES NEGATIVE NUMBERS.
R  INDICATES RECORD WAS SET OR TIED.
MM INDICATES DATA IS MISSING.
T  INDICATES TRACE AMOUNT.




$$
