000
CDUS43 KTOP 280634
CLILWC


CLIMATE REPORT
NATIONAL WEATHER SERVICE TOPEKA KS
131 AM CDT SUN MAY 28 2017


...................................

...THE LAWRENCE KS CLIMATE SUMMARY FOR MAY 27 2017...

CLIMATE NORMAL PERIOD 1981 TO 2010
CLIMATE RECORD PERIOD 9999 TO 9999


WEATHER ITEM   OBSERVED NORMAL DEPARTURE LAST
                VALUE   VALUE  FROM      YEAR
                               NORMAL
...............................................
TEMPERATURE (F)
 YESTERDAY
  MAXIMUM         77     80     -3       76
  MINIMUM         61     57      4       59
  AVERAGE         69     68      1       68

PRECIPITATION (IN)
  YESTERDAY        0.11   0.18  -0.07     1.27
  MONTH TO DATE    2.76   4.49  -1.73     7.38
  SINCE MAR 1     12.01  10.88   1.13    13.52
  SINCE JAN 1     13.02  13.19  -0.17    14.64

DEGREE DAYS
 HEATING
  YESTERDAY        0      1     -1        0
  MONTH TO DATE   91    101    -10      143
  SINCE MAR 1    867   1065   -198      867
  SINCE JUL 1   4148   5080   -932     4369

 COOLING
  YESTERDAY        4      5     -1        3
  MONTH TO DATE   69     74     -5       43
  SINCE MAR 1    101     97      4       61
  SINCE JAN 1    101     97      4       61
...............................................


WIND (MPH)
  HIGHEST WIND SPEED    30   HIGHEST WIND DIRECTION    NW (300)
  HIGHEST GUST SPEED    38   HIGHEST GUST DIRECTION    NW (310)
  AVERAGE WIND SPEED     7.0


SKY COVER
  AVERAGE SKY COVER 0.3


WEATHER CONDITIONS
 THE FOLLOWING WEATHER WAS RECORDED YESTERDAY.
  THUNDERSTORM
  RAIN
  LIGHT RAIN
  FOG


RELATIVE HUMIDITY (PERCENT)
 HIGHEST   100
 LOWEST     68
 AVERAGE    84

..........................................................


THE LAWRENCE KS CLIMATE NORMALS FOR TODAY
                         NORMAL
 MAXIMUM TEMPERATURE (F)   80
 MINIMUM TEMPERATURE (F)   57


SUNRISE AND SUNSET
MAY 28 2017...........SUNRISE   559 AM CDT   SUNSET   838 PM CDT
MAY 29 2017...........SUNRISE   558 AM CDT   SUNSET   839 PM CDT


-  INDICATES NEGATIVE NUMBERS.
R  INDICATES RECORD WAS SET OR TIED.
MM INDICATES DATA IS MISSING.
T  INDICATES TRACE AMOUNT.

$$
