000
CDUS46 KOTX 250831
CLILWS


CLIMATE REPORT
NATIONAL WEATHER SERVICE SPOKANE, WA
130 AM PDT FRI JUL 25 2014


...................................

...THE LEWISTON ID AIRPORT CLIMATE SUMMARY FOR JULY 24 2014...

CLIMATE NORMAL PERIOD 1981 TO 2010
CLIMATE RECORD PERIOD 1881 TO 2014


WEATHER ITEM   OBSERVED TIME   RECORD YEAR NORMAL DEPARTURE LAST
                VALUE   (LST)  VALUE       VALUE  FROM      YEAR
                                                  NORMAL
..................................................................
TEMPERATURE (F)
 YESTERDAY
  MAXIMUM         78    416 PM 112    1928  92    -14      102
  MINIMUM         56    512 AM  48    1953  61     -5       64
                                      1897
  AVERAGE         67                        76     -9       83

PRECIPITATION (IN)
  YESTERDAY        T             0.20 1991   0.01  -0.01     0.00
  MONTH TO DATE    0.26                      0.54  -0.28     0.09
  SINCE OCT 1      8.03                     10.83  -2.80    10.05
  SINCE JAN 1      6.50                      7.72  -1.22     5.89

SNOWFALL (IN)
  YESTERDAY        0.0           T    1991   0.0    0.0      0.0
  MONTH TO DATE    0.0                       0.0    0.0      0.0
  SINCE JUN 1      0.0                       0.0    0.0      0.0
  SINCE JUL 1      0.0                       0.0    0.0      0.0
  SNOW DEPTH       0

DEGREE DAYS
 HEATING
  YESTERDAY        0                         0      0        0
  MONTH TO DATE    0                         4     -4        0
  SINCE JUN 1     41                        74    -33       44
  SINCE JUL 1      0                         4     -4        0

 COOLING
  YESTERDAY        2                        11     -9       18
  MONTH TO DATE  366                       217    149      335
  SINCE JUN 1    456                       315    141      455
  SINCE JAN 1    484                       347    137      512
..................................................................


WIND (MPH)
  HIGHEST WIND SPEED    20   HIGHEST WIND DIRECTION    NW (320)
  HIGHEST GUST SPEED    25   HIGHEST GUST DIRECTION    NW (320)
  AVERAGE WIND SPEED     8.1


SKY COVER
  POSSIBLE SUNSHINE  MM
  AVERAGE SKY COVER 0.2


WEATHER CONDITIONS
 THE FOLLOWING WEATHER WAS RECORDED YESTERDAY.
  LIGHT RAIN


RELATIVE HUMIDITY (PERCENT)
 HIGHEST    61           500 AM
 LOWEST     27           100 PM
 AVERAGE    44

..........................................................


THE LEWISTON ID AIRPORT CLIMATE NORMALS FOR TODAY
                         NORMAL    RECORD    YEAR
 MAXIMUM TEMPERATURE (F)   92       113      1928
 MINIMUM TEMPERATURE (F)   61        48      1897


SUNRISE AND SUNSET
JULY 25 2014..........SUNRISE   521 AM PDT   SUNSET   827 PM PDT
JULY 26 2014..........SUNRISE   522 AM PDT   SUNSET   826 PM PDT


-  INDICATES NEGATIVE NUMBERS.
R  INDICATES RECORD WAS SET OR TIED.
MM INDICATES DATA IS MISSING.
T  INDICATES TRACE AMOUNT.




$$
