000
CDUS46 KOTX 040819
CLILWS


CLIMATE REPORT
NATIONAL WEATHER SERVICE SPOKANE, WA
118 AM PDT SAT JUL 4 2015


...................................

...THE LEWISTON ID AIRPORT CLIMATE SUMMARY FOR JULY 3 2015...

CLIMATE NORMAL PERIOD 1981 TO 2010
CLIMATE RECORD PERIOD 1881 TO 2015


WEATHER ITEM   OBSERVED TIME   RECORD YEAR NORMAL DEPARTURE LAST
                VALUE   (LST)  VALUE       VALUE  FROM      YEAR
                                                  NORMAL
..................................................................
TEMPERATURE (F)
 YESTERDAY
  MAXIMUM        105        MM 109    1922  85     20       93
  MINIMUM         66        MM  45    1999  57      9       68
                                      1962
  AVERAGE         86                        71     15       81

PRECIPITATION (IN)
  YESTERDAY        0.00          0.63 1901   0.03  -0.03      T
  MONTH TO DATE    0.00                      0.09  -0.09      T
  SINCE OCT 1     10.28                     10.38  -0.10     7.77
  SINCE JAN 1      6.09                      7.27  -1.18     6.24

SNOWFALL (IN)
  YESTERDAY        0.0           0.0  2002   0.0    0.0      0.0
                                      1994
  MONTH TO DATE    0.0                       0.0    0.0      0.0
  SINCE JUN 1      0.0                       0.0    0.0      0.0
  SINCE JUL 1      0.0                       0.0    0.0      0.0
  SNOW DEPTH       0

DEGREE DAYS
 HEATING
  YESTERDAY        0                         1     -1        0
  MONTH TO DATE    0                         3     -3        0
  SINCE JUN 1      2                        73    -71       41
  SINCE JUL 1      0                         3     -3        0

 COOLING
  YESTERDAY       21                         7     14       16
  MONTH TO DATE   62                        19     43       43
  SINCE JUN 1    377                       117    260      133
  SINCE JAN 1    429                       149    280      161
..................................................................


WIND (MPH)
  HIGHEST WIND SPEED     9   HIGHEST WIND DIRECTION    NE (50)
  HIGHEST GUST SPEED    MM   HIGHEST GUST DIRECTION    MM
  AVERAGE WIND SPEED     4.1


SKY COVER
  POSSIBLE SUNSHINE   0 PERCENT
  AVERAGE SKY COVER 0.0


WEATHER CONDITIONS
 THE FOLLOWING WEATHER WAS RECORDED YESTERDAY.
  NO SIGNIFICANT WEATHER WAS OBSERVED.


RELATIVE HUMIDITY (PERCENT)
 HIGHEST     0          1200 AM
 LOWEST      0          1200 AM
 AVERAGE     0

..........................................................


THE LEWISTON ID AIRPORT CLIMATE NORMALS FOR TODAY
                         NORMAL    RECORD    YEAR
 MAXIMUM TEMPERATURE (F)   86       105      1924
                                             1906
                                             1896
 MINIMUM TEMPERATURE (F)   57        46      1966
                                             1959
                                             1897


SUNRISE AND SUNSET
JULY  4 2015..........SUNRISE   501 AM PDT   SUNSET   843 PM PDT
JULY  5 2015..........SUNRISE   502 AM PDT   SUNSET   843 PM PDT


-  INDICATES NEGATIVE NUMBERS.
R  INDICATES RECORD WAS SET OR TIED.
MM INDICATES DATA IS MISSING.
T  INDICATES TRACE AMOUNT.




$$
