000
CDUS46 KOTX 190428
CLILWS


CLIMATE REPORT
NATIONAL WEATHER SERVICE SPOKANE, WA
825 PM PST THU DEC 18 2014


...................................

...THE LEWISTON ID AIRPORT CLIMATE SUMMARY FOR DECEMBER 18 2014...
VALID TODAY AS OF 0800 PM LOCAL TIME.

CLIMATE NORMAL PERIOD 1981 TO 2010
CLIMATE RECORD PERIOD 1881 TO 2014


WEATHER ITEM   OBSERVED TIME   RECORD YEAR NORMAL DEPARTURE LAST
                VALUE   (LST)  VALUE       VALUE  FROM      YEAR
                                                  NORMAL
..................................................................
TEMPERATURE (F)
 TODAY
  MAXIMUM         47    313 PM  66    1917  39      8       42
  MINIMUM         37    603 AM  -8    1924  27     10       31
  AVERAGE         42                        33      9       37

PRECIPITATION (IN)
  TODAY            0.03          0.35 1884   0.03   0.00     0.08
  MONTH TO DATE    0.86                      0.55   0.31     0.43
  SINCE OCT 1      3.21                      2.69   0.52     1.23
  SINCE JAN 1     11.13                     11.89  -0.76     9.19

DEGREE DAYS
 HEATING
  TODAY           23                        32     -9       28
  MONTH TO DATE  456                       554    -98      655
  SINCE DEC 1    456                       554    -98      655
  SINCE JUL 1   1434                      1794   -360     2009

 COOLING
  TODAY            0                         0      0        0
  MONTH TO DATE    0                         0      0        0
  SINCE DEC 1      0                         0      0        0
  SINCE JAN 1   1095                       807    288     1178
..................................................................


WIND (MPH)
  HIGHEST WIND SPEED    12   HIGHEST WIND DIRECTION    SE (130)
  HIGHEST GUST SPEED    16   HIGHEST GUST DIRECTION     E (90)
  AVERAGE WIND SPEED     3.5


SKY COVER
  POSSIBLE SUNSHINE  MM
  AVERAGE SKY COVER 0.8


WEATHER CONDITIONS
 THE FOLLOWING WEATHER WAS RECORDED TODAY.
  LIGHT RAIN
  FOG


RELATIVE HUMIDITY (PERCENT)
 HIGHEST   100           300 AM
 LOWEST     70           600 PM
 AVERAGE    85

..........................................................


THE LEWISTON ID AIRPORT CLIMATE NORMALS FOR TOMORROW
                         NORMAL    RECORD    YEAR
 MAXIMUM TEMPERATURE (F)   39        62      1934
 MINIMUM TEMPERATURE (F)   27        -7      1924


SUNRISE AND SUNSET
DECEMBER 18 2014......SUNRISE   727 AM PST   SUNSET   403 PM PST
DECEMBER 19 2014......SUNRISE   727 AM PST   SUNSET   403 PM PST


-  INDICATES NEGATIVE NUMBERS.
R  INDICATES RECORD WAS SET OR TIED.
MM INDICATES DATA IS MISSING.
T  INDICATES TRACE AMOUNT.




$$
