000
CDUS46 KOTX 070841
CLILWS


CLIMATE REPORT
NATIONAL WEATHER SERVICE SPOKANE, WA
1241 AM PST WED DEC 7 2016


...................................

...THE LEWISTON ID AIRPORT CLIMATE SUMMARY FOR DECEMBER 6 2016...

CLIMATE NORMAL PERIOD 1981 TO 2010
CLIMATE RECORD PERIOD 1881 TO 2016


WEATHER ITEM   OBSERVED TIME   RECORD YEAR NORMAL DEPARTURE LAST
                VALUE   (LST)  VALUE       VALUE  FROM      YEAR
                                                  NORMAL
..................................................................
TEMPERATURE (F)
 YESTERDAY
  MAXIMUM         34    140 AM  60    1939  41     -7       56
  MINIMUM         26   1159 PM   5    2013  29     -3       40
  AVERAGE         30                        35     -5       48

PRECIPITATION (IN)
  YESTERDAY        0.12          0.68 1950   0.03   0.09      T
  MONTH TO DATE    0.25                      0.19   0.06     0.03
  SINCE OCT 1      3.54                      2.33   1.21     1.73
  SINCE JAN 1     13.73                     11.53   2.20     8.50

SNOWFALL (IN)
  YESTERDAY        1.6           1.9  1983   0.2    1.4      0.0
  MONTH TO DATE    1.6                       0.6    1.0       T
  SINCE DEC 1      1.6                       0.6    1.0       T
  SINCE JUL 1      1.6                       2.4   -0.8       T
  SNOW DEPTH       2

DEGREE DAYS
 HEATING
  YESTERDAY       35                        30      5       17
  MONTH TO DATE  169                       177     -8      163
  SINCE DEC 1    169                       177     -8      163
  SINCE JUL 1   1118                      1417   -299     1166

 COOLING
  YESTERDAY        0                         0      0        0
  MONTH TO DATE    0                         0      0        0
  SINCE DEC 1      0                         0      0        0
  SINCE JAN 1    863                       807     56     1215
..................................................................


WIND (MPH)
  HIGHEST WIND SPEED    14   HIGHEST WIND DIRECTION     W (280)
  HIGHEST GUST SPEED    19   HIGHEST GUST DIRECTION     E (80)
  AVERAGE WIND SPEED     5.5


SKY COVER
  POSSIBLE SUNSHINE  MM
  AVERAGE SKY COVER 1.0


WEATHER CONDITIONS
 THE FOLLOWING WEATHER WAS RECORDED YESTERDAY.
  LIGHT SNOW
  FOG


RELATIVE HUMIDITY (PERCENT)
 HIGHEST    92           500 AM
 LOWEST     61          1200 AM
 AVERAGE    77

..........................................................


THE LEWISTON ID AIRPORT CLIMATE NORMALS FOR TODAY
                         NORMAL    RECORD    YEAR
 MAXIMUM TEMPERATURE (F)   40        57      2015
                                             1973
                                             1900
 MINIMUM TEMPERATURE (F)   29         2      2013
                                             1972


SUNRISE AND SUNSET
DECEMBER  7 2016......SUNRISE   718 AM PST   SUNSET   401 PM PST
DECEMBER  8 2016......SUNRISE   719 AM PST   SUNSET   401 PM PST


-  INDICATES NEGATIVE NUMBERS.
R  INDICATES RECORD WAS SET OR TIED.
MM INDICATES DATA IS MISSING.
T  INDICATES TRACE AMOUNT.




$$
