677
CDUS46 KOTX 260831
CLILWS


CLIMATE REPORT
NATIONAL WEATHER SERVICE SPOKANE, WA
131 AM PDT THU MAY 26 2016


...................................

...THE LEWISTON ID AIRPORT CLIMATE SUMMARY FOR MAY 25 2016...

CLIMATE NORMAL PERIOD 1981 TO 2010
CLIMATE RECORD PERIOD 1881 TO 2016


WEATHER ITEM   OBSERVED TIME   RECORD YEAR NORMAL DEPARTURE LAST
                VALUE   (LST)  VALUE       VALUE  FROM      YEAR
                                                  NORMAL
..................................................................
TEMPERATURE (F)
 YESTERDAY
  MAXIMUM         76    328 PM 101    1928  73      3       75
  MINIMUM         49    501 AM  35    1955  49      0       57
                                      1918
  AVERAGE         63                        61      2       66

PRECIPITATION (IN)
  YESTERDAY        0.00          0.44 1897   0.05  -0.05     0.01
  MONTH TO DATE    1.53                      1.27   0.26     1.02
  SINCE OCT 1     10.27                      8.71   1.56     8.97
  SINCE JAN 1      6.82                      5.60   1.22     4.78

SNOWFALL (IN)
  YESTERDAY        0.0           0.0  1995   0.0    0.0      0.0
  MONTH TO DATE    0.0                       0.0    0.0      0.0
  SINCE MAR 1      0.0                       0.7   -0.7      0.0
  SINCE JUL 1      6.4                      10.5   -4.1      1.5
  SNOW DEPTH       0

DEGREE DAYS
 HEATING
  YESTERDAY        2                         5     -3        0
  MONTH TO DATE  104                       192    -88       85
  SINCE MAR 1    884                      1217   -333      982
  SINCE JUL 1   4148                      5072   -924     4204

 COOLING
  YESTERDAY        0                         1     -1        1
  MONTH TO DATE   33                        22     11       21
  SINCE MAR 1     40                        24     16       22
  SINCE JAN 1     40                        24     16       22
..................................................................


WIND (MPH)
  HIGHEST WIND SPEED    13   HIGHEST WIND DIRECTION     W (260)
  HIGHEST GUST SPEED    17   HIGHEST GUST DIRECTION    NW (310)
  AVERAGE WIND SPEED     3.6


SKY COVER
  POSSIBLE SUNSHINE  MM
  AVERAGE SKY COVER 0.4


WEATHER CONDITIONS
 THE FOLLOWING WEATHER WAS RECORDED YESTERDAY.
  NO SIGNIFICANT WEATHER WAS OBSERVED.


RELATIVE HUMIDITY (PERCENT)
 HIGHEST    93           500 AM
 LOWEST     33           300 PM
 AVERAGE    63

..........................................................


THE LEWISTON ID AIRPORT CLIMATE NORMALS FOR TODAY
                         NORMAL    RECORD    YEAR
 MAXIMUM TEMPERATURE (F)   73       103      1936
 MINIMUM TEMPERATURE (F)   50        34      1918


SUNRISE AND SUNSET
MAY 26 2016...........SUNRISE   503 AM PDT   SUNSET   828 PM PDT
MAY 27 2016...........SUNRISE   502 AM PDT   SUNSET   829 PM PDT


-  INDICATES NEGATIVE NUMBERS.
R  INDICATES RECORD WAS SET OR TIED.
MM INDICATES DATA IS MISSING.
T  INDICATES TRACE AMOUNT.




$$
