000
CDUS46 KOTX 282329
CLILWS


CLIMATE REPORT
NATIONAL WEATHER SERVICE SPOKANE, WA
428 PM PDT MON JUL 28 2014


...................................

...THE LEWISTON ID AIRPORT CLIMATE SUMMARY FOR JULY 28 2014...
VALID AS OF 0400 PM LOCAL TIME.

CLIMATE NORMAL PERIOD 1981 TO 2010
CLIMATE RECORD PERIOD 1881 TO 2014


WEATHER ITEM   OBSERVED TIME   RECORD YEAR NORMAL DEPARTURE LAST
                VALUE   (LST)  VALUE       VALUE  FROM      YEAR
                                                  NORMAL
..................................................................
TEMPERATURE (F)
 TODAY
  MAXIMUM        103    253 PM 112    1939  92     11       90
  MINIMUM         68    343 AM  46    1955  61      7       57
  AVERAGE         86                        77      9       74

PRECIPITATION (IN)
  TODAY            0.00        0.84   1948  0.02  -0.02     0.00
  MONTH TO DATE    0.26                     0.61  -0.35     0.09
  SINCE OCT 1      8.03                    10.90  -2.87    10.05
  SINCE JAN 1      6.50                     7.79  -1.29     5.89

SNOWFALL (IN)
  TODAY            0.0                      0.0    0.0      0.0
  MONTH TO DATE    0.0                      0.0    0.0      0.0
  SINCE JUN 1      0.0                      0.0    0.0      0.0
  SINCE JUL 1      0.0                      0.0    0.0      0.0
  SNOW DEPTH       0

DEGREE DAYS
 HEATING
  TODAY            0                         0      0        0
  MONTH TO DATE    0                         4     -4        0
  SINCE JUN 1     41                        74    -33       44
  SINCE JUL 1      0                         4     -4        0

 COOLING
  TODAY           21                        12      9        9
  MONTH TO DATE  416                       264    152      392
  SINCE JUN 1    506                       362    144      512
  SINCE JAN 1    534                       394    140      569
..................................................................


WIND (MPH)
  HIGHEST WIND SPEED    13   HIGHEST WIND DIRECTION    NW (300)
  HIGHEST GUST SPEED    16   HIGHEST GUST DIRECTION     E (90)
  AVERAGE WIND SPEED     4.4


SKY COVER
  POSSIBLE SUNSHINE  MM
  AVERAGE SKY COVER 0.0


WEATHER CONDITIONS
 THE FOLLOWING WEATHER WAS RECORDED TODAY.
  NO SIGNIFICANT WEATHER WAS OBSERVED.


RELATIVE HUMIDITY (PERCENT)
 HIGHEST    41
 LOWEST     13
 AVERAGE    27

..........................................................


THE LEWISTON ID AIRPORT CLIMATE NORMALS FOR TOMORROW
                         NORMAL    RECORD    YEAR
 MAXIMUM TEMPERATURE (F)   92       107      1939
 MINIMUM TEMPERATURE (F)   61        45      1959


SUNRISE AND SUNSET
JULY 28 2014..........SUNRISE   525 AM PDT   SUNSET   824 PM PDT
JULY 29 2014..........SUNRISE   526 AM PDT   SUNSET   822 PM PDT


-  INDICATES NEGATIVE NUMBERS.
R  INDICATES RECORD WAS SET OR TIED.
MM INDICATES DATA IS MISSING.
T  INDICATES TRACE AMOUNT.

$$
