000
CDUS45 KTFX 301004
CLILWT


CLIMATE REPORT
NATIONAL WEATHER SERVICE GREAT FALLS MT
403 AM MDT THU JUL 30 2015


...................................

...THE LEWISTOWN MT CLIMATE SUMMARY FOR JULY 29 2015...

CLIMATE NORMAL PERIOD 1981 TO 2010
CLIMATE RECORD PERIOD 1896 TO 2015


WEATHER ITEM   OBSERVED TIME   RECORD YEAR NORMAL DEPARTURE LAST
                VALUE   (LST)  VALUE       VALUE  FROM      YEAR
                                                  NORMAL
..................................................................
TEMPERATURE (F)
 YESTERDAY
  MAXIMUM         79    457 PM  98    1929  83     -4       90
  MINIMUM         44    520 AM  35    1904  52     -8       64
  AVERAGE         62                        67     -5       77

PRECIPITATION (IN)
  YESTERDAY        0.00          0.83 1928   0.06  -0.06     0.03
  MONTH TO DATE    1.89                      1.83   0.06     0.92
  SINCE OCT 1     12.50                     13.67  -1.17    11.10
  SINCE JAN 1     10.19                     11.17  -0.98     9.02

SNOWFALL (IN)
  YESTERDAY       MM
  SNOW DEPTH       0

DEGREE DAYS
 HEATING
  YESTERDAY        3                         1      2        0
  MONTH TO DATE   33                        69    -36       10
  SINCE JUN 1    119                       296   -177      296
  SINCE JUL 1     33                        69    -36       10

 COOLING
  YESTERDAY        0                         4     -4       12
  MONTH TO DATE   92                        84      8      136
  SINCE JUN 1    167                       104     63      137
  SINCE JAN 1    167                       106     61      137
..................................................................


WIND (MPH)
  HIGHEST WIND SPEED    17   HIGHEST WIND DIRECTION    NW (300)
  HIGHEST GUST SPEED    27   HIGHEST GUST DIRECTION     W (270)
  AVERAGE WIND SPEED     6.7


SKY COVER
  AVERAGE SKY COVER 0.1


WEATHER CONDITIONS
 THE FOLLOWING WEATHER WAS RECORDED YESTERDAY.
  NO SIGNIFICANT WEATHER WAS OBSERVED.


RELATIVE HUMIDITY (PERCENT)
 HIGHEST    76           300 AM
 LOWEST     21           400 PM
 AVERAGE    49

..........................................................


THE LEWISTOWN MT CLIMATE NORMALS FOR TODAY
                         NORMAL    RECORD    YEAR
 MAXIMUM TEMPERATURE (F)   83       103      1908
 MINIMUM TEMPERATURE (F)   52        32      1904


SUNRISE AND SUNSET
JULY 30 2015..........SUNRISE   554 AM MDT   SUNSET   853 PM MDT
JULY 31 2015..........SUNRISE   556 AM MDT   SUNSET   852 PM MDT


-  INDICATES NEGATIVE NUMBERS.
R  INDICATES RECORD WAS SET OR TIED.
MM INDICATES DATA IS MISSING.
T  INDICATES TRACE AMOUNT.




$$
