000
CDUS45 KTFX 272238
CLILWT


CLIMATE REPORT
NATIONAL WEATHER SERVICE GREAT FALLS MT
436 PM MDT WED AUG 27 2014


...................................

...THE LEWISTOWN MT CLIMATE SUMMARY FOR AUGUST 27 2014...
VALID TODAY AS OF 0400 PM LOCAL TIME.

CLIMATE NORMAL PERIOD 1981 TO 2010
CLIMATE RECORD PERIOD 1896 TO 2014


WEATHER ITEM   OBSERVED TIME   RECORD YEAR NORMAL DEPARTURE LAST
                VALUE   (LST)  VALUE       VALUE  FROM      YEAR
                                                  NORMAL
..................................................................
TEMPERATURE (F)
 TODAY
  MAXIMUM         82    252 PM  97    1971  78      4       86
  MINIMUM         51    530 AM  30    1900  47      4       52
  AVERAGE         67                        62      5       69

PRECIPITATION (IN)
  TODAY            0.00          0.80 1907   0.05  -0.05     0.00
  MONTH TO DATE    5.97                      1.51   4.46     2.13
  SINCE OCT 1     17.07                     15.28   1.79    20.50
  SINCE JAN 1     14.99                     12.78   2.21    17.99

SNOWFALL (IN)
  TODAY            0.0
  SNOW DEPTH       0

DEGREE DAYS
 HEATING
  TODAY            0                         4     -4        0
  MONTH TO DATE   60                        64     -4       15
  SINCE JUN 1    356                       364     -8      256
  SINCE JUL 1     70                       137    -67       36

 COOLING
  TODAY            2                         2      0        4
  MONTH TO DATE  124                        83     41       84
  SINCE JUN 1    278                       191     87      207
  SINCE JAN 1    278                       193     85      210
..................................................................


WIND (MPH)
  HIGHEST WIND SPEED    15   HIGHEST WIND DIRECTION     W (270)
  HIGHEST GUST SPEED    18   HIGHEST GUST DIRECTION    NW (300)
  AVERAGE WIND SPEED     6.6


SKY COVER
  AVERAGE SKY COVER 0.0


WEATHER CONDITIONS
 THE FOLLOWING WEATHER WAS RECORDED TODAY.
  NO SIGNIFICANT WEATHER WAS OBSERVED.


RELATIVE HUMIDITY (PERCENT)
 HIGHEST    77
 LOWEST     26
 AVERAGE    52

..........................................................


THE LEWISTOWN MT CLIMATE NORMALS FOR TOMORROW
                         NORMAL    RECORD    YEAR
 MAXIMUM TEMPERATURE (F)   77       100      1924
 MINIMUM TEMPERATURE (F)   47        33      1918


SUNRISE AND SUNSET
AUGUST 27 2014........SUNRISE   631 AM MDT   SUNSET   807 PM MDT
AUGUST 28 2014........SUNRISE   632 AM MDT   SUNSET   805 PM MDT


-  INDICATES NEGATIVE NUMBERS.
R  INDICATES RECORD WAS SET OR TIED.
MM INDICATES DATA IS MISSING.
T  INDICATES TRACE AMOUNT.




$$
