000
CDUS45 KTFX 181026
CLILWT


CLIMATE REPORT
NATIONAL WEATHER SERVICE GREAT FALLS MT
325 AM MST WED JAN 18 2017


...................................

...THE LEWISTOWN MT CLIMATE SUMMARY FOR JANUARY 17 2017...

CLIMATE NORMAL PERIOD 1981 TO 2010
CLIMATE RECORD PERIOD 1896 TO 2017


WEATHER ITEM   OBSERVED TIME   RECORD YEAR NORMAL DEPARTURE LAST
                VALUE   (LST)  VALUE       VALUE  FROM      YEAR
                                                  NORMAL
..................................................................
TEMPERATURE (F)
 YESTERDAY
  MAXIMUM         47   1058 PM  56    1976  34     13       29
  MINIMUM         19    349 AM -31    1950  13      6        9
  AVERAGE         33                        24      9       19

PRECIPITATION (IN)
  YESTERDAY        0.00          0.35 1920   0.01  -0.01     0.06
  MONTH TO DATE    0.11                      0.32  -0.21     0.44
  SINCE OCT 1      4.51                      2.82   1.69     2.52
  SINCE JAN 1      0.11                      0.32  -0.21     0.44

SNOWFALL (IN)
  YESTERDAY       MM
  SNOW DEPTH       1

DEGREE DAYS
 HEATING
  YESTERDAY       32                        41     -9       46
  MONTH TO DATE  966                       709    257      721
  SINCE DEC 1   2513                      2003    510     1906
  SINCE JUL 1   4239                      4131    108     3663

 COOLING
  YESTERDAY        0                         0      0        0
  MONTH TO DATE    0                         0      0        0
  SINCE DEC 1      0                         0      0        0
  SINCE JAN 1      0                         0      0        0
..................................................................


WIND (MPH)
  HIGHEST WIND SPEED    23   HIGHEST WIND DIRECTION    SW (230)
  HIGHEST GUST SPEED    25   HIGHEST GUST DIRECTION    SW (240)
  AVERAGE WIND SPEED    11.9


SKY COVER
  AVERAGE SKY COVER 0.0


WEATHER CONDITIONS
 THE FOLLOWING WEATHER WAS RECORDED YESTERDAY.
  NO SIGNIFICANT WEATHER WAS OBSERVED.


RELATIVE HUMIDITY (PERCENT)
 HIGHEST    76           800 PM
 LOWEST     45          1100 PM
 AVERAGE    61

..........................................................


THE LEWISTOWN MT CLIMATE NORMALS FOR TODAY
                         NORMAL    RECORD    YEAR
 MAXIMUM TEMPERATURE (F)   34        57      1921
 MINIMUM TEMPERATURE (F)   13       -31      1963


SUNRISE AND SUNSET
JANUARY 18 2017.......SUNRISE   757 AM MST   SUNSET   500 PM MST
JANUARY 19 2017.......SUNRISE   756 AM MST   SUNSET   502 PM MST


-  INDICATES NEGATIVE NUMBERS.
R  INDICATES RECORD WAS SET OR TIED.
MM INDICATES DATA IS MISSING.
T  INDICATES TRACE AMOUNT.




$$
