000
CDUS45 KTFX 241046
CLILWT


CLIMATE REPORT
NATIONAL WEATHER SERVICE GREAT FALLS MT
446 AM MDT THU JUL 24 2014


...................................

...THE LEWISTOWN MT CLIMATE SUMMARY FOR JULY 23 2014...

CLIMATE NORMAL PERIOD 1981 TO 2010
CLIMATE RECORD PERIOD 1896 TO 2014


WEATHER ITEM   OBSERVED TIME   RECORD YEAR NORMAL DEPARTURE LAST
                VALUE   (LST)  VALUE       VALUE  FROM      YEAR
                                                  NORMAL
..................................................................
TEMPERATURE (F)
 YESTERDAY
  MAXIMUM         90    551 PM 104    1931  83      7       83
  MINIMUM         57    455 AM  35    1896  51      6       50
  AVERAGE         74                        67      7       67

PRECIPITATION (IN)
  YESTERDAY        0.03          0.43 2002   0.05  -0.02     0.00
  MONTH TO DATE    0.89                      1.51  -0.62     1.28
  SINCE OCT 1     11.07                     13.35  -2.28    17.98
  SINCE JAN 1      8.99                     10.85  -1.86    15.47

SNOWFALL (IN)
  YESTERDAY       MM
  SNOW DEPTH       0

DEGREE DAYS
 HEATING
  YESTERDAY        0                         2     -2        0
  MONTH TO DATE    6                        63    -57       10
  SINCE JUN 1    292                       290      2      230
  SINCE JUL 1      6                        63    -57       10

 COOLING
  YESTERDAY        9                         4      5        2
  MONTH TO DATE  108                        60     48       91
  SINCE JUN 1    109                        80     29      107
  SINCE JAN 1    109                        82     27      110
..................................................................


WIND (MPH)
  HIGHEST WIND SPEED    41   HIGHEST WIND DIRECTION     W (280)
  HIGHEST GUST SPEED    52   HIGHEST GUST DIRECTION     W (280)
  AVERAGE WIND SPEED     5.6


SKY COVER
  AVERAGE SKY COVER 0.0


WEATHER CONDITIONS
 THE FOLLOWING WEATHER WAS RECORDED YESTERDAY.
  THUNDERSTORM
  LIGHT RAIN


RELATIVE HUMIDITY (PERCENT)
 HIGHEST    86           100 AM
 LOWEST     29           500 PM
 AVERAGE    58

..........................................................


THE LEWISTOWN MT CLIMATE NORMALS FOR TODAY
                         NORMAL    RECORD    YEAR
 MAXIMUM TEMPERATURE (F)   83       101      1929
 MINIMUM TEMPERATURE (F)   52        33      1896


SUNRISE AND SUNSET
JULY 24 2014..........SUNRISE   548 AM MDT   SUNSET   900 PM MDT
JULY 25 2014..........SUNRISE   549 AM MDT   SUNSET   859 PM MDT


-  INDICATES NEGATIVE NUMBERS.
R  INDICATES RECORD WAS SET OR TIED.
MM INDICATES DATA IS MISSING.
T  INDICATES TRACE AMOUNT.




$$
