000
CDUS45 KTFX 222230
CLILWT


CLIMATE REPORT
NATIONAL WEATHER SERVICE GREAT FALLS MT
430 PM MDT SUN OCT 22 2017


...................................

...THE LEWISTOWN MT CLIMATE SUMMARY FOR OCTOBER 22 2017...
VALID TODAY AS OF 0400 PM LOCAL TIME.

CLIMATE NORMAL PERIOD 1981 TO 2010
CLIMATE RECORD PERIOD 1896 TO 2017


WEATHER ITEM   OBSERVED TIME   RECORD YEAR NORMAL DEPARTURE LAST
                VALUE   (LST)  VALUE       VALUE  FROM      YEAR
                                                  NORMAL
..................................................................
TEMPERATURE (F)
 TODAY
  MAXIMUM         65   1259 PM  80    1915  54     11       56
  MINIMUM         42   1202 AM   3    1957  29     13       35
  AVERAGE         54                        42     12       46

PRECIPITATION (IN)
  TODAY            T             0.65 1980   0.03  -0.03      T
  MONTH TO DATE    0.45                      0.87  -0.42     3.06
  SINCE OCT 1      0.45                      0.87  -0.42     3.06
  SINCE JAN 1     11.06                     15.22  -4.16    19.09

DEGREE DAYS
 HEATING
  TODAY           11                        23    -12       19
  MONTH TO DATE  433                       435     -2      472
  SINCE SEP 1    745                       754     -9      786
  SINCE JUL 1    783                       912   -129      897

 COOLING
  TODAY            0                         0      0        0
  MONTH TO DATE    0                         0      0        0
  SINCE SEP 1     33                        14     19       14
  SINCE JAN 1    375                       210    165      259
..................................................................


WIND (MPH)
  HIGHEST WIND SPEED    51   HIGHEST WIND DIRECTION     W (260)
  HIGHEST GUST SPEED    61   HIGHEST GUST DIRECTION     W (260)
  AVERAGE WIND SPEED    30.2


SKY COVER
  AVERAGE SKY COVER 0.5


WEATHER CONDITIONS
 THE FOLLOWING WEATHER WAS RECORDED TODAY.
  LIGHT RAIN


RELATIVE HUMIDITY (PERCENT)
 HIGHEST    49
 LOWEST     26
 AVERAGE    38

..........................................................


THE LEWISTOWN MT CLIMATE NORMALS FOR TOMORROW
                         NORMAL    RECORD    YEAR
 MAXIMUM TEMPERATURE (F)   54        81      1903
 MINIMUM TEMPERATURE (F)   29         3      1957


SUNRISE AND SUNSET
OCTOBER 22 2017.......SUNRISE   746 AM MDT   SUNSET   617 PM MDT
OCTOBER 23 2017.......SUNRISE   748 AM MDT   SUNSET   616 PM MDT


-  INDICATES NEGATIVE NUMBERS.
R  INDICATES RECORD WAS SET OR TIED.
MM INDICATES DATA IS MISSING.
T  INDICATES TRACE AMOUNT.




$$
