000
CDUS45 KTFX 032230
CLILWT


CLIMATE REPORT
NATIONAL WEATHER SERVICE GREAT FALLS MT
430 PM MDT TUE MAY 3 2016


...................................

...THE LEWISTOWN MT CLIMATE SUMMARY FOR MAY 3 2016...
VALID TODAY AS OF 0400 PM LOCAL TIME.

CLIMATE NORMAL PERIOD 1981 TO 2010
CLIMATE RECORD PERIOD 1896 TO 2016


WEATHER ITEM   OBSERVED TIME   RECORD YEAR NORMAL DEPARTURE LAST
                VALUE   (LST)  VALUE       VALUE  FROM      YEAR
                                                  NORMAL
..................................................................
TEMPERATURE (F)
 TODAY
  MAXIMUM         78    258 PM  82    1918  59     19       64
  MINIMUM         38    509 AM  16    1954  33      5       37
  AVERAGE         58                        46     12       51

PRECIPITATION (IN)
  TODAY            0.00          1.61 1964   0.07  -0.07     0.00
  MONTH TO DATE    0.00                      0.20  -0.20     0.00
  SINCE OCT 1      5.79                      6.11  -0.32     6.36
  SINCE JAN 1      3.71                      3.61   0.10     4.05

DEGREE DAYS
 HEATING
  TODAY            7                        19    -12       14
  MONTH TO DATE   37                        57    -20       32
  SINCE MAR 1   1381                      1760   -379     1359
  SINCE JUL 1   6339                      7564  -1225     6557

 COOLING
  TODAY            0                         0      0        0
  MONTH TO DATE    0                         0      0        0
  SINCE MAR 1      0                         0      0        0
  SINCE JAN 1      0                         0      0        0
..................................................................


WIND (MPH)
  HIGHEST WIND SPEED     9   HIGHEST WIND DIRECTION     N (360)
  HIGHEST GUST SPEED    20   HIGHEST GUST DIRECTION     W (270)
  AVERAGE WIND SPEED     4.3


SKY COVER
  AVERAGE SKY COVER 0.0


WEATHER CONDITIONS
 THE FOLLOWING WEATHER WAS RECORDED TODAY.
  NO SIGNIFICANT WEATHER WAS OBSERVED.


RELATIVE HUMIDITY (PERCENT)
 HIGHEST    70
 LOWEST     15
 AVERAGE    43

..........................................................


THE LEWISTOWN MT CLIMATE NORMALS FOR TOMORROW
                         NORMAL    RECORD    YEAR
 MAXIMUM TEMPERATURE (F)   59        84      1936
 MINIMUM TEMPERATURE (F)   34        16      1967


SUNRISE AND SUNSET
MAY  3 2016...........SUNRISE   558 AM MDT   SUNSET   832 PM MDT
MAY  4 2016...........SUNRISE   557 AM MDT   SUNSET   833 PM MDT


-  INDICATES NEGATIVE NUMBERS.
R  INDICATES RECORD WAS SET OR TIED.
MM INDICATES DATA IS MISSING.
T  INDICATES TRACE AMOUNT.




$$
