000
CDUS45 KTFX 252228
CLILWT


CLIMATE REPORT
NATIONAL WEATHER SERVICE GREAT FALLS MT
325 PM MST SUN JAN 25 2015


...................................

...THE LEWISTOWN MT CLIMATE SUMMARY FOR JANUARY 25 2015...
VALID TODAY AS OF 0300 PM LOCAL TIME.

CLIMATE NORMAL PERIOD 1981 TO 2010
CLIMATE RECORD PERIOD 1896 TO 2015


WEATHER ITEM   OBSERVED TIME   RECORD YEAR NORMAL DEPARTURE LAST
                VALUE   (LST)  VALUE       VALUE  FROM      YEAR
                                                  NORMAL
..................................................................
TEMPERATURE (F)
 TODAY
  MAXIMUM         55    228 PM  65    2006  35     20       53
  MINIMUM         30   1232 AM -34    1957  14     16       28
  AVERAGE         43                        24     19       41

PRECIPITATION (IN)
  TODAY            0.00          0.87 1978   0.02  -0.02     0.00
  MONTH TO DATE    0.59                      0.47   0.12     0.54
  SINCE OCT 1      2.78                      2.97  -0.19     2.62
  SINCE JAN 1      0.59                      0.47   0.12     0.54

SNOWFALL (IN)
  TODAY           MM
  SNOW DEPTH      MM

DEGREE DAYS
 HEATING
  TODAY           22                        41    -19       24
  MONTH TO DATE 1044                      1037      7      906
  SINCE DEC 1   2144                      2331   -187     2321
  SINCE JUL 1   4061                      4459   -398     4299

 COOLING
  TODAY            0                         0      0        0
  MONTH TO DATE    0                         0      0        0
  SINCE DEC 1      0                         0      0        0
  SINCE JAN 1      0                         0      0        0
..................................................................


WIND (MPH)
  HIGHEST WIND SPEED    18   HIGHEST WIND DIRECTION    SW (220)
  HIGHEST GUST SPEED    20   HIGHEST GUST DIRECTION    SW (220)
  AVERAGE WIND SPEED    11.0


SKY COVER
  AVERAGE SKY COVER 0.1


WEATHER CONDITIONS
 THE FOLLOWING WEATHER WAS RECORDED TODAY.
  NO SIGNIFICANT WEATHER WAS OBSERVED.


RELATIVE HUMIDITY (PERCENT)
 HIGHEST    79
 LOWEST     41
 AVERAGE    60

..........................................................


THE LEWISTOWN MT CLIMATE NORMALS FOR TOMORROW
                         NORMAL    RECORD    YEAR
 MAXIMUM TEMPERATURE (F)   35        60      1906
 MINIMUM TEMPERATURE (F)   14       -28      1969


SUNRISE AND SUNSET
JANUARY 25 2015.......SUNRISE   751 AM MST   SUNSET   510 PM MST
JANUARY 26 2015.......SUNRISE   750 AM MST   SUNSET   511 PM MST


-  INDICATES NEGATIVE NUMBERS.
R  INDICATES RECORD WAS SET OR TIED.
MM INDICATES DATA IS MISSING.
T  INDICATES TRACE AMOUNT.




$$
