000
CDUS45 KTFX 260849
CLILWT


CLIMATE REPORT
NATIONAL WEATHER SERVICE GREAT FALLS MT
249 AM MDT SUN MAR 26 2017


...................................

...THE LEWISTOWN MT CLIMATE SUMMARY FOR MARCH 25 2017...

CLIMATE NORMAL PERIOD 1981 TO 2010
CLIMATE RECORD PERIOD 1896 TO 2017


WEATHER ITEM   OBSERVED TIME   RECORD YEAR NORMAL DEPARTURE LAST
                VALUE   (LST)  VALUE       VALUE  FROM      YEAR
                                                  NORMAL
..................................................................
TEMPERATURE (F)
 YESTERDAY
  MAXIMUM         53    356 PM  73    1999  47      6       34
  MINIMUM         32   1159 PM -20    1996  25      7       28
  AVERAGE         43                        36      7       31

PRECIPITATION (IN)
  YESTERDAY        0.00          1.25 1995   0.04  -0.04     0.18
  MONTH TO DATE    0.41                      0.73  -0.32     0.51
  SINCE OCT 1      5.84                      4.24   1.60     3.98
  SINCE JAN 1      1.44                      1.74  -0.30     1.90

SNOWFALL (IN)
  YESTERDAY       MM
  SNOW DEPTH       0

DEGREE DAYS
 HEATING
  YESTERDAY       22                        29     -7       34
  MONTH TO DATE  745                       825    -80      629
  SINCE MAR 1    745                       825    -80      629
  SINCE JUL 1   6556                      6629    -73     5587

 COOLING
  YESTERDAY        0                         0      0        0
  MONTH TO DATE    0                         0      0        0
  SINCE MAR 1      0                         0      0        0
  SINCE JAN 1      0                         0      0        0
..................................................................


WIND (MPH)
  HIGHEST WIND SPEED    25   HIGHEST WIND DIRECTION     W (280)
  HIGHEST GUST SPEED    33   HIGHEST GUST DIRECTION     W (280)
  AVERAGE WIND SPEED     7.4


SKY COVER
  AVERAGE SKY COVER 0.5


WEATHER CONDITIONS
 THE FOLLOWING WEATHER WAS RECORDED YESTERDAY.
  NO SIGNIFICANT WEATHER WAS OBSERVED.


RELATIVE HUMIDITY (PERCENT)
 HIGHEST    62           500 AM
 LOWEST     20           400 PM
 AVERAGE    41

..........................................................


THE LEWISTOWN MT CLIMATE NORMALS FOR TODAY
                         NORMAL    RECORD    YEAR
 MAXIMUM TEMPERATURE (F)   47        72      1960
 MINIMUM TEMPERATURE (F)   25       -13      1904


SUNRISE AND SUNSET
MARCH 26 2017.........SUNRISE   708 AM MDT   SUNSET   739 PM MDT
MARCH 27 2017.........SUNRISE   706 AM MDT   SUNSET   741 PM MDT


-  INDICATES NEGATIVE NUMBERS.
R  INDICATES RECORD WAS SET OR TIED.
MM INDICATES DATA IS MISSING.
T  INDICATES TRACE AMOUNT.




$$
