000
CDUS43 KILX 210648
CLILWV


CLIMATE REPORT
NATIONAL WEATHER SERVICE LINCOLN IL
139 AM CDT MON APR 21 2014


...................................

...THE LAWRENCEVILLE IL AIRPORT CLIMATE SUMMARY FOR APRIL 20 2014...

CLIMATE NORMAL PERIOD 1981 TO 2010
CLIMATE RECORD PERIOD 9999 TO 9999


WEATHER ITEM   OBSERVED TIME   RECORD YEAR NORMAL DEPARTURE LAST
                VALUE   (LST)  VALUE       VALUE  FROM      YEAR
                                                  NORMAL
..................................................................
TEMPERATURE (F)
 YESTERDAY
  MAXIMUM         76    443 PM  MM      MM  68      8       53
  MINIMUM         48    543 AM  MM      MM  47      1       33
  AVERAGE         62                        58      4       43

PRECIPITATION (IN)
  YESTERDAY        0.00         MM      MM   0.13  -0.13     0.00
  MONTH TO DATE    5.83                      2.35   3.48     4.24
  SINCE MAR 1      6.87                      5.78   1.09     7.49
  SINCE JAN 1      9.63                     10.17  -0.54    16.05

DEGREE DAYS
 HEATING
  YESTERDAY        3                         8     -5       22
  MONTH TO DATE  217                       230    -13      229
  SINCE MAR 1   1000                       852    148     1048
  SINCE JUL 1   5402                      4527    875     4744

 COOLING
  YESTERDAY        0                         1     -1        0
  MONTH TO DATE    4                        14    -10       20
  SINCE MAR 1      4                        16    -12       20
  SINCE JAN 1      4                        16    -12       20
..................................................................


WIND (MPH)
  HIGHEST WIND SPEED     9   HIGHEST WIND DIRECTION    SW (210)
  HIGHEST GUST SPEED    12   HIGHEST GUST DIRECTION     S (160)
  AVERAGE WIND SPEED     4.1


SKY COVER
  POSSIBLE SUNSHINE  MM
  AVERAGE SKY COVER 0.0


WEATHER CONDITIONS
 THE FOLLOWING WEATHER WAS RECORDED YESTERDAY.
  NO SIGNIFICANT WEATHER WAS OBSERVED.


RELATIVE HUMIDITY (PERCENT)
 HIGHEST    74           600 AM
 LOWEST     27           300 PM
 AVERAGE    51

..........................................................


THE LAWRENCEVILLE IL AIRPORT CLIMATE NORMALS FOR TODAY
                         NORMAL    RECORD    YEAR
 MAXIMUM TEMPERATURE (F)   69        MM        MM
 MINIMUM TEMPERATURE (F)   48        MM        MM


SUNRISE AND SUNSET
APRIL 21 2014.........SUNRISE   606 AM CDT   SUNSET   733 PM CDT
APRIL 22 2014.........SUNRISE   604 AM CDT   SUNSET   734 PM CDT


-  INDICATES NEGATIVE NUMBERS.
R  INDICATES RECORD WAS SET OR TIED.
MM INDICATES DATA IS MISSING.
T  INDICATES TRACE AMOUNT.




$$
