000
CDUS43 KILX 242139
CLILWV


CLIMATE REPORT
NATIONAL WEATHER SERVICE LINCOLN IL
439 PM CDT THU APR 24 2014


...................................

...THE LAWRENCEVILLE IL AIRPORT CLIMATE SUMMARY FOR APRIL 24 2014...
VALID TODAY AS OF 0400 PM LOCAL TIME.

CLIMATE NORMAL PERIOD 1981 TO 2010
CLIMATE RECORD PERIOD 9999 TO 9999


WEATHER ITEM   OBSERVED TIME   RECORD YEAR NORMAL DEPARTURE LAST
                VALUE   (LST)  VALUE       VALUE  FROM      YEAR
                                                  NORMAL
..................................................................
TEMPERATURE (F)
 TODAY
  MAXIMUM         78    249 PM  MM      MM  70      8       50
  MINIMUM         47    403 AM  MM      MM  49     -2       38
  AVERAGE         63                        59      4       44

PRECIPITATION (IN)
  TODAY            0.00         MM      MM   0.18  -0.18     0.67
  MONTH TO DATE    5.86                      2.97   2.89     5.75
  SINCE MAR 1      6.90                      6.40   0.50     9.00
  SINCE JAN 1      9.66                     10.79  -1.13    17.56

DEGREE DAYS
 HEATING
  TODAY            2                         7     -5       21
  MONTH TO DATE  235                       260    -25      283
  SINCE MAR 1   1018                       882    136     1102
  SINCE JUL 1   5420                      4557    863     4798

 COOLING
  TODAY            0                         1     -1        0
  MONTH TO DATE    4                        18    -14       20
  SINCE MAR 1      4                        20    -16       20
  SINCE JAN 1      4                        20    -16       20
..................................................................


WIND (MPH)
  HIGHEST WIND SPEED    22   HIGHEST WIND DIRECTION     S (180)
  HIGHEST GUST SPEED    28   HIGHEST GUST DIRECTION    SE (150)
  AVERAGE WIND SPEED    11.4


SKY COVER
  POSSIBLE SUNSHINE  MM
  AVERAGE SKY COVER 0.1


WEATHER CONDITIONS
 THE FOLLOWING WEATHER WAS RECORDED TODAY.
  NO SIGNIFICANT WEATHER WAS OBSERVED.


RELATIVE HUMIDITY (PERCENT)
 HIGHEST    66           300 AM
 LOWEST     24           300 PM
 AVERAGE    45

..........................................................


THE LAWRENCEVILLE IL AIRPORT CLIMATE NORMALS FOR TOMORROW
                         NORMAL    RECORD    YEAR
 MAXIMUM TEMPERATURE (F)   70        MM        MM
 MINIMUM TEMPERATURE (F)   49        MM        MM


SUNRISE AND SUNSET
APRIL 24 2014.........SUNRISE   602 AM CDT   SUNSET   736 PM CDT
APRIL 25 2014.........SUNRISE   600 AM CDT   SUNSET   737 PM CDT


-  INDICATES NEGATIVE NUMBERS.
R  INDICATES RECORD WAS SET OR TIED.
MM INDICATES DATA IS MISSING.
T  INDICATES TRACE AMOUNT.




$$
