000
CDUS43 KILX 220642
CLILWV


CLIMATE REPORT
NATIONAL WEATHER SERVICE LINCOLN IL
142 AM CDT MON MAY 22 2017


...................................

...THE LAWRENCEVILLE IL AIRPORT CLIMATE SUMMARY FOR MAY 21 2017...

CLIMATE NORMAL PERIOD 1981 TO 2010
CLIMATE RECORD PERIOD 9999 TO 9999


WEATHER ITEM   OBSERVED TIME   RECORD YEAR NORMAL DEPARTURE LAST
                VALUE   (LST)  VALUE       VALUE  FROM      YEAR
                                                  NORMAL
..................................................................
TEMPERATURE (F)
 YESTERDAY
  MAXIMUM         76    254 PM  MM      MM  78     -2       75
  MINIMUM         55   1112 PM  MM      MM  57     -2       53
  AVERAGE         66                        68     -2       64

PRECIPITATION (IN)
  YESTERDAY        T            MM      MM   0.19  -0.19      T
  MONTH TO DATE    4.82                      4.20   0.62     3.89
  SINCE MAR 1     12.58                     11.79   0.79    13.15
  SINCE JAN 1     16.73                     16.18   0.55    17.39

DEGREE DAYS
 HEATING
  YESTERDAY        0                         2     -2        1
  MONTH TO DATE   87                        69     18      115
  SINCE MAR 1    821                       985   -164      842
  SINCE JUL 1   3876                      4660   -784     4069

 COOLING
  YESTERDAY        1                         4     -3        0
  MONTH TO DATE   83                        58     25       16
  SINCE MAR 1    130                        84     46       37
  SINCE JAN 1    130                        84     46       37
..................................................................


WIND (MPH)
  HIGHEST WIND SPEED    21   HIGHEST WIND DIRECTION    NW (300)
  HIGHEST GUST SPEED    26   HIGHEST GUST DIRECTION    NW (300)
  AVERAGE WIND SPEED    11.7


SKY COVER
  POSSIBLE SUNSHINE  MM
  AVERAGE SKY COVER 0.5


WEATHER CONDITIONS
 THE FOLLOWING WEATHER WAS RECORDED YESTERDAY.
  FOG


RELATIVE HUMIDITY (PERCENT)
 HIGHEST    97           100 AM
 LOWEST     43           400 PM
 AVERAGE    70

..........................................................


THE LAWRENCEVILLE IL AIRPORT CLIMATE NORMALS FOR TODAY
                         NORMAL    RECORD    YEAR
 MAXIMUM TEMPERATURE (F)   78        MM        MM
 MINIMUM TEMPERATURE (F)   57        MM        MM


SUNRISE AND SUNSET
MAY 22 2017...........SUNRISE   533 AM CDT   SUNSET   802 PM CDT
MAY 23 2017...........SUNRISE   532 AM CDT   SUNSET   803 PM CDT


-  INDICATES NEGATIVE NUMBERS.
R  INDICATES RECORD WAS SET OR TIED.
MM INDICATES DATA IS MISSING.
T  INDICATES TRACE AMOUNT.




$$
