000
CDUS43 KILX 210647
CLILWV


CLIMATE REPORT
NATIONAL WEATHER SERVICE LINCOLN IL
1247 AM CST SUN JAN 21 2018


...................................

...THE LAWRENCEVILLE IL AIRPORT CLIMATE SUMMARY FOR JANUARY 20 2018...

CLIMATE NORMAL PERIOD 1981 TO 2010
CLIMATE RECORD PERIOD 9999 TO 9999


WEATHER ITEM   OBSERVED TIME   RECORD YEAR NORMAL DEPARTURE LAST
                VALUE   (LST)  VALUE       VALUE  FROM      YEAR
                                                  NORMAL
..................................................................
TEMPERATURE (F)
 YESTERDAY
  MAXIMUM         43    237 PM  MM      MM  39      4       58
  MINIMUM         23    656 AM  MM      MM  23      0       48
  AVERAGE         33                        31      2       53

PRECIPITATION (IN)
  YESTERDAY        0.00         MM      MM   0.05  -0.05     0.29
  MONTH TO DATE    1.44                      1.74  -0.30     3.44
  SINCE DEC 1      2.48                      5.13  -2.65     5.11
  SINCE JAN 1      1.44                      1.74  -0.30     3.44

DEGREE DAYS
 HEATING
  YESTERDAY       32                        34     -2       12
  MONTH TO DATE  892                       680    212      593
  SINCE DEC 1   1864                      1621    243     1597
  SINCE JUL 1   2633                      2479    154     2219

 COOLING
  YESTERDAY        0                         0      0        0
  MONTH TO DATE    0                         0      0        0
  SINCE DEC 1      0                         0      0        0
  SINCE JAN 1      0                         0      0        0
..................................................................


WIND (MPH)
  HIGHEST WIND SPEED    15   HIGHEST WIND DIRECTION     S (180)
  HIGHEST GUST SPEED    18   HIGHEST GUST DIRECTION     S (180)
  AVERAGE WIND SPEED     8.3


SKY COVER
  POSSIBLE SUNSHINE  MM
  AVERAGE SKY COVER 0.4


WEATHER CONDITIONS
 THE FOLLOWING WEATHER WAS RECORDED YESTERDAY.
  NO SIGNIFICANT WEATHER WAS OBSERVED.


RELATIVE HUMIDITY (PERCENT)
 HIGHEST    82          1000 PM
 LOWEST     59          1100 AM
 AVERAGE    71

..........................................................


THE LAWRENCEVILLE IL AIRPORT CLIMATE NORMALS FOR TODAY
                         NORMAL    RECORD    YEAR
 MAXIMUM TEMPERATURE (F)   39        MM        MM
 MINIMUM TEMPERATURE (F)   23        MM        MM


SUNRISE AND SUNSET
JANUARY 21 2018.......SUNRISE   704 AM CST   SUNSET   500 PM CST
JANUARY 22 2018.......SUNRISE   704 AM CST   SUNSET   501 PM CST


-  INDICATES NEGATIVE NUMBERS.
R  INDICATES RECORD WAS SET OR TIED.
MM INDICATES DATA IS MISSING.
T  INDICATES TRACE AMOUNT.




$$
