000
CDUS43 KILX 230641
CLILWV


CLIMATE REPORT
NATIONAL WEATHER SERVICE LINCOLN IL
141 AM CDT FRI JUN 23 2017


...................................

...THE LAWRENCEVILLE IL AIRPORT CLIMATE SUMMARY FOR JUNE 22 2017...

CLIMATE NORMAL PERIOD 1981 TO 2010
CLIMATE RECORD PERIOD 9999 TO 9999


WEATHER ITEM   OBSERVED TIME   RECORD YEAR NORMAL DEPARTURE LAST
                VALUE   (LST)  VALUE       VALUE  FROM      YEAR
                                                  NORMAL
..................................................................
TEMPERATURE (F)
 YESTERDAY
  MAXIMUM         80    955 AM  MM      MM  87     -7       93
  MINIMUM         69    427 AM  MM      MM  65      4       74
  AVERAGE         75                        76     -1       84

PRECIPITATION (IN)
  YESTERDAY        0.08         MM      MM   0.11  -0.03     0.00
  MONTH TO DATE    0.55                      2.89  -2.34     1.78
  SINCE JUN 1      0.55                      2.89  -2.34     1.78
  SINCE JAN 1     18.36                     20.45  -2.09    19.45

DEGREE DAYS
 HEATING
  YESTERDAY        0                         0      0        0
  MONTH TO DATE    0                         6     -6        0
  SINCE JUN 1      0                         6     -6        0
  SINCE JUL 1   3881                      4679   -798     4069

 COOLING
  YESTERDAY       10                        11     -1       19
  MONTH TO DATE  246                       196     50      259
  SINCE JUN 1    246                       196     50      259
  SINCE JAN 1    419                       335     84      379
..................................................................


WIND (MPH)
  HIGHEST WIND SPEED    24   HIGHEST WIND DIRECTION     S (180)
  HIGHEST GUST SPEED    31   HIGHEST GUST DIRECTION     S (170)
  AVERAGE WIND SPEED    11.0


SKY COVER
  POSSIBLE SUNSHINE  MM
  AVERAGE SKY COVER 0.7


WEATHER CONDITIONS
 THE FOLLOWING WEATHER WAS RECORDED YESTERDAY.
  RAIN
  LIGHT RAIN
  FOG


RELATIVE HUMIDITY (PERCENT)
 HIGHEST   100          1000 PM
 LOWEST     69          1000 AM
 AVERAGE    85

..........................................................


THE LAWRENCEVILLE IL AIRPORT CLIMATE NORMALS FOR TODAY
                         NORMAL    RECORD    YEAR
 MAXIMUM TEMPERATURE (F)   87        MM        MM
 MINIMUM TEMPERATURE (F)   66        MM        MM


SUNRISE AND SUNSET
JUNE 23 2017..........SUNRISE   526 AM CDT   SUNSET   819 PM CDT
JUNE 24 2017..........SUNRISE   527 AM CDT   SUNSET   819 PM CDT


-  INDICATES NEGATIVE NUMBERS.
R  INDICATES RECORD WAS SET OR TIED.
MM INDICATES DATA IS MISSING.
T  INDICATES TRACE AMOUNT.




$$
