000
CDUS43 KILX 240659
CLILWV


CLIMATE REPORT
NATIONAL WEATHER SERVICE LINCOLN IL
145 AM CDT THU APR 24 2014


...................................

...THE LAWRENCEVILLE IL AIRPORT CLIMATE SUMMARY FOR APRIL 23 2014...

CLIMATE NORMAL PERIOD 1981 TO 2010
CLIMATE RECORD PERIOD 9999 TO 9999


WEATHER ITEM   OBSERVED TIME   RECORD YEAR NORMAL DEPARTURE LAST
                VALUE   (LST)  VALUE       VALUE  FROM      YEAR
                                                  NORMAL
..................................................................
TEMPERATURE (F)
 YESTERDAY
  MAXIMUM         65    346 PM  MM      MM  69     -4       67
  MINIMUM         42    528 AM  MM      MM  48     -6       47
  AVERAGE         54                        59     -5       57

PRECIPITATION (IN)
  YESTERDAY        0.00         MM      MM   0.16  -0.16     0.84
  MONTH TO DATE    5.86                      2.79   3.07     5.08
  SINCE MAR 1      6.90                      6.22   0.68     8.33
  SINCE JAN 1      9.66                     10.61  -0.95    16.89

DEGREE DAYS
 HEATING
  YESTERDAY       11                         7      4        8
  MONTH TO DATE  233                       253    -20      262
  SINCE MAR 1   1016                       875    141     1081
  SINCE JUL 1   5418                      4550    868     4777

 COOLING
  YESTERDAY        0                         1     -1        0
  MONTH TO DATE    4                        17    -13       20
  SINCE MAR 1      4                        19    -15       20
  SINCE JAN 1      4                        19    -15       20
..................................................................


WIND (MPH)
  HIGHEST WIND SPEED    17   HIGHEST WIND DIRECTION    NE (50)
  HIGHEST GUST SPEED    21   HIGHEST GUST DIRECTION    NE (40)
  AVERAGE WIND SPEED     7.9


SKY COVER
  POSSIBLE SUNSHINE  MM
  AVERAGE SKY COVER 0.1


WEATHER CONDITIONS
 THE FOLLOWING WEATHER WAS RECORDED YESTERDAY.
  NO SIGNIFICANT WEATHER WAS OBSERVED.


RELATIVE HUMIDITY (PERCENT)
 HIGHEST    70           500 AM
 LOWEST     26           300 PM
 AVERAGE    48

..........................................................


THE LAWRENCEVILLE IL AIRPORT CLIMATE NORMALS FOR TODAY
                         NORMAL    RECORD    YEAR
 MAXIMUM TEMPERATURE (F)   70        MM        MM
 MINIMUM TEMPERATURE (F)   49        MM        MM


SUNRISE AND SUNSET
APRIL 24 2014.........SUNRISE   602 AM CDT   SUNSET   736 PM CDT
APRIL 25 2014.........SUNRISE   600 AM CDT   SUNSET   737 PM CDT


-  INDICATES NEGATIVE NUMBERS.
R  INDICATES RECORD WAS SET OR TIED.
MM INDICATES DATA IS MISSING.
T  INDICATES TRACE AMOUNT.




$$
