000
CDUS41 KRNK 130659
CLILYH


CLIMATE REPORT
NATIONAL WEATHER SERVICE BLACKSBURG VA
153 AM EST SAT FEB 13 2016


...................................

...THE LYNCHBURG VA CLIMATE SUMMARY FOR FEBRUARY 12 2016...

CLIMATE NORMAL PERIOD 1981 TO 2010
CLIMATE RECORD PERIOD 1893 TO 2016


WEATHER ITEM   OBSERVED TIME   RECORD YEAR NORMAL DEPARTURE LAST
                VALUE   (LST)  VALUE       VALUE  FROM      YEAR
                                                  NORMAL
..................................................................
TEMPERATURE (F)
 YESTERDAY
  MAXIMUM         32   1149 PM  72    1999  48    -16       45
  MINIMUM         18    554 AM   5    1899  27     -9       20
  AVERAGE         25                        38    -13       33

PRECIPITATION (IN)
  YESTERDAY        T             1.05 1993   0.10  -0.10      T
  MONTH TO DATE    1.23                      1.26  -0.03     0.25
  SINCE DEC 1      8.97                      7.64   1.33     5.23
  SINCE JAN 1      4.00                      4.40  -0.40     2.11

SNOWFALL (IN)
  YESTERDAY        T                                          T
  MONTH TO DATE    T                                          T
  SINCE DEC 1     10.2                                       0.1
  SINCE JUL 1     10.2                                       0.1
  SNOW DEPTH       0

DEGREE DAYS
 HEATING
  YESTERDAY       40                        27     13       32
  MONTH TO DATE  346                       340      6      335
  SINCE DEC 1   1813                      2118   -305     2042
  SINCE JUL 1   2523                      3012   -489     3018

 COOLING
  YESTERDAY        0                         0      0        0
  MONTH TO DATE    0                         0      0        0
  SINCE DEC 1      0                         0      0        0
  SINCE JAN 1      0                         0      0        0
..................................................................


WIND (MPH)
  HIGHEST WIND SPEED    13   HIGHEST WIND DIRECTION     S (200)
  HIGHEST GUST SPEED    19   HIGHEST GUST DIRECTION     W (290)
  AVERAGE WIND SPEED     5.2


SKY COVER
  AVERAGE SKY COVER 0.9


WEATHER CONDITIONS
 THE FOLLOWING WEATHER WAS RECORDED YESTERDAY.
  LIGHT SNOW


RELATIVE HUMIDITY (PERCENT)
 HIGHEST    69           900 PM
 LOWEST     38          1200 PM
 AVERAGE    54

..........................................................


THE LYNCHBURG VA CLIMATE NORMALS FOR TODAY
                         NORMAL    RECORD    YEAR
 MAXIMUM TEMPERATURE (F)   49        72      1951
 MINIMUM TEMPERATURE (F)   27         5      1979
                                             1899


SUNRISE AND SUNSET
FEBRUARY 13 2016......SUNRISE   709 AM EST   SUNSET   554 PM EST
FEBRUARY 14 2016......SUNRISE   708 AM EST   SUNSET   555 PM EST


-  INDICATES NEGATIVE NUMBERS.
R  INDICATES RECORD WAS SET OR TIED.
MM INDICATES DATA IS MISSING.
T  INDICATES TRACE AMOUNT.

REMARKS:

DUE TO A SENSOR FAILURE CAUSING MISSING TEMPERATURES ON OCTOBER 22
AND 23...THE SEASONAL HEATING DEGREE DAY TOTAL AND DEPARTURE FROM
NORMAL WILL BE CALCULATED WITHOUT DATA FROM THESE DATES.

$$

RAB
