000
CDUS41 KRNK 301003
CLILYH


CLIMATE REPORT
NATIONAL WEATHER SERVICE BLACKSBURG VA
502 AM EST FRI JAN 30 2015


...................................

...THE LYNCHBURG VA CLIMATE SUMMARY FOR JANUARY 29 2015...

CLIMATE NORMAL PERIOD 1981 TO 2010
CLIMATE RECORD PERIOD 1893 TO 2015


WEATHER ITEM   OBSERVED TIME   RECORD YEAR NORMAL DEPARTURE LAST
                VALUE   (LST)  VALUE       VALUE  FROM      YEAR
                                                  NORMAL
..................................................................
TEMPERATURE (F)
 YESTERDAY
  MAXIMUM         41    220 PM  75    1975  46     -5       25
  MINIMUM         18    319 AM   4    2000  25     -7        8
  AVERAGE         30                        36     -6       17

PRECIPITATION (IN)
  YESTERDAY        T             0.98 1912   0.10  -0.10      T
  MONTH TO DATE    1.86                      2.93  -1.07     3.27
  SINCE DEC 1      4.98                      6.17  -1.19     8.96
  SINCE JAN 1      1.86                      2.93  -1.07     3.27

SNOWFALL (IN)
  YESTERDAY        T
  MONTH TO DATE    0.1
  SINCE DEC 1      0.1
  SINCE JUL 1      0.1
  SNOW DEPTH       0

DEGREE DAYS
 HEATING
  YESTERDAY       35                        29      6       48
  MONTH TO DATE  884                       867     17     1010
  SINCE DEC 1   1638                      1718    -80     1746
  SINCE JUL 1   2614                      2612      2     2664

 COOLING
  YESTERDAY        0                         0      0        0
  MONTH TO DATE    0                         0      0        0
  SINCE DEC 1      0                         0      0        0
  SINCE JAN 1      0                         0      0        0
..................................................................


WIND (MPH)
  HIGHEST WIND SPEED    16   HIGHEST WIND DIRECTION     S (180)
  HIGHEST GUST SPEED    21   HIGHEST GUST DIRECTION     S (170)
  AVERAGE WIND SPEED     5.5


SKY COVER
  POSSIBLE SUNSHINE  MM
  AVERAGE SKY COVER 0.4


WEATHER CONDITIONS
 THE FOLLOWING WEATHER WAS RECORDED YESTERDAY.
  LIGHT RAIN
  SLEET


RELATIVE HUMIDITY (PERCENT)
 HIGHEST    68          1200 AM
 LOWEST     32          1100 AM
 AVERAGE    50

..........................................................


THE LYNCHBURG VA CLIMATE NORMALS FOR TODAY
                         NORMAL    RECORD    YEAR
 MAXIMUM TEMPERATURE (F)   46        80      2002
 MINIMUM TEMPERATURE (F)   25         3      2014


SUNRISE AND SUNSET
JANUARY 30 2015.......SUNRISE   722 AM EST   SUNSET   539 PM EST
JANUARY 31 2015.......SUNRISE   721 AM EST   SUNSET   540 PM EST


-  INDICATES NEGATIVE NUMBERS.
R  INDICATES RECORD WAS SET OR TIED.
MM INDICATES DATA IS MISSING.
T  INDICATES TRACE AMOUNT.




$$
