837
CDUS41 KRNK 222105
CLILYH


CLIMATE REPORT
NATIONAL WEATHER SERVICE BLACKSBURG VA
505 PM EDT SAT JUL 22 2017


...................................

...THE LYNCHBURG VA CLIMATE SUMMARY FOR JULY 22 2017...
VALID TODAY AS OF 0500 PM LOCAL TIME.

CLIMATE NORMAL PERIOD 1981 TO 2010
CLIMATE RECORD PERIOD 1893 TO 2017


WEATHER ITEM   OBSERVED TIME   RECORD YEAR NORMAL DEPARTURE LAST
                VALUE   (LST)  VALUE       VALUE  FROM      YEAR
                                                  NORMAL
..................................................................
TEMPERATURE (F)
 TODAY
  MAXIMUM         94    132 PM 102    1926  87      7       92
  MINIMUM         69    541 AM  53    2001  64      5       67
  AVERAGE         82                        75      7       80

PRECIPITATION (IN)
  TODAY            T             3.12 1894   0.14  -0.14     0.00
  MONTH TO DATE    2.08                      3.05  -0.97     1.52
  SINCE JUN 1      4.17                      6.67  -2.50     7.79
  SINCE JAN 1     23.27                     23.36  -0.09    27.45

SNOWFALL (IN)
  TODAY            0.0                                       0.0
  MONTH TO DATE    0.0                                       0.0
  SINCE JUN 1      0.0                                       0.0
  SINCE JUL 1      0.0                                       0.0
  SNOW DEPTH       0

DEGREE DAYS
 HEATING
  TODAY            0                         0      0        0
  MONTH TO DATE    0                         0      0        0
  SINCE JUN 1      4                        14    -10        1
  SINCE JUL 1      0                         0      0        0

 COOLING
  TODAY           17                        10      7       15
  MONTH TO DATE  292                       220     72      251
  SINCE JUN 1    498                       434     64      480
  SINCE JAN 1    634                       516    118      551
..................................................................


WIND (MPH)
  HIGHEST WIND SPEED    13   HIGHEST WIND DIRECTION    SW (210)
  HIGHEST GUST SPEED    19   HIGHEST GUST DIRECTION    SW (210)
  AVERAGE WIND SPEED     3.8


SKY COVER
  AVERAGE SKY COVER 0.2


WEATHER CONDITIONS
 THE FOLLOWING WEATHER WAS RECORDED TODAY.
  LIGHT RAIN
  FOG


RELATIVE HUMIDITY (PERCENT)
 HIGHEST   100          1200 AM
 LOWEST     49           200 PM
 AVERAGE    75

..........................................................


THE LYNCHBURG VA CLIMATE NORMALS FOR TOMORROW
                         NORMAL    RECORD    YEAR
 MAXIMUM TEMPERATURE (F)   86        98      2010
 MINIMUM TEMPERATURE (F)   64        54      1947


SUNRISE AND SUNSET
JULY 22 2017..........SUNRISE   613 AM EDT   SUNSET   833 PM EDT
JULY 23 2017..........SUNRISE   614 AM EDT   SUNSET   832 PM EDT


-  INDICATES NEGATIVE NUMBERS.
R  INDICATES RECORD WAS SET OR TIED.
MM INDICATES DATA IS MISSING.
T  INDICATES TRACE AMOUNT.




$$
