000
CDUS41 KRNK 221011
CLILYH


CLIMATE REPORT
NATIONAL WEATHER SERVICE BLACKSBURG VA
508 AM EST SAT NOV 22 2014


...................................

...THE LYNCHBURG VA CLIMATE SUMMARY FOR NOVEMBER 21 2014...

CLIMATE NORMAL PERIOD 1981 TO 2010
CLIMATE RECORD PERIOD 1893 TO 2014


WEATHER ITEM   OBSERVED TIME   RECORD YEAR NORMAL DEPARTURE LAST
                VALUE   (LST)  VALUE       VALUE  FROM      YEAR
                                                  NORMAL
..................................................................
TEMPERATURE (F)
 YESTERDAY
  MAXIMUM         41    315 PM  77    1900  56    -15       50
  MINIMUM         20   1153 PM  15    1968  34    -14       37
  AVERAGE         31                        45    -14       44

PRECIPITATION (IN)
  YESTERDAY        0.00          1.00 2005   0.12  -0.12     0.00
  MONTH TO DATE    0.62                      2.39  -1.77     0.48
  SINCE SEP 1      5.81                      9.38  -3.57     3.30
  SINCE JAN 1     39.80                     37.31   2.49    37.02

SNOWFALL (IN)
  YESTERDAY        0.0
  MONTH TO DATE    T
  SINCE SEP 1      T
  SINCE JUL 1      T
  SNOW DEPTH       0

DEGREE DAYS
 HEATING
  YESTERDAY       34                        20     14       21
  MONTH TO DATE  474                       351    123      378
  SINCE SEP 1    767                       695     72      652
  SINCE JUL 1    767                       698     69      657

 COOLING
  YESTERDAY        0                         0      0        0
  MONTH TO DATE    0                         0      0        0
  SINCE SEP 1    137                       133      4      155
  SINCE JAN 1    967                      1031    -64     1184
..................................................................


WIND (MPH)
  HIGHEST WIND SPEED     9   HIGHEST WIND DIRECTION    SW (230)
  HIGHEST GUST SPEED    15   HIGHEST GUST DIRECTION    NW (320)
  AVERAGE WIND SPEED     3.5


SKY COVER
  POSSIBLE SUNSHINE  MM
  AVERAGE SKY COVER 0.0


WEATHER CONDITIONS
 THE FOLLOWING WEATHER WAS RECORDED YESTERDAY.
  NO SIGNIFICANT WEATHER WAS OBSERVED.


RELATIVE HUMIDITY (PERCENT)
 HIGHEST    68          1100 PM
 LOWEST     22           300 PM
 AVERAGE    45

..........................................................


THE LYNCHBURG VA CLIMATE NORMALS FOR TODAY
                         NORMAL    RECORD    YEAR
 MAXIMUM TEMPERATURE (F)   56        77      1913
 MINIMUM TEMPERATURE (F)   33        13      1964


SUNRISE AND SUNSET
NOVEMBER 22 2014......SUNRISE   703 AM EST   SUNSET   502 PM EST
NOVEMBER 23 2014......SUNRISE   704 AM EST   SUNSET   502 PM EST


-  INDICATES NEGATIVE NUMBERS.
R  INDICATES RECORD WAS SET OR TIED.
MM INDICATES DATA IS MISSING.
T  INDICATES TRACE AMOUNT.

REMARKS:
DUE TO A SYSTEM FAILURE CAUSING MISSING TEMPERATURES ON
AUGUST 21-24...THE SEASONAL TOTAL AND DEPARTURE FROM NORMAL
FOR CDD WILL BE CALCULATED WITHOUT DATA FROM THOSE DATES.


$$
