000
CDUS44 KLZK 200908
CLILZK


CLIMATE REPORT
NATIONAL WEATHER SERVICE LITTLE ROCK AR
408 AM CDT SAT SEP 20 2014


...................................

...THE NORTH LITTLE ROCK CLIMATE SUMMARY FOR SEPTEMBER 19 2014...

CLIMATE NORMAL PERIOD 1981 TO 2010
CLIMATE RECORD PERIOD 1975 TO 2014


WEATHER ITEM   OBSERVED TIME   RECORD YEAR NORMAL DEPARTURE LAST
                VALUE   (LST)  VALUE       VALUE  FROM      YEAR
                                                  NORMAL
..................................................................
TEMPERATURE (F)
 YESTERDAY
  MAXIMUM         86        MM  98    2005  83      3       91
  MINIMUM         65        MM  50    1981  63      2       72
  AVERAGE         76                        73      3       82

PRECIPITATION (IN)
  YESTERDAY        0.00          1.36 2002   0.09  -0.09     0.00
  MONTH TO DATE    1.07                      2.08  -1.01     0.04
  SINCE SEP 1      1.07                      2.08  -1.01     0.04
  SINCE JAN 1     36.87                     33.60   3.27    34.26

SNOWFALL (IN)
  YESTERDAY        0.0          MM      MM   0.0    0.0      0.0
  MONTH TO DATE    0.0                       0.0    0.0      0.0
  SINCE SEP 1      0.0                       0.0    0.0      0.0
  SINCE JUL 1      0.0                       0.0    0.0      0.0
  SNOW DEPTH       0

DEGREE DAYS
 HEATING
  YESTERDAY        0                         1     -1        0
  MONTH TO DATE    7                         1      6        0
  SINCE SEP 1      7                         1      6        0
  SINCE JUL 1      7                         1      6        0

 COOLING
  YESTERDAY       11                         9      2       17
  MONTH TO DATE  213                       222     -9      307
  SINCE SEP 1    213                       222     -9      307
  SINCE JAN 1   1728                      1999   -271     1943
..................................................................


WIND (MPH)
  HIGHEST WIND SPEED    MM   HIGHEST WIND DIRECTION    MM
  HIGHEST GUST SPEED    MM   HIGHEST GUST DIRECTION    MM
  AVERAGE WIND SPEED    MM


SKY COVER
  POSSIBLE SUNSHINE  MM
  AVERAGE SKY COVER  MM


WEATHER CONDITIONS
 THE FOLLOWING WEATHER WAS RECORDED YESTERDAY.
  NO SIGNIFICANT WEATHER WAS OBSERVED.


RELATIVE HUMIDITY (PERCENT)
 HIGHEST    MM
 LOWEST     MM
 AVERAGE    MM

..........................................................


THE NORTH LITTLE ROCK CLIMATE NORMALS FOR TODAY
                         NORMAL    RECORD    YEAR
 MAXIMUM TEMPERATURE (F)   83        98      2005
 MINIMUM TEMPERATURE (F)   63        45      1991


SUNRISE AND SUNSET
SEPTEMBER 20 2014.....SUNRISE   656 AM CDT   SUNSET   709 PM CDT
SEPTEMBER 21 2014.....SUNRISE   656 AM CDT   SUNSET   707 PM CDT


-  INDICATES NEGATIVE NUMBERS.
R  INDICATES RECORD WAS SET OR TIED.
MM INDICATES DATA IS MISSING.
T  INDICATES TRACE AMOUNT.




$$
