000
CDUS44 KLZK 030648
CLILZK


CLIMATE REPORT
NATIONAL WEATHER SERVICE LITTLE ROCK AR
1248 AM CST SAT DEC 3 2016


...................................

...THE NORTH LITTLE ROCK CLIMATE SUMMARY FOR DECEMBER 2 2016...

CLIMATE NORMAL PERIOD 1981 TO 2010
CLIMATE RECORD PERIOD 1975 TO 2016


WEATHER ITEM   OBSERVED TIME   RECORD YEAR NORMAL DEPARTURE LAST
                VALUE   (LST)  VALUE       VALUE  FROM      YEAR
                                                  NORMAL
..................................................................
TEMPERATURE (F)
 YESTERDAY
  MAXIMUM         63        MM  78    1982  55      8       51
  MINIMUM         40        MM  19    1985  38      2       35
  AVERAGE         52                        46      6       43

PRECIPITATION (IN)
  YESTERDAY        0.00          2.56 1983   0.19  -0.19     0.00
  MONTH TO DATE    0.00                      0.37  -0.37     0.00
  SINCE DEC 1      0.00                      0.37  -0.37     0.00
  SINCE JAN 1     49.27                     45.39   3.88    56.98

SNOWFALL (IN)
  YESTERDAY        0.0          MM      MM   0.0    0.0      0.0
  MONTH TO DATE    0.0                       0.0    0.0      0.0
  SINCE DEC 1      0.0                       0.0    0.0      0.0
  SINCE JUL 1      T                         T      0.0      0.0
  SNOW DEPTH      MM

DEGREE DAYS
 HEATING
  YESTERDAY       13                        19     -6       22
  MONTH TO DATE   29                        37     -8       42
  SINCE DEC 1     29                        37     -8       42
  SINCE JUL 1    323                       549   -226      395

 COOLING
  YESTERDAY        0                         0      0        0
  MONTH TO DATE    0                         0      0        0
  SINCE DEC 1      0                         0      0        0
  SINCE JAN 1   2374                      2169    205     2315
..................................................................


WIND (MPH)
  HIGHEST WIND SPEED     6   HIGHEST WIND DIRECTION     E (110)
  HIGHEST GUST SPEED    MM   HIGHEST GUST DIRECTION    MM
  AVERAGE WIND SPEED     3.1


SKY COVER
  POSSIBLE SUNSHINE  MM
  AVERAGE SKY COVER 0.0


WEATHER CONDITIONS
 THE FOLLOWING WEATHER WAS RECORDED YESTERDAY.
  NO SIGNIFICANT WEATHER WAS OBSERVED.


RELATIVE HUMIDITY (PERCENT)
 HIGHEST    65
 LOWEST     27
 AVERAGE    46

..........................................................


THE NORTH LITTLE ROCK CLIMATE NORMALS FOR TODAY
                         NORMAL    RECORD    YEAR
 MAXIMUM TEMPERATURE (F)   54        77      2005
 MINIMUM TEMPERATURE (F)   38        20      1985


SUNRISE AND SUNSET
DECEMBER  3 2016......SUNRISE   700 AM CST   SUNSET   458 PM CST
DECEMBER  4 2016......SUNRISE   701 AM CST   SUNSET   458 PM CST


-  INDICATES NEGATIVE NUMBERS.
R  INDICATES RECORD WAS SET OR TIED.
MM INDICATES DATA IS MISSING.
T  INDICATES TRACE AMOUNT.




$$
