000
CDUS44 KLZK 241010
CLILZK


CLIMATE REPORT
NATIONAL WEATHER SERVICE LITTLE ROCK AR
509 AM CDT SAT JUN 24 2017


...................................

...THE NORTH LITTLE ROCK CLIMATE SUMMARY FOR JUNE 23 2017...

CLIMATE NORMAL PERIOD 1981 TO 2010
CLIMATE RECORD PERIOD 1975 TO 2017


WEATHER ITEM   OBSERVED TIME   RECORD YEAR NORMAL DEPARTURE LAST
                VALUE   (LST)  VALUE       VALUE  FROM      YEAR
                                                  NORMAL
..................................................................
TEMPERATURE (F)
 YESTERDAY
  MAXIMUM         88        MM  99    2011  90     -2       94
                                      1988
  MINIMUM         69        MM  63    1992  71     -2       78
  AVERAGE         79                        80     -1       86

PRECIPITATION (IN)
  YESTERDAY        0.51          1.07 2014   0.10   0.41     0.00
  MONTH TO DATE    6.06                      2.57   3.49     1.78
  SINCE JUN 1      6.06                      2.57   3.49     1.78
  SINCE JAN 1     32.05                     24.17   7.88    30.01

SNOWFALL (IN)
  YESTERDAY        0.0          MM      MM   0.0    0.0      0.0
  MONTH TO DATE    0.0                       0.0    0.0      0.0
  SINCE JUN 1      0.0                       0.0    0.0      0.0
  SINCE JUL 1      0.8                       4.4   -3.6      7.2
  SNOW DEPTH       0

DEGREE DAYS
 HEATING
  YESTERDAY        0                         0      0        0
  MONTH TO DATE    0                         0      0        0
  SINCE JUN 1      0                         0      0        0
  SINCE JUL 1   2198                      3005   -807     2321

 COOLING
  YESTERDAY       14                        15     -1       21
  MONTH TO DATE  274                       300    -26      353
  SINCE JUN 1    274                       300    -26      353
  SINCE JAN 1    577                       596    -19      581
..................................................................


WIND (MPH)
  HIGHEST WIND SPEED    10   HIGHEST WIND DIRECTION    SE (140)
  HIGHEST GUST SPEED    33   HIGHEST GUST DIRECTION     N (360)
  AVERAGE WIND SPEED     4.3


SKY COVER
  POSSIBLE SUNSHINE  MM
  AVERAGE SKY COVER 0.0


WEATHER CONDITIONS
 THE FOLLOWING WEATHER WAS RECORDED YESTERDAY.
  THUNDERSTORM
  RAIN
  LIGHT RAIN
  FOG


RELATIVE HUMIDITY (PERCENT)
 HIGHEST    97           500 PM
 LOWEST     75           100 PM
 AVERAGE    86

..........................................................


THE NORTH LITTLE ROCK CLIMATE NORMALS FOR TODAY
                         NORMAL    RECORD    YEAR
 MAXIMUM TEMPERATURE (F)   90       101      2012
 MINIMUM TEMPERATURE (F)   71        64      1979


SUNRISE AND SUNSET
JUNE 24 2017..........SUNRISE   557 AM CDT   SUNSET   826 PM CDT
JUNE 25 2017..........SUNRISE   557 AM CDT   SUNSET   826 PM CDT


-  INDICATES NEGATIVE NUMBERS.
R  INDICATES RECORD WAS SET OR TIED.
MM INDICATES DATA IS MISSING.
T  INDICATES TRACE AMOUNT.




$$
