000
CDUS44 KLZK 300902
CLILZK


CLIMATE REPORT
NATIONAL WEATHER SERVICE LITTLE ROCK AR
401 AM CDT THU OCT 30 2014


...................................

...THE NORTH LITTLE ROCK CLIMATE SUMMARY FOR OCTOBER 29 2014...

CLIMATE NORMAL PERIOD 1981 TO 2010
CLIMATE RECORD PERIOD 1975 TO 2014


WEATHER ITEM   OBSERVED TIME   RECORD YEAR NORMAL DEPARTURE LAST
                VALUE   (LST)  VALUE       VALUE  FROM      YEAR
                                                  NORMAL
..................................................................
TEMPERATURE (F)
 YESTERDAY
  MAXIMUM         69        MM  82    2004  69      0       77
  MINIMUM         51        MM  33    1993  50      1       56
  AVERAGE         60                        60      0       67

PRECIPITATION (IN)
  YESTERDAY        0.00          5.23 2009   0.17  -0.17     0.00
  MONTH TO DATE    5.25                      4.47   0.78     2.74
  SINCE SEP 1      6.32                      7.78  -1.46     5.00
  SINCE JAN 1     42.12                     39.30   2.82    39.22

SNOWFALL (IN)
  YESTERDAY        0.0           0.2  1993   0.0    0.0      0.0
  MONTH TO DATE    T                         0.0    0.0      0.0
  SINCE SEP 1      T                         0.0    0.0      0.0
  SINCE JUL 1      T                         0.0    0.0      0.0
  SNOW DEPTH       0

DEGREE DAYS
 HEATING
  YESTERDAY        5                         7     -2        0
  MONTH TO DATE   55                       108    -53      124
  SINCE SEP 1     62                       121    -59      124
  SINCE JUL 1     62                       121    -59      124

 COOLING
  YESTERDAY        0                         1     -1        2
  MONTH TO DATE   99                        81     18       79
  SINCE SEP 1    416                       378     38      472
  SINCE JAN 1   1931                      2155   -224     2108
..................................................................


WIND (MPH)
  HIGHEST WIND SPEED    MM   HIGHEST WIND DIRECTION    MM
  HIGHEST GUST SPEED    MM   HIGHEST GUST DIRECTION    MM
  AVERAGE WIND SPEED    MM


SKY COVER
  POSSIBLE SUNSHINE  MM
  AVERAGE SKY COVER  MM


WEATHER CONDITIONS
 THE FOLLOWING WEATHER WAS RECORDED YESTERDAY.
  NO SIGNIFICANT WEATHER WAS OBSERVED.


RELATIVE HUMIDITY (PERCENT)
 HIGHEST    MM
 LOWEST     MM
 AVERAGE    MM

..........................................................


THE NORTH LITTLE ROCK CLIMATE NORMALS FOR TODAY
                         NORMAL    RECORD    YEAR
 MAXIMUM TEMPERATURE (F)   69        83      2000
                                             1998
 MINIMUM TEMPERATURE (F)   50        31      1993


SUNRISE AND SUNSET
OCTOBER 30 2014.......SUNRISE   728 AM CDT   SUNSET   617 PM CDT
OCTOBER 31 2014.......SUNRISE   729 AM CDT   SUNSET   616 PM CDT


-  INDICATES NEGATIVE NUMBERS.
R  INDICATES RECORD WAS SET OR TIED.
MM INDICATES DATA IS MISSING.
T  INDICATES TRACE AMOUNT.




$$
