000
CDUS44 KLZK 042100
CLILZK


CLIMATE REPORT
NATIONAL WEATHER SERVICE LITTLE ROCK AR
359 PM CDT TUE AUG 4 2015


...................................

...THE NORTH LITTLE ROCK CLIMATE SUMMARY FOR AUGUST 4 2015...
VALID TODAY AS OF 0300 PM LOCAL TIME.

CLIMATE NORMAL PERIOD 1981 TO 2010
CLIMATE RECORD PERIOD 1975 TO 2015


WEATHER ITEM   OBSERVED TIME   RECORD YEAR NORMAL DEPARTURE LAST
                VALUE   (LST)  VALUE       VALUE  FROM      YEAR
                                                  NORMAL
..................................................................
TEMPERATURE (F)
 TODAY
  MAXIMUM         97        MM 102    2012  93      4       89
                                      2010
  MINIMUM         76        MM  62    1976  73      3       68
  AVERAGE         87                        83      4       79

PRECIPITATION (IN)
  TODAY            0.00          2.05 2006   0.10  -0.10     0.00
  MONTH TO DATE    0.00                      0.40  -0.40     0.00
  SINCE JUN 1      4.52                      7.52  -3.00    11.06
  SINCE JAN 1     35.58                     29.12   6.46    33.54

SNOWFALL (IN)
  TODAY            0.0          MM      MM   0.0    0.0      0.0
  MONTH TO DATE    0.0                       0.0    0.0      0.0
  SINCE JUN 1      0.0                       0.0    0.0      0.0
  SINCE JUL 1      0.0                       0.0    0.0      0.0
  SNOW DEPTH       0

DEGREE DAYS
 HEATING
  TODAY            0                         0      0        0
  MONTH TO DATE    0                         0      0        0
  SINCE JUN 1      0                         1     -1        0
  SINCE JUL 1      0                         0      0        0

 COOLING
  TODAY           22                        18      4       14
  MONTH TO DATE   85                        72     13       51
  SINCE JUN 1   1135                      1026    109      804
  SINCE JAN 1   1418                      1322     96     1068
..................................................................


WIND (MPH)
  HIGHEST WIND SPEED    MM   HIGHEST WIND DIRECTION    MM
  HIGHEST GUST SPEED    MM   HIGHEST GUST DIRECTION    MM
  AVERAGE WIND SPEED    MM


SKY COVER
  POSSIBLE SUNSHINE  MM
  AVERAGE SKY COVER  MM


WEATHER CONDITIONS
 THE FOLLOWING WEATHER WAS RECORDED TODAY.
  NO SIGNIFICANT WEATHER WAS OBSERVED.


RELATIVE HUMIDITY (PERCENT)
 HIGHEST    MM
 LOWEST     MM
 AVERAGE    MM

..........................................................


THE NORTH LITTLE ROCK CLIMATE NORMALS FOR TOMORROW
                         NORMAL    RECORD    YEAR
 MAXIMUM TEMPERATURE (F)   93       101      2012
                                             2010
                                             2000
 MINIMUM TEMPERATURE (F)   73        65      1986


SUNRISE AND SUNSET
AUGUST  4 2015........SUNRISE   621 AM CDT   SUNSET   809 PM CDT
AUGUST  5 2015........SUNRISE   622 AM CDT   SUNSET   808 PM CDT


-  INDICATES NEGATIVE NUMBERS.
R  INDICATES RECORD WAS SET OR TIED.
MM INDICATES DATA IS MISSING.
T  INDICATES TRACE AMOUNT.




$$
