000
CDUS44 KLZK 250639
CLILZK


CLIMATE REPORT
NATIONAL WEATHER SERVICE LITTLE ROCK AR
1238 AM CST SAT FEB 25 2017


...................................

...THE NORTH LITTLE ROCK CLIMATE SUMMARY FOR FEBRUARY 24 2017...

CLIMATE NORMAL PERIOD 1981 TO 2010
CLIMATE RECORD PERIOD 1975 TO 2017


WEATHER ITEM   OBSERVED TIME   RECORD YEAR NORMAL DEPARTURE LAST
                VALUE   (LST)  VALUE       VALUE  FROM      YEAR
                                                  NORMAL
..................................................................
TEMPERATURE (F)
 YESTERDAY
  MAXIMUM         66        MM  77    2000  57      9       48
  MINIMUM         45   1100 PM  21    1989  39      6       36
  AVERAGE         56                        48      8       42

PRECIPITATION (IN)
  YESTERDAY        0.00          1.47 2007   0.14  -0.14     0.26
  MONTH TO DATE    2.78                      3.08  -0.30     1.83
  SINCE DEC 1      8.25                     11.51  -3.26    15.14
  SINCE JAN 1      5.08                      6.50  -1.42     5.06

SNOWFALL (IN)
  YESTERDAY        0.0           3.0  2003   0.0    0.0      0.0
  MONTH TO DATE    0.0                       1.6   -1.6      0.0
  SINCE DEC 1      0.8                       3.8   -3.0      7.2
  SINCE JUL 1      0.8                       3.8   -3.0      7.2
  SNOW DEPTH       0

DEGREE DAYS
 HEATING
  YESTERDAY        9                        17     -8       23
  MONTH TO DATE  267                       487   -220      403
  SINCE DEC 1   1482                      1908   -426     1538
  SINCE JUL 1   1776                      2420   -644     1891

 COOLING
  YESTERDAY        0                         0      0        0
  MONTH TO DATE   13                         0     13        2
  SINCE DEC 1     15                         2     13       10
  SINCE JAN 1     14                         1     13        3
..................................................................


WIND (MPH)
  HIGHEST WIND SPEED    12   HIGHEST WIND DIRECTION     S (200)
  HIGHEST GUST SPEED    23   HIGHEST GUST DIRECTION    NW (320)
  AVERAGE WIND SPEED     8.1


SKY COVER
  POSSIBLE SUNSHINE  MM
  AVERAGE SKY COVER 0.0


WEATHER CONDITIONS
 THE FOLLOWING WEATHER WAS RECORDED YESTERDAY.
  NO SIGNIFICANT WEATHER WAS OBSERVED.


RELATIVE HUMIDITY (PERCENT)
 HIGHEST    90          1100 AM
 LOWEST     48           400 PM
 AVERAGE    69

..........................................................


THE NORTH LITTLE ROCK CLIMATE NORMALS FOR TODAY
                         NORMAL    RECORD    YEAR
 MAXIMUM TEMPERATURE (F)   57        78      1996
                                             1981
 MINIMUM TEMPERATURE (F)   39        20      2003


SUNRISE AND SUNSET
FEBRUARY 25 2017......SUNRISE   643 AM CST   SUNSET   602 PM CST
FEBRUARY 26 2017......SUNRISE   642 AM CST   SUNSET   602 PM CST


-  INDICATES NEGATIVE NUMBERS.
R  INDICATES RECORD WAS SET OR TIED.
MM INDICATES DATA IS MISSING.
T  INDICATES TRACE AMOUNT.




$$
