000
CDUS46 KHNX 010020
CLIMAE


CLIMATE REPORT
NATIONAL WEATHER SERVICE SAN JOAQUIN VALLEY, CA
520 PM PDT TUE SEP 30 2014


...................................

...THE MADERA CA CLIMATE SUMMARY FOR SEPTEMBER 30 2014...
VALID AS OF 0500 PM LOCAL TIME.

CLIMATE NORMAL PERIOD 1981 TO 2010
CLIMATE RECORD PERIOD 1998 TO 2014


WEATHER ITEM   OBSERVED TIME   RECORD YEAR NORMAL DEPARTURE LAST
                VALUE   (LST)  VALUE       VALUE  FROM      YEAR
                                                  NORMAL
..................................................................
TEMPERATURE (F)
 TODAY
  MAXIMUM         85    316 PM 100    2010  86     -1       83
  MINIMUM         54    603 AM  46    2009  53      1       56
  AVERAGE         70                        69      1       70

PRECIPITATION (IN)
  TODAY            0.00          0.00   MM   0.01  -0.01     0.00
  MONTH TO DATE    0.03                      0.25  -0.22     0.27
  SINCE JUL 1      0.03                      0.29  -0.26     0.28
  SINCE JAN 1      3.64                      8.29  -4.65     3.80

SNOWFALL (IN)
  TODAY            0.0
  MONTH TO DATE    0.0
  SINCE SEP 1      0.0
  SINCE JUL 1      0.0
  SNOW DEPTH       0

DEGREE DAYS
 HEATING
  TODAY            0                                         0
  MONTH TO DATE    0                                         9
  SINCE SEP 1      0                                         9
  SINCE JUL 1      0                                         9

 COOLING
  TODAY            5                                         5
  MONTH TO DATE  344                                       237
  SINCE SEP 1    344                                       237
  SINCE JAN 1   2830                                      1679
..................................................................


WIND (MPH)
  HIGHEST WIND SPEED    12   HIGHEST WIND DIRECTION    NW (300)
  HIGHEST GUST SPEED    16   HIGHEST GUST DIRECTION    NW (310)
  AVERAGE WIND SPEED     3.9




RELATIVE HUMIDITY (PERCENT)
 HIGHEST    89
 LOWEST     29
 AVERAGE    59

..........................................................


THE MADERA CA CLIMATE NORMALS FOR TOMORROW
                         NORMAL    RECORD    YEAR
 MAXIMUM TEMPERATURE (F)   85        98      2001
 MINIMUM TEMPERATURE (F)   52        44      2009


SUNRISE AND SUNSET
SEPTEMBER 30 2014.....SUNRISE   655 AM PDT   SUNSET   645 PM PDT
OCTOBER  1 2014.......SUNRISE   656 AM PDT   SUNSET   644 PM PDT


-  INDICATES NEGATIVE NUMBERS.
R  INDICATES RECORD WAS SET OR TIED.
MM INDICATES DATA IS MISSING.
T  INDICATES TRACE AMOUNT.




$$
