000
CDUS46 KHNX 190823
CLIMAE


CLIMATE REPORT
NATIONAL WEATHER SERVICE SAN JOAQUIN VALLEY, CA
1222 AM PST FRI JAN 19 2018


...................................

...THE MADERA CA AIRPORT CLIMATE SUMMARY FOR JANUARY 18 2018...

CLIMATE NORMAL PERIOD 1981 TO 2010
CLIMATE RECORD PERIOD 1998 TO 2018


WEATHER ITEM   OBSERVED TIME   RECORD YEAR NORMAL DEPARTURE
                VALUE   (LST)  VALUE       VALUE  FROM
                                                  NORMAL
...............................................................
TEMPERATURE (F)
 YESTERDAY
  MAXIMUM         57    350 PM  69    2014  54      3
  MINIMUM         44   1200 AM  26    2012  37      7
  AVERAGE         51                        46      5

PRECIPITATION (IN)
  YESTERDAY        0.00          0.59 2017   0.06  -0.06
  MONTH TO DATE    0.90                      1.71  -0.81
  SINCE OCT 1      1.31                      5.44  -4.13
  SINCE JAN 1      0.90                      1.71  -0.81

SNOWFALL (IN)
  YESTERDAY        0.0
  MONTH TO DATE    0.0
  SINCE DEC 1      0.0
  SINCE JUL 1      0.0
  SNOW DEPTH       0

DEGREE DAYS
 HEATING
  YESTERDAY       14
  MONTH TO DATE  220
  SINCE DEC 1    779
  SINCE JUL 1   1106

 COOLING
  YESTERDAY        0
  MONTH TO DATE    0
  SINCE DEC 1      0
  SINCE JAN 1      0
...............................................................


WIND (MPH)
  HIGHEST WIND SPEED    10   HIGHEST WIND DIRECTION    SE (150)
  HIGHEST GUST SPEED    12   HIGHEST GUST DIRECTION    SE (150)
  AVERAGE WIND SPEED     4.3




RELATIVE HUMIDITY (PERCENT)
 HIGHEST   100
 LOWEST     77
 AVERAGE    89

..........................................................


THE MADERA CA AIRPORT CLIMATE NORMALS FOR TODAY
                         NORMAL    RECORD    YEAR
 MAXIMUM TEMPERATURE (F)   54        70      2014
 MINIMUM TEMPERATURE (F)   37        25      2007


SUNRISE AND SUNSET
JANUARY 19 2018.......SUNRISE   711 AM PST   SUNSET   512 PM PST
JANUARY 20 2018.......SUNRISE   711 AM PST   SUNSET   513 PM PST


-  INDICATES NEGATIVE NUMBERS.
R  INDICATES RECORD WAS SET OR TIED.
MM INDICATES DATA IS MISSING.
T  INDICATES TRACE AMOUNT.




$$
