000
CDUS46 KHNX 020822
CLIMAE


CLIMATE REPORT
NATIONAL WEATHER SERVICE SAN JOAQUIN VALLEY, CA
121 AM PDT TUE JUN 2 2015


...................................

...THE MADERA CA AIRPORT CLIMATE SUMMARY FOR JUNE 1 2015...

CLIMATE NORMAL PERIOD 1981 TO 2010
CLIMATE RECORD PERIOD 1998 TO 2015


WEATHER ITEM   OBSERVED TIME   RECORD YEAR NORMAL DEPARTURE
                VALUE   (LST)  VALUE       VALUE  FROM
                                                  NORMAL
...............................................................
TEMPERATURE (F)
 YESTERDAY
  MAXIMUM         86    328 PM 101    2012  87     -1
  MINIMUM         53    512 AM  50    2000  54     -1
  AVERAGE         70                        71     -1

PRECIPITATION (IN)
  YESTERDAY        0.00          0.06 2002   0.02  -0.02
  MONTH TO DATE    0.00                      0.02  -0.02
  SINCE OCT 1      5.71                     11.56  -5.85
  SINCE JAN 1      2.03                      7.83  -5.80

SNOWFALL (IN)
  YESTERDAY        0.0
  MONTH TO DATE    0.0
  SINCE JUN 1      0.0
  SINCE JUL 1      0.0
  SNOW DEPTH       0

DEGREE DAYS
 HEATING
  YESTERDAY        0
  MONTH TO DATE    0
  SINCE JUN 1      0
  SINCE JUL 1   1726

 COOLING
  YESTERDAY        5
  MONTH TO DATE    5
  SINCE JUN 1      5
  SINCE JAN 1    186
...............................................................


WIND (MPH)
  HIGHEST WIND SPEED    20   HIGHEST WIND DIRECTION    NW (310)
  HIGHEST GUST SPEED    25   HIGHEST GUST DIRECTION    NW (310)
  AVERAGE WIND SPEED     9.2




RELATIVE HUMIDITY (PERCENT)
 HIGHEST    77
 LOWEST     29
 AVERAGE    53

..........................................................


THE MADERA CA AIRPORT CLIMATE NORMALS FOR TODAY
                         NORMAL    RECORD    YEAR
 MAXIMUM TEMPERATURE (F)   87        99      2013
                                             2003
 MINIMUM TEMPERATURE (F)   55        44      2011


SUNRISE AND SUNSET
JUNE  2 2015..........SUNRISE   542 AM PDT   SUNSET   815 PM PDT
JUNE  3 2015..........SUNRISE   542 AM PDT   SUNSET   816 PM PDT


-  INDICATES NEGATIVE NUMBERS.
R  INDICATES RECORD WAS SET OR TIED.
MM INDICATES DATA IS MISSING.
T  INDICATES TRACE AMOUNT.




$$
