000
CDUS46 KHNX 280023
CLIMAE


CLIMATE REPORT
NATIONAL WEATHER SERVICE SAN JOAQUIN VALLEY, CA
523 PM PDT TUE SEP 27 2016


...................................

...THE MADERA CA CLIMATE SUMMARY FOR SEPTEMBER 27 2016...
VALID AS OF 0400 PM LOCAL TIME.

CLIMATE NORMAL PERIOD 1981 TO 2010
CLIMATE RECORD PERIOD 1998 TO 2016


WEATHER ITEM   OBSERVED TIME   RECORD YEAR NORMAL DEPARTURE LAST
                VALUE   (LST)  VALUE       VALUE  FROM      YEAR
                                                  NORMAL
..................................................................
TEMPERATURE (F)
 TODAY
  MAXIMUM         98    356 PM 102    2009  87     11       91
  MINIMUM         57    611 AM  43    2013  53      4       60
  AVERAGE         78                        70      8       76

PRECIPITATION (IN)
  TODAY            0.00          0.00   MM   0.01  -0.01     0.00
  MONTH TO DATE    T                         0.22  -0.22     0.17
  SINCE OCT 1     12.96                     11.99   0.97     6.00
  SINCE JAN 1      8.40                      8.26   0.14     2.32

SNOWFALL (IN)
  TODAY            0.0
  MONTH TO DATE    0.0
  SINCE SEP 1      0.0
  SINCE JUL 1      0.0
  SNOW DEPTH       0

DEGREE DAYS
 HEATING
  TODAY            0                                         0
  MONTH TO DATE    3                                         0
  SINCE SEP 1      3                                         0
  SINCE JUL 1      3                                         0

 COOLING
  TODAY           13                                        11
  MONTH TO DATE  237                                       314
  SINCE SEP 1    237                                       314
  SINCE JAN 1   1732                                      1872
..................................................................


WIND (MPH)
  HIGHEST WIND SPEED    10   HIGHEST WIND DIRECTION    SE (130)
  HIGHEST GUST SPEED    12   HIGHEST GUST DIRECTION    SE (130)
  AVERAGE WIND SPEED     2.9




RELATIVE HUMIDITY (PERCENT)
 HIGHEST    67
 LOWEST     10
 AVERAGE    39

..........................................................


THE MADERA CA CLIMATE NORMALS FOR TOMORROW
                         NORMAL    RECORD    YEAR
 MAXIMUM TEMPERATURE (F)   86       101      2010
 MINIMUM TEMPERATURE (F)   53        46      2013


SUNRISE AND SUNSET
SEPTEMBER 27 2016.....SUNRISE   653 AM PDT   SUNSET   649 PM PDT
SEPTEMBER 28 2016.....SUNRISE   654 AM PDT   SUNSET   647 PM PDT


-  INDICATES NEGATIVE NUMBERS.
R  INDICATES RECORD WAS SET OR TIED.
MM INDICATES DATA IS MISSING.
T  INDICATES TRACE AMOUNT.




$$
