000
CDUS46 KHNX 280821
CLIMAE


CLIMATE REPORT
NATIONAL WEATHER SERVICE SAN JOAQUIN VALLEY, CA
1221 AM PST WED JAN 28 2015


...................................

...THE MADERA CA AIRPORT CLIMATE SUMMARY FOR JANUARY 27 2015...

CLIMATE NORMAL PERIOD 1981 TO 2010
CLIMATE RECORD PERIOD 1998 TO 2015


WEATHER ITEM   OBSERVED TIME   RECORD YEAR NORMAL DEPARTURE
                VALUE   (LST)  VALUE       VALUE  FROM
                                                  NORMAL
...............................................................
TEMPERATURE (F)
 YESTERDAY
  MAXIMUM         66    351 PM  69    2014  56     10
  MINIMUM         48   1159 PM  30    2009  38     10
  AVERAGE         57                        47     10

PRECIPITATION (IN)
  YESTERDAY        0.03          0.26 2008   0.04  -0.01
  MONTH TO DATE    0.03                      2.25  -2.22
  SINCE OCT 1      3.71                      5.98  -2.27
  SINCE JAN 1      0.03                      2.25  -2.22

SNOWFALL (IN)
  YESTERDAY        0.0
  MONTH TO DATE    0.0
  SINCE DEC 1      0.0
  SINCE JUL 1      0.0
  SNOW DEPTH       0

DEGREE DAYS
 HEATING
  YESTERDAY        8
  MONTH TO DATE  434
  SINCE DEC 1    822
  SINCE JUL 1   1138

 COOLING
  YESTERDAY        0
  MONTH TO DATE    0
  SINCE DEC 1      1
  SINCE JAN 1      0
...............................................................


WIND (MPH)
  HIGHEST WIND SPEED    12   HIGHEST WIND DIRECTION     E (90)
  HIGHEST GUST SPEED    28   HIGHEST GUST DIRECTION    NE (40)
  AVERAGE WIND SPEED     4.5




RELATIVE HUMIDITY (PERCENT)
 HIGHEST    89
 LOWEST     63
 AVERAGE    76

..........................................................


THE MADERA CA AIRPORT CLIMATE NORMALS FOR TODAY
                         NORMAL    RECORD    YEAR
 MAXIMUM TEMPERATURE (F)   56        70      2014
 MINIMUM TEMPERATURE (F)   38        29      2013
                                             1999


SUNRISE AND SUNSET
JANUARY 28 2015.......SUNRISE   706 AM PST   SUNSET   521 PM PST
JANUARY 29 2015.......SUNRISE   705 AM PST   SUNSET   522 PM PST


-  INDICATES NEGATIVE NUMBERS.
R  INDICATES RECORD WAS SET OR TIED.
MM INDICATES DATA IS MISSING.
T  INDICATES TRACE AMOUNT.




$$
