000
CDUS46 KHNX 210823
CLIMAE


CLIMATE REPORT
NATIONAL WEATHER SERVICE SAN JOAQUIN VALLEY, CA
123 AM PDT THU SEP 21 2017


...................................

...THE MADERA CA AIRPORT CLIMATE SUMMARY FOR SEPTEMBER 20 2017...

CLIMATE NORMAL PERIOD 1981 TO 2010
CLIMATE RECORD PERIOD 1998 TO 2017


WEATHER ITEM   OBSERVED TIME   RECORD YEAR NORMAL DEPARTURE
                VALUE   (LST)  VALUE       VALUE  FROM
                                                  NORMAL
...............................................................
TEMPERATURE (F)
 YESTERDAY
  MAXIMUM         83        MM 102    2000  89     -6
  MINIMUM         51        MM  44    2007  55     -4
  AVERAGE         67                        72     -5

PRECIPITATION (IN)
  YESTERDAY        0.00          0.09 2005   0.01  -0.01
  MONTH TO DATE    0.08                      0.14  -0.06
  SINCE OCT 1     14.26                     11.91   2.35
  SINCE JAN 1     10.19                      8.18   2.01

SNOWFALL (IN)
  YESTERDAY        0.0
  MONTH TO DATE    0.0
  SINCE SEP 1      0.0
  SINCE JUL 1      0.0
  SNOW DEPTH       0

DEGREE DAYS
 HEATING
  YESTERDAY        0
  MONTH TO DATE    0
  SINCE SEP 1      0
  SINCE JUL 1      0

 COOLING
  YESTERDAY        2
  MONTH TO DATE  283
  SINCE SEP 1    283
  SINCE JAN 1   1954
...............................................................


WIND (MPH)
  HIGHEST WIND SPEED    20   HIGHEST WIND DIRECTION     N (340)
  HIGHEST GUST SPEED    MM   HIGHEST GUST DIRECTION    MM
  AVERAGE WIND SPEED     8.2




RELATIVE HUMIDITY (PERCENT)
 HIGHEST    89
 LOWEST     34
 AVERAGE    62

..........................................................


THE MADERA CA AIRPORT CLIMATE NORMALS FOR TODAY
                         NORMAL    RECORD    YEAR
 MAXIMUM TEMPERATURE (F)   89       103      2015
 MINIMUM TEMPERATURE (F)   55        46      2004


SUNRISE AND SUNSET
SEPTEMBER 21 2017.....SUNRISE   648 AM PDT   SUNSET   658 PM PDT
SEPTEMBER 22 2017.....SUNRISE   649 AM PDT   SUNSET   657 PM PDT


-  INDICATES NEGATIVE NUMBERS.
R  INDICATES RECORD WAS SET OR TIED.
MM INDICATES DATA IS MISSING.
T  INDICATES TRACE AMOUNT.




$$
