000
CDUS46 KHNX 210831
CLIMAE


CLIMATE REPORT
NATIONAL WEATHER SERVICE SAN JOAQUIN VALLEY, CA
1227 AM PST TUE FEB 21 2017


...................................

...THE MADERA CA AIRPORT CLIMATE SUMMARY FOR FEBRUARY 20 2017...

CLIMATE NORMAL PERIOD 1981 TO 2010
CLIMATE RECORD PERIOD 1998 TO 2017


WEATHER ITEM   OBSERVED TIME   RECORD YEAR NORMAL DEPARTURE
                VALUE   (LST)  VALUE       VALUE  FROM
                                                  NORMAL
...............................................................
TEMPERATURE (F)
 YESTERDAY
  MAXIMUM         66    250 PM  69    2000  63      3
  MINIMUM         52    150 AM  30    2006  41     11
  AVERAGE         59                        52      7

PRECIPITATION (IN)
  YESTERDAY        0.51R         0.34 2008   0.09   0.42
  MONTH TO DATE    3.77                      1.43   2.34
  SINCE OCT 1     13.01                      7.61   5.40
  SINCE JAN 1      8.94                      3.88   5.06

SNOWFALL (IN)
  YESTERDAY        0.0
  MONTH TO DATE    0.0
  SINCE DEC 1      0.0
  SINCE JUL 1      0.0
  SNOW DEPTH       0

DEGREE DAYS
 HEATING
  YESTERDAY        6
  MONTH TO DATE  173
  SINCE DEC 1   1236
  SINCE JUL 1   1544

 COOLING
  YESTERDAY        0
  MONTH TO DATE    0
  SINCE DEC 1      0
  SINCE JAN 1      0
...............................................................


WIND (MPH)
  HIGHEST WIND SPEED    29   HIGHEST WIND DIRECTION    SE (150)
  HIGHEST GUST SPEED    38   HIGHEST GUST DIRECTION    SE (150)
  AVERAGE WIND SPEED    18.5




RELATIVE HUMIDITY (PERCENT)
 HIGHEST   100
 LOWEST     56
 AVERAGE    78

..........................................................


THE MADERA CA AIRPORT CLIMATE NORMALS FOR TODAY
                         NORMAL    RECORD    YEAR
 MAXIMUM TEMPERATURE (F)   63        70      2014
                                             2002
 MINIMUM TEMPERATURE (F)   41        31      2006


SUNRISE AND SUNSET
FEBRUARY 21 2017......SUNRISE   641 AM PST   SUNSET   547 PM PST
FEBRUARY 22 2017......SUNRISE   640 AM PST   SUNSET   548 PM PST


-  INDICATES NEGATIVE NUMBERS.
R  INDICATES RECORD WAS SET OR TIED.
MM INDICATES DATA IS MISSING.
T  INDICATES TRACE AMOUNT.




$$
